701
CXUS53 KFGF 200915
CF6GFK
PRELIMINARY LOCAL CLIMATOLOGICAL DATA (WS FORM: F-6)

                                          STATION:   GRAND FORKS INTL AP ND
                                          MONTH:     JANUARY
                                          YEAR:      2018
                                          LATITUDE:   47 57 N
                                          LONGITUDE:  97 11 W

  TEMPERATURE IN F:       :PCPN:    SNOW:  WIND      :SUNSHINE: SKY     :PK WND
================================================================================
1   2   3   4   5  6A  6B    7    8   9   10  11  12  13   14  15   16   17  18
                                     12Z  AVG MX 2MIN
DY MAX MIN AVG DEP HDD CDD  WTR  SNW DPTH SPD SPD DIR MIN PSBL S-S WX    SPD DR
================================================================================

 1  -3 -16  -9 -16  74   0 0.00  0.0    5  8.0 15 210   M    M   1        17 220
 2  14  -9   3  -4  62   0    T  0.1    5 18.3 32 350   M    M   7 189    42 350
 3  -1 -11  -6 -13  71   0 0.00  0.0    5  8.2 22 340   M    M   7        26 340
 4   4 -13  -4 -11  69   0    T    T    5  4.8  9  50   M    M   8 8      11  60
 5  -3 -19 -11 -18  76   0 0.00  0.0    5  5.1  8 140   M    M   2        10 140
 6  20 -10   5  -2  60   0 0.01    T    4 21.5 37 180   M    M   9 189    48 180
 7  35  18  27  20  38   0 0.00  0.0    4 12.3 22 260   M    M   6        30 260
 8  31  19  25  19  40   0 0.00  0.0    4  7.3 18 300   M    M   5        27 300
 9  33  22  28  22  37   0 0.00  0.0    4  9.9 15 180   M    M   8        19 180
10  32  -1  16  10  49   0 0.27  4.6    4 21.3 37 350   M    M   7 19     47 350
11   0 -17  -8 -14  73   0 0.09  2.7    8 22.2 39 340   M    M   8 129    53 350
12  -2 -20 -11 -17  76   0 0.00  0.0    8  9.1 17 310   M    M   0        22 310
13  -5 -25 -15 -21  80   0 0.00  0.0    8  7.5 14 180   M    M   1        16 180
14  14  -9   3  -3  62   0 0.11  1.9    8 22.9 36 340   M    M  10 129    44 340
15  -5 -13  -9 -15  74   0 0.02    T   10 24.2 33 350   M    M   9 189    42 350
16   6 -18  -6 -12  71   0 0.00  0.0   10 11.8 20 190   M    M   4        24 200
17  36   3  20  14  45   0 0.00  0.0    9 13.2 21 250   M    M   1        28 190
18  36  18  27  21  38   0 0.00  0.0    9  9.9 22 240   M    M   6 18     28 240
19  41  27  34  28  31   0 0.00  0.0    8  8.4 16 290   M    M   6        22 290
================================================================================
SM  283  -74      1126   0  0.50     9.3 245.9          M      105
================================================================================
AV 14.9 -3.9                              12.9 FASTST   M    M   6    MAX(MPH)
                                 MISC ---->  # 39 340               # 53  350
================================================================================
NOTES:
# LAST OF SEVERAL OCCURRENCES

COLUMN 17 PEAK WIND IN M.P.H.

PRELIMINARY LOCAL CLIMATOLOGICAL DATA (WS FORM: F-6) , PAGE 2

                                          STATION:  GRAND FORKS INTL AP ND
                                          MONTH:    JANUARY
                                          YEAR:     2018
                                          LATITUDE:   47 57 N
                                          LONGITUDE:  97 11 W

[TEMPERATURE DATA]      [PRECIPITATION DATA]       SYMBOLS USED IN COLUMN 16

AVERAGE MONTHLY:  5.5   TOTAL FOR MONTH:   0.50    1 = FOG OR MIST
DPTR FM NORMAL:  -0.9   DPTR FM NORMAL:    0.15    2 = FOG REDUCING VISIBILITY
HIGHEST:    41 ON 19    GRTST 24HR  0.27 ON 10-10      TO 1/4 MILE OR LESS
LOWEST:    -25 ON 13                               3 = THUNDER
                        SNOW, ICE PELLETS, HAIL    4 = ICE PELLETS
                        TOTAL MONTH:   9.3 INCHES  5 = HAIL
                        GRTST 24HR   4.6 ON   M    6 = FREEZING RAIN OR DRIZZLE
                        GRTST DEPTH:  10 ON 16,15  7 = DUSTSTORM OR SANDSTORM:
                                                       VSBY 1/2 MILE OR LESS
                                                   8 = SMOKE OR HAZE
[NO. OF DAYS WITH]      [WEATHER - DAYS WITH]      9 = BLOWING SNOW
                                                   X = TORNADO
MAX 32 OR BELOW:  14    0.01 INCH OR MORE:   5
MAX 90 OR ABOVE:   0    0.10 INCH OR MORE:   2
MIN 32 OR BELOW:  19    0.50 INCH OR MORE:   0
MIN  0 OR BELOW:  13    1.00 INCH OR MORE:   0

[HDD (BASE 65) ]
TOTAL THIS MO.  1126    CLEAR  (SCALE 0-3)   5
DPTR FM NORMAL    13    PTCLDY (SCALE 4-7)  11
TOTAL FM JUL 1  4766    CLOUDY (SCALE 8-10)  3
DPTR FM NORMAL  -206

[CDD (BASE 65) ]
TOTAL THIS MO.     0
DPTR FM NORMAL     0    [PRESSURE DATA]
TOTAL FM JAN 1     0    HIGHEST SLP M ON M
DPTR FM NORMAL     0    LOWEST  SLP 29.39 ON 10

[REMARKS]
