336
CXUS54 KSHV 231300
CF6GGG
PRELIMINARY LOCAL CLIMATOLOGICAL DATA (WS FORM: F-6)

                                          STATION:   LONGVIEW
                                          MONTH:     MAY
                                          YEAR:      2017
                                          LATITUDE:   32 22 N
                                          LONGITUDE:  94 43 W

  TEMPERATURE IN F:       :PCPN:    SNOW:  WIND      :SUNSHINE: SKY     :PK WND
================================================================================
1   2   3   4   5  6A  6B    7    8   9   10  11  12  13   14  15   16   17  18
                                     12Z  AVG MX 2MIN
DY MAX MIN AVG DEP HDD CDD  WTR  SNW DPTH SPD SPD DIR MIN PSBL S-S WX    SPD DR
================================================================================

 1  81  48  65  -4   0   0 0.00  0.0    0  6.8 16 250   M    M   0        19 230
 2  86  56  71   2   0   6 0.00  0.0    0  6.5 17 190   M    M   0        24 190
 3  85  56  71   1   0   6 0.50  0.0    0 12.8 25 330   M    M   6 13     33 350
 4  71  51  61  -9   4   0 0.00  0.0    0 14.7 29 330   M    M   2        38 320
 5  77  49  63  -7   2   0 0.00  0.0    0  8.7 22 320   M    M   0        29 320
 6  82  47  65  -5   0   0 0.00  0.0    0  3.3 15 340   M    M   0        19 340
 7  84  53  69  -2   0   4 0.00  0.0    0  5.5 14 120   M    M   0        18 140
 8  83  57  70  -1   0   5 0.00  0.0    0  7.9 18 170   M    M   0        22 170
 9  84  58  71   0   0   6    T  0.0    0  5.7 14 190   M    M   3        17 210
10  84  65  75   3   0  10 0.00  0.0    0  9.6 16 170   M    M   4 38     22 150
11  84  65  75   3   0  10 0.52  0.0    0  9.5 18 170   M    M   6 13     26 150
12  79  61  70  -2   0   5 0.01  0.0    0 10.6 22 340   M    M   5 1      27 340
13  81  57  69  -3   0   4 0.00  0.0    0  4.9 13  70   M    M   1        17  20
14  85  56  71  -2   0   6 0.00  0.0    0  4.1  9 140   M    M   1        13  80
15  86  63  75   2   0  10 0.00  0.0    0  7.6 15 160   M    M   0        20 160
16  86  62  74   1   0   9 0.00  0.0    0 12.0 21 160   M    M   2        27 160
17  82  70  76   3   0  11 0.01  0.0    0 10.5 22 190   M    M   8 18     30 180
18  88  74  81   7   0  16    T  0.0    0 11.0 22 160   M    M   8 18     28 140
19  90  73  82   8   0  17    T  0.0    0 12.8 21 160   M    M   4        30 170
20  85  67  76   2   0  11 1.71  0.0    0  7.9 25 300   M    M   4 13     33 300
21  71  61  66  -8   0   1 0.68  0.0    0  5.7 17 220   M    M   6 13     22 220
22  65  62  64 -10   1   0 0.28  0.0    0  6.2 15 120   M    M   9 1      19 130
================================================================================
SM 1799 1311         7 137  3.71     0.0 184.3          M       69
================================================================================
AV 81.8 59.6                               8.4 FASTST   M    M   3    MAX(MPH)
                                 MISC ---->  # 29 330               # 38  320
================================================================================
NOTES:
# LAST OF SEVERAL OCCURRENCES

COLUMN 17 PEAK WIND IN M.P.H.

PRELIMINARY LOCAL CLIMATOLOGICAL DATA (WS FORM: F-6) , PAGE 2

                                          STATION:  LONGVIEW
                                          MONTH:    MAY
                                          YEAR:     2017
                                          LATITUDE:   32 22 N
                                          LONGITUDE:  94 43 W

[TEMPERATURE DATA]      [PRECIPITATION DATA]       SYMBOLS USED IN COLUMN 16

AVERAGE MONTHLY: 70.7   TOTAL FOR MONTH:   3.71    1 = FOG OR MIST
DPTR FM NORMAL:  -1.2   DPTR FM NORMAL:    0.35    2 = FOG REDUCING VISIBILITY
HIGHEST:    90 ON 19    GRTST 24HR  1.71 ON 20-20      TO 1/4 MILE OR LESS
LOWEST:     47 ON  6                               3 = THUNDER
                        SNOW, ICE PELLETS, HAIL    4 = ICE PELLETS
                        TOTAL MONTH:   0.0 INCH    5 = HAIL
                        GRTST 24HR     0.0         6 = FREEZING RAIN OR DRIZZLE
                        GRTST DEPTH:   0           7 = DUSTSTORM OR SANDSTORM:
                                                       VSBY 1/2 MILE OR LESS
                                                   8 = SMOKE OR HAZE
[NO. OF DAYS WITH]      [WEATHER - DAYS WITH]      9 = BLOWING SNOW
                                                   X = TORNADO
MAX 32 OR BELOW:   0    0.01 INCH OR MORE:   7
MAX 90 OR ABOVE:   1    0.10 INCH OR MORE:   5
MIN 32 OR BELOW:   0    0.50 INCH OR MORE:   4
MIN  0 OR BELOW:   0    1.00 INCH OR MORE:   1

[HDD (BASE 65) ]
TOTAL THIS MO.     7    CLEAR  (SCALE 0-3)  12
DPTR FM NORMAL    -1    PTCLDY (SCALE 4-7)   9
TOTAL FM JUL 1  1291    CLOUDY (SCALE 8-10)  1
DPTR FM NORMAL  -966

[CDD (BASE 65) ]
TOTAL THIS MO.   137
DPTR FM NORMAL   -23    [PRESSURE DATA]
TOTAL FM JAN 1   446    HIGHEST SLP M ON M
DPTR FM NORMAL   163    LOWEST  SLP 29.61 ON  3

[REMARKS]
