000
CXUS54 KFWD 210730
CF6GKY
PRELIMINARY LOCAL CLIMATOLOGICAL DATA (WS FORM: F-6)

                                          STATION:   ARLINGTON
                                          MONTH:     JANUARY
                                          YEAR:      2018
                                          LATITUDE:   32 39 N
                                          LONGITUDE:  97  6 W

  TEMPERATURE IN F:       :PCPN:    SNOW:  WIND      :SUNSHINE: SKY     :PK WND
================================================================================
1   2   3   4   5  6A  6B    7    8   9   10  11  12  13   14  15   16   17  18
                                     12Z  AVG MX 2MIN
DY MAX MIN AVG DEP HDD CDD  WTR  SNW DPTH SPD SPD DIR MIN PSBL S-S WX    SPD DR
================================================================================

 1  28  16  22 -24  43   0 0.00  0.0    0 10.5 20 360   M    M   0        23 360
 2  26  19  23 -23  42   0 0.00  0.0    0  7.2 14 330   M    M   9        17 320
 3  49  13  31 -15  34   0 0.00  0.0    0  5.2 15 340   M    M   0        19 330
 4  50  19  35 -11  30   0 0.00  0.0    0  2.2  8  40   M    M   0        12 100
 5  62  24  43  -3  22   0 0.00  0.0    0  5.6 14 160   M    M   0        18 150
 6  63  37  50   4  15   0 0.00  0.0    0  9.4 20 150   M    M   3        26 150
 7  62  51  57  11   8   0 0.06  0.0    0 11.9 22 150   M    M   9 13     29 160
 8  60  34  47   1  18   0 0.00  0.0    0  9.6 21 330   M    M   0        27 330
 9  56  29  43  -3  22   0 0.00  0.0    0  6.2 16 100   M    M   4 12     18 140
10  62  44  53   7  12   0 0.00  0.0    0 13.5 23 140   M    M   7 1      31 150
11  61  30  46   0  19   0    T    T    0 18.7 35 310   M    M   4        44 320
12  44  22  33 -13  32   0 0.00  0.0    0 13.3 28 330   M    M   0        36 320
13  46  24  35 -11  30   0 0.00  0.0    0  7.6 16 350   M    M   0        20 350
14  55  23  39  -7  26   0 0.00  0.0    0  6.8 16 160   M    M   0        23 140
15  57  28  43  -3  22   0    T    M    0 12.3 31 360   M    M   5        40 360
16  29  18  24 -22  41   0    T    M    0 15.9 26 340   M    M   5        32 340
17  35   6  21 -25  44   0 0.00  0.0    0  3.0 12 360   M    M   0        14  10
18  44  10  27 -19  38   0 0.00  0.0    0  5.8 15 150   M    M   2        19 170
19  55  33  44  -3  21   0 0.00  0.0    0 12.2 21 170   M    M  10 1      29 160
20  71  51  61  14   4   0 0.00  0.0    0 15.2 24 160   M    M   5 1      33 160
================================================================================
SM 1015  531       523   0  0.06    T    192.1          M       63
================================================================================
AV 50.8 26.6                               9.6 FASTST   M    M   3    MAX(MPH)
                                 MISC ---->  # 35 310               # 44  320
================================================================================
NOTES:
# LAST OF SEVERAL OCCURRENCES

COLUMN 17 PEAK WIND IN M.P.H.

PRELIMINARY LOCAL CLIMATOLOGICAL DATA (WS FORM: F-6) , PAGE 2

                                          STATION:  ARLINGTON
                                          MONTH:    JANUARY
                                          YEAR:     2018
                                          LATITUDE:   32 39 N
                                          LONGITUDE:  97  6 W

[TEMPERATURE DATA]      [PRECIPITATION DATA]       SYMBOLS USED IN COLUMN 16

AVERAGE MONTHLY: 38.7   TOTAL FOR MONTH:   0.06    1 = FOG OR MIST
DPTR FM NORMAL:  -7.4   DPTR FM NORMAL:   -1.15    2 = FOG REDUCING VISIBILITY
HIGHEST:    71 ON 20    GRTST 24HR  0.06 ON  7- 7      TO 1/4 MILE OR LESS
LOWEST:      6 ON 17                               3 = THUNDER
                        SNOW, ICE PELLETS, HAIL    4 = ICE PELLETS
                        TOTAL MONTH:    T          5 = HAIL
                        GRTST 24HR    T  ON 11-11  6 = FREEZING RAIN OR DRIZZLE
                        GRTST DEPTH:   0           7 = DUSTSTORM OR SANDSTORM:
                                                       VSBY 1/2 MILE OR LESS
                                                   8 = SMOKE OR HAZE
[NO. OF DAYS WITH]      [WEATHER - DAYS WITH]      9 = BLOWING SNOW
                                                   X = TORNADO
MAX 32 OR BELOW:   3    0.01 INCH OR MORE:   1
MAX 90 OR ABOVE:   0    0.10 INCH OR MORE:   0
MIN 32 OR BELOW:  14    0.50 INCH OR MORE:   0
MIN  0 OR BELOW:   0    1.00 INCH OR MORE:   0

[HDD (BASE 65) ]
TOTAL THIS MO.   523    CLEAR  (SCALE 0-3)  11
DPTR FM NORMAL   145    PTCLDY (SCALE 4-7)   6
TOTAL FM JUL 1  1396    CLOUDY (SCALE 8-10)  3
DPTR FM NORMAL   115

[CDD (BASE 65) ]
TOTAL THIS MO.     0
DPTR FM NORMAL     0    [PRESSURE DATA]
TOTAL FM JAN 1     0    HIGHEST SLP M ON M
DPTR FM NORMAL     0    LOWEST  SLP 29.64 ON 11

[REMARKS]
