000
CXUS54 KFWD 310730
CF6GKY
PRELIMINARY LOCAL CLIMATOLOGICAL DATA (WS FORM: F-6)

                                          STATION:   ARLINGTON
                                          MONTH:     MAY
                                          YEAR:      2016
                                          LATITUDE:   32 39 N
                                          LONGITUDE:  97  6 W

  TEMPERATURE IN F:       :PCPN:    SNOW:  WIND      :SUNSHINE: SKY     :PK WND
================================================================================
1   2   3   4   5  6A  6B    7    8   9   10  11  12  13   14  15   16   17  18
                                     12Z  AVG MX 2MIN
DY MAX MIN AVG DEP HDD CDD  WTR  SNW DPTH SPD SPD DIR MIN PSBL S-S WX    SPD DR
================================================================================

 1  77  59  68  -1   0   3 0.00  0.0    0 13.3 22 320   M    M   2        27  20
 2  68  51  60 -10   5   0 0.53  0.0    0 11.9 23 310   M    M   7 13     29 320
 3  76  48  62  -8   3   0 0.00  0.0    0  4.2 15 320   M    M   0        21  10
 4  84  53  69  -1   0   4 0.00  0.0    0  6.5 20 320   M    M   0        26 320
 5  85  54  70   0   0   5 0.00  0.0    0  3.8 14 340   M    M   0        19  30
 6  85  52  69  -2   0   4 0.00  0.0    0  4.4 13 110   M    M   0        17 180
 7  86  54  70  -1   0   5 0.00  0.0    0 10.6 24 140   M    M   0        32 150
 8  77  70  74   3   0   9 0.06  0.0    0 13.7 29 150   M    M   7 3      39 130
 9  91  69  80   8   0  15 0.07  0.0    0 12.6 22 180   M    M   5 3      31 220
10  94  74  84  12   0  19 0.01  0.0    0 14.3 30 130   M    M   1 3      41 130
11  89  68  79   7   0  14 0.38  0.0    0 11.5 31 140   M    M   1 3      42 120
12  86  68  77   5   0  12 0.04  0.0    0  8.4 24 300   M    M   1 3      36 240
13  86  59  73   0   0   8 0.00  0.0    0  4.8 14 100   M    M   0        19 120
14  78  65  72  -1   0   7 0.54  0.0    0 11.5 24 350   M    M   2 3      31 360
15  77  62  70  -3   0   5    T  0.0    0  8.4 15 100   M    M   9        17 100
16  81  67  74   0   0   9 0.02  0.0    0 11.1 21 150   M    M   9        27 150
17  86  65  76   2   0  11 0.05  0.0    0 12.9 33 350   M    M   6        42 350
18  67  59  63 -11   2   0 0.02  0.0    0 10.8 22 310   M    M  10 3      28 310
19  73  61  67  -7   0   2 0.79  0.0    0  7.5 25 100   M    M   9 138    29 110
20  83  63  73  -2   0   8 0.00  0.0    0  4.3 12 120   M    M   5 1      14 120
21  86  61  74  -1   0   9 0.00  0.0    0  6.3 14 120   M    M   4 18     17 120
22  88  70  79   4   0  14 0.00  0.0    0  9.2 18 120   M    M   6        25 140
23  84  72  78   2   0  13    T  0.0    0 11.6 20 150   M    M   8        26 130
24  89  76  83   7   0  18    T  0.0    0 11.5 21 160   M    M   9 8      29 160
25  88  79  84   8   0  19 0.00  0.0    0 13.4 22 160   M    M  10        30 150
26  82  68  75  -1   0  10 0.52  0.0    0 13.8 28 130   M    M   5 3      36 230
27  84  67  76  -1   0  11 0.73  0.0    0 11.3 22 130   M    M   4 138    32 220
28  91  68  80   3   0  15 0.00  0.0    0  7.7 15 150   M    M   6 1      19 140
29  92  68  80   3   0  15 0.55  0.0    0  6.8 28 300   M    M   3 13     34 300
30  87  70  79   1   0  14 0.78  0.0    0  6.8 28 150   M    M   3 3      36 150
================================================================================
SM 2500 1920        10 278  5.09     0.0 284.9          M      132
================================================================================
AV 83.3 64.0                               9.5 FASTST   M    M   4    MAX(MPH)
                                 MISC ---->  # 33 350               # 42  120
================================================================================
NOTES:
# LAST OF SEVERAL OCCURRENCES

COLUMN 17 PEAK WIND IN M.P.H.

PRELIMINARY LOCAL CLIMATOLOGICAL DATA (WS FORM: F-6) , PAGE 2

                                          STATION:  ARLINGTON
                                          MONTH:    MAY
                                          YEAR:     2016
                                          LATITUDE:   32 39 N
                                          LONGITUDE:  97  6 W

[TEMPERATURE DATA]      [PRECIPITATION DATA]       SYMBOLS USED IN COLUMN 16

AVERAGE MONTHLY: 73.7   TOTAL FOR MONTH:   5.09    1 = FOG OR MIST
DPTR FM NORMAL:   0.2   DPTR FM NORMAL:    0.73    2 = FOG REDUCING VISIBILITY
HIGHEST:    94 ON 10    GRTST 24HR  1.32 ON 29-30      TO 1/4 MILE OR LESS
LOWEST:     48 ON  3                               3 = THUNDER
                        SNOW, ICE PELLETS, HAIL    4 = ICE PELLETS
                        TOTAL MONTH:   0.0 INCH    5 = HAIL
                        GRTST 24HR     0.0         6 = FREEZING RAIN OR DRIZZLE
                        GRTST DEPTH:   0           7 = DUSTSTORM OR SANDSTORM:
                                                       VSBY 1/2 MILE OR LESS
                                                   8 = SMOKE OR HAZE
[NO. OF DAYS WITH]      [WEATHER - DAYS WITH]      9 = BLOWING SNOW
                                                   X = TORNADO
MAX 32 OR BELOW:   0    0.01 INCH OR MORE:  15
MAX 90 OR ABOVE:   4    0.10 INCH OR MORE:   8
MIN 32 OR BELOW:   0    0.50 INCH OR MORE:   7
MIN  0 OR BELOW:   0    1.00 INCH OR MORE:   0

[HDD (BASE 65) ]
TOTAL THIS MO.    10    CLEAR  (SCALE 0-3)  12
DPTR FM NORMAL     5    PTCLDY (SCALE 4-7)  12
TOTAL FM JUL 1  1550    CLOUDY (SCALE 8-10)  6
DPTR FM NORMAL  -679

[CDD (BASE 65) ]
TOTAL THIS MO.   278
DPTR FM NORMAL    19    [PRESSURE DATA]
TOTAL FM JAN 1   451    HIGHEST SLP M ON M
DPTR FM NORMAL    54    LOWEST  SLP 29.57 ON  9

[REMARKS]
