000
CXUS54 KFWD 010730
CF6GKY
PRELIMINARY LOCAL CLIMATOLOGICAL DATA (WS FORM: F-6)

                                          STATION:   ARLINGTON
                                          MONTH:     JULY
                                          YEAR:      2014
                                          LATITUDE:   32 39 N
                                          LONGITUDE:  97  6 W

  TEMPERATURE IN F:       :PCPN:    SNOW:  WIND      :SUNSHINE: SKY     :PK WND
================================================================================
1   2   3   4   5  6A  6B    7    8   9   10  11  12  13   14  15   16   17  18
                                     12Z  AVG MX 2MIN
DY MAX MIN AVG DEP HDD CDD  WTR  SNW DPTH SPD SPD DIR MIN PSBL S-S WX    SPD DR
================================================================================

 1  93  73  83   0   0  18 0.00  0.0    0  8.1 22 140   M    M   1        26 150
 2  94  73  84   1   0  19 0.00  0.0    0  5.5 14  10   M    M   1        18 340
 3  87  73  80  -3   0  15    T  0.0    0  7.0 22 360   M    M   2        28 360
 4  92  71  82  -1   0  17 0.00  0.0    0  6.1 15 130   M    M   0         M  M
 5  93  73  83   0   0  18 0.00  0.0    0  7.3 15 130   M    M   2        21 160
 6  94  72  83   0   0  18 0.00  0.0    0  7.3 15 160   M    M   0        21 140
 7  97  74  86   2   0  21 0.00  0.0    0  8.9 17 160   M    M   1         M  M
 8  97  75  86   2   0  21 0.00  0.0    0  8.0 16 150   M    M   0        20 160
 9  97  74  86   2   0  21 0.01  0.0    0  6.6 17 150   M    M   1        24 150
10  96  73  85   1   0  20 0.00  0.0    0  9.3 18 160   M    M   0        23 140
11  95  72  84   0   0  19 0.00  0.0    0  9.2 20 150   M    M   0        29 140
12  98  70  84   0   0  19 0.00  0.0    0  6.7 17 160   M    M   0        22 170
13  99  73  86   2   0  21 0.00  0.0    0  5.6 13 150   M    M   0        30 160
14 102  75  89   5   0  24 0.36  0.0    0  6.6 26 290   M    M   2 3      38 290
15  93  74  84   0   0  19 0.00  0.0    0  8.2 18  30   M    M   1        24  30
16  91  71  81  -3   0  16 0.35  0.0    0  8.1 25 150   M    M   3 13     35 160
17  79  69  74 -10   0   9 0.59  0.0    0  8.1 17 190   M    M   9 18     24 160
18  77  66  72 -12   0   7 0.00  0.0    0  8.4 14  10   M    M  10 1      17 360
19  78  66  72 -12   0   7 0.00  0.0    0  3.9  9  90   M    M   8        15 130
20  92  65  79  -5   0  14 0.00  0.0    0  6.3 13 110   M    M   2        17 150
21  97  76  87   3   0  22 0.00  0.0    0  6.5 14 110   M    M   3 18     18 100
22  97  77  87   2   0  22 0.00  0.0    0  5.3 14  80   M    M   1 18     21 110
23  96  71  84  -1   0  19    T  0.0    0  4.4 26  90   M    M   0 18     35 100
24  96  74  85   0   0  20 0.00  0.0    0  4.8 12  20   M    M   0        25  90
25  99  70  85   0   0  20 0.00  0.0    0  5.8 14 150   M    M   0        20 140
26 100  76  88   3   0  23 0.00  0.0    0  9.2 17 150   M    M   0        46 330
27 102  78  90   5   0  25 0.00  0.0    0  8.0 15 160   M    M   0        26 260
28  97  79  88   3   0  23 0.00  0.0    0  9.2 26 350   M    M   2        32 360
29  83  70  77  -8   0  12 0.01  0.0    0  3.1 20 260   M    M   7        45 330
30  92  69  81  -4   0  16 0.02  0.0    0  9.9 20 140   M    M   3        25 150
31  82  72  77  -8   0  12 0.00  0.0    0 10.4 20 340   M    M   7        24 320
================================================================================
SM 2885 2244         0 557  1.34     0.0 221.8          M       66
================================================================================
AV 93.1 72.4                               7.2 FASTST   M    M   2    MAX(MPH)
                                 MISC ---->  # 26 290               # 46  330
================================================================================
NOTES:
# LAST OF SEVERAL OCCURRENCES

COLUMN 17 PEAK WIND IN M.P.H.

PRELIMINARY LOCAL CLIMATOLOGICAL DATA (WS FORM: F-6) , PAGE 2

                                          STATION:  ARLINGTON
                                          MONTH:    JULY
                                          YEAR:     2014
                                          LATITUDE:   32 39 N
                                          LONGITUDE:  97  6 W

[TEMPERATURE DATA]      [PRECIPITATION DATA]       SYMBOLS USED IN COLUMN 16

AVERAGE MONTHLY: 82.7   TOTAL FOR MONTH:   1.34    1 = FOG OR MIST
DPTR FM NORMAL:  -1.4   DPTR FM NORMAL:   -1.01    2 = FOG REDUCING VISIBILITY
HIGHEST:   102 ON 27,14 GRTST 24HR  0.94 ON 16-17      TO 1/4 MILE OR LESS
LOWEST:     65 ON 20                               3 = THUNDER
                        SNOW, ICE PELLETS, HAIL    4 = ICE PELLETS
                        TOTAL MONTH:   0.0 INCH    5 = HAIL
                        GRTST 24HR     0.0         6 = FREEZING RAIN OR DRIZZLE
                        GRTST DEPTH:   0           7 = DUSTSTORM OR SANDSTORM:
                                                       VSBY 1/2 MILE OR LESS
                                                   8 = SMOKE OR HAZE
[NO. OF DAYS WITH]      [WEATHER - DAYS WITH]      9 = BLOWING SNOW
                                                   X = TORNADO
MAX 32 OR BELOW:   0    0.01 INCH OR MORE:   6
MAX 90 OR ABOVE:  25    0.10 INCH OR MORE:   3
MIN 32 OR BELOW:   0    0.50 INCH OR MORE:   1
MIN  0 OR BELOW:   0    1.00 INCH OR MORE:   0

[HDD (BASE 65) ]
TOTAL THIS MO.     0    CLEAR  (SCALE 0-3)  26
DPTR FM NORMAL     0    PTCLDY (SCALE 4-7)   3
TOTAL FM JUL 1     0    CLOUDY (SCALE 8-10)  2
DPTR FM NORMAL     0

[CDD (BASE 65) ]
TOTAL THIS MO.   557
DPTR FM NORMAL   -35    [PRESSURE DATA]
TOTAL FM JAN 1  1449    HIGHEST SLP M ON M
DPTR FM NORMAL   -25    LOWEST  SLP 29.80 ON  1

[REMARKS]
#FINAL-07-14#
