000
CXUS54 KFWD 230730
CF6GLE
PRELIMINARY LOCAL CLIMATOLOGICAL DATA (WS FORM: F-6)

                                          STATION:   GAINESVILLE
                                          MONTH:     AUGUST
                                          YEAR:      2014
                                          LATITUDE:   33 39 N
                                          LONGITUDE:  97 12 W

  TEMPERATURE IN F:       :PCPN:    SNOW:  WIND      :SUNSHINE: SKY     :PK WND
================================================================================
1   2   3   4   5  6A  6B    7    8   9   10  11  12  13   14  15   16   17  18
                                     12Z  AVG MX 2MIN
DY MAX MIN AVG DEP HDD CDD  WTR  SNW DPTH SPD SPD DIR MIN PSBL S-S WX    SPD DR
================================================================================

 1  80  67  74 -10   0   9 0.00  0.0    0  5.5 13  70   M    M   7         M  M
 2  85  64  75  -9   0  10 0.00  0.0    0  3.5  9  30   M    M   1 1       M  M
 3   M  67   M   M   M   M 0.00  0.0    0  3.6  9  80   M    M   1         M  M
 4   M   M   M   M   M   M 0.00  0.0    0  2.7  7  30   M    M   1 8       M  M
 5   M   M   M   M   M   M 0.00  0.0    0  3.5  9 110   M    M   1         M  M
 6   M   M   M   M   M   M 0.00  0.0    0  7.8 15 180   M    M   0        17 180
 7   M   M   M   M   M   M    M  0.0    0  7.2 15 170   M    M   1         M  M
 8   M   M   M   M   M   M    M  0.0    0  8.6 38 180   M    M   3        53 180
 9  96  72  84   0   0  19 0.25  0.0    0  7.6 23 250   M    M   2        28 250
10  96  75  86   2   0  21 0.03  0.0    0  5.4 12 240   M    M   2         M  M
11  90  73  82  -2   0  17 0.01  0.0    0  6.1 12 360   M    M   3        17 340
12  86  68  77  -7   0  12 0.00  0.0    0  6.4 10 360   M    M   0        17 360
13  88  66  77  -7   0  12 0.00  0.0    0  3.4  9  90   M    M   1         M  M
14  89  67  78  -6   0  13 0.00  0.0    0  5.6 10 130   M    M   0         M  M
15  92  67  80  -4   0  15 0.00  0.0    0  7.8 13 110   M    M   0         M  M
16  91  75  83  -1   0  18 0.00  0.0    0  7.7 14 180   M    M   2        22 170
17  88  73  81  -3   0  16 0.02  0.0    0  8.3 17 140   M    M   4        22 140
18  93  70  82  -1   0  17 0.00  0.0    0  4.9 15 180   M    M   1 1      18 180
19  91  70  81  -2   0  16 0.00  0.0    0  6.1 13 170   M    M   3        18 140
20  92  76  84   1   0  19    M  0.0    0 11.4 21 160   M    M   2        29 160
21  93  74  84   1   0  19 0.00  0.0    0 11.8 20 160   M    M   1        25 160
22  96  76  86   3   0  21 0.00  0.0    0  9.7 16 170   M    M   0        24 180
================================================================================
SM 1446 1200         0 254  0.31     0.0 144.6          M       36
================================================================================
AV 90.4 70.6                               6.6 FASTST   M    M   2    MAX(MPH)
                                 MISC ---->  # 38 180                 53    M
================================================================================
NOTES:
# LAST OF SEVERAL OCCURRENCES

COLUMN 17 PEAK WIND IN M.P.H.

PRELIMINARY LOCAL CLIMATOLOGICAL DATA (WS FORM: F-6) , PAGE 2

                                          STATION:  GAINESVILLE
                                          MONTH:    AUGUST
                                          YEAR:     2014
                                          LATITUDE:   33 39 N
                                          LONGITUDE:  97 12 W

[TEMPERATURE DATA]      [PRECIPITATION DATA]       SYMBOLS USED IN COLUMN 16

AVERAGE MONTHLY: 80.5   TOTAL FOR MONTH:   0.31    1 = FOG OR MIST
DPTR FM NORMAL:  -3.3   DPTR FM NORMAL:   -1.21    2 = FOG REDUCING VISIBILITY
HIGHEST:    96 ON 22,10 GRTST 24HR  0.25 ON  9- 9      TO 1/4 MILE OR LESS
LOWEST:     64 ON  2                               3 = THUNDER
                        SNOW, ICE PELLETS, HAIL    4 = ICE PELLETS
                        TOTAL MONTH:   0.0 INCH    5 = HAIL
                        GRTST 24HR     0.0         6 = FREEZING RAIN OR DRIZZLE
                        GRTST DEPTH:   0           7 = DUSTSTORM OR SANDSTORM:
                                                       VSBY 1/2 MILE OR LESS
                                                   8 = SMOKE OR HAZE
[NO. OF DAYS WITH]      [WEATHER - DAYS WITH]      9 = BLOWING SNOW
                                                   X = TORNADO
MAX 32 OR BELOW:   0    0.01 INCH OR MORE:   4
MAX 90 OR ABOVE:  10    0.10 INCH OR MORE:   1
MIN 32 OR BELOW:   0    0.50 INCH OR MORE:   0
MIN  0 OR BELOW:   0    1.00 INCH OR MORE:   0

[HDD (BASE 65) ]
TOTAL THIS MO.     0    CLEAR  (SCALE 0-3)  20
DPTR FM NORMAL     0    PTCLDY (SCALE 4-7)   2
TOTAL FM JUL 1     0    CLOUDY (SCALE 8-10)  0
DPTR FM NORMAL     0

[CDD (BASE 65) ]
TOTAL THIS MO.   254
DPTR FM NORMAL  -159    [PRESSURE DATA]
TOTAL FM JAN 1  1420    HIGHEST SLP M ON M
DPTR FM NORMAL  -201    LOWEST  SLP M ON M

[REMARKS]
