000
CXUS54 KJAN 291200
CF6GLH
PRELIMINARY LOCAL CLIMATOLOGICAL DATA (WS FORM: F-6)

                                          STATION:   GREENVILLE
                                          MONTH:     MAY
                                          YEAR:      2017
                                          LATITUDE:   33 29 N
                                          LONGITUDE:  90 59 W

  TEMPERATURE IN F:       :PCPN:    SNOW:  WIND      :SUNSHINE: SKY     :PK WND
================================================================================
1   2   3   4   5  6A  6B    7    8   9   10  11  12  13   14  15   16   17  18
                                     12Z  AVG MX 2MIN
DY MAX MIN AVG DEP HDD CDD  WTR  SNW DPTH SPD SPD DIR MIN PSBL S-S WX    SPD DR
================================================================================

 1  73  53  63  -5   2   0 0.00  0.0    0 14.5 26 240   M    M   0        36 250
 2  76  51  64  -5   1   0    T  0.0    0  4.2 10 210   M    M   1        13 210
 3  79  58  69   0   0   4 0.47  0.0    0 11.7 26 110   M    M   3 13     36  90
 4  63  50  57 -12   8   0 0.02  0.0    0 18.1 31 330   M    M  10 1      42 350
 5  71  51  61  -8   4   0 0.00  0.0    0 13.7 29 340   M    M   2        38 320
 6  77  48  63  -7   2   0 0.00  0.0    0  7.2 18 270   M    M   0        25 280
 7  82  53  68  -2   0   3 0.00  0.0    0  4.1 16 110   M    M   0        19 100
 8  86  57  72   2   0   7 0.00  0.0    0  3.1  9 250   M    M   1        12 230
 9  82  61  72   1   0   7 0.00  0.0    0  6.8 20 210   M    M   0        26 230
10  84  61  73   2   0   8 0.00  0.0    0  9.2 17 220   M    M   0        22 220
11  83  64  74   3   0   9 0.01  0.0    0  9.6 24 360   M    M   1 13     30 360
12  82  64  73   2   0   8 0.12  0.0    0 10.1 21 360   M    M   6 13     25 360
13  79  59  69  -3   0   4 0.00  0.0    0  9.5 17  10   M    M   7        22  10
14  82  53  68  -4   0   3 0.00  0.0    0  2.7 10 130   M    M   0 1      17 210
15  86  58  72   0   0   7 0.00  0.0    0  4.9 15 180   M    M   1        20 190
16  89  63  76   4   0  11 0.00  0.0    0  8.3 18 170   M    M   4        24 190
17  88  67  78   5   0  13 0.00  0.0    0 14.6 32 180   M    M   1        41 170
18  91  71  81   8   0  16 0.00  0.0    0 11.2 21 180   M    M   3        26 170
19  89  73  81   8   0  16 0.01  0.0    0 10.7 20 180   M    M   2 8      24 180
20  87  69  78   5   0  13 0.15  0.0    0  7.0 33 320   M    M   4 13     43 300
21  75  62  69  -5   0   4 0.03  0.0    0  6.7 17 280   M    M   4 13     21 290
22  70  60  65  -9   0   0 0.03  0.0    0  4.8 15  40   M    M   5 1      19  40
23  78  63  71  -3   0   6 0.05  0.0    0  6.9 14 250   M    M   8 13     18 230
24  71  54  63 -11   2   0 0.23  0.0    0 11.0 24 330   M    M   4 13     31 330
25  79  49  64 -11   1   0 0.00  0.0    0  7.8 16 190   M    M   0        19 190
26  86  62  74  -1   0   9 0.00  0.0    0 14.6 26 190   M    M   3        36 190
27  90  72  81   6   0  16 0.00  0.0    0 12.8 24 210   M    M   5        29 200
28   M   M   M   M   M   M    M    M    0 12.5 25  30   M    M   4 3      33  40
================================================================================
SM 2178 1606        20 164  1.12     0.0 258.3          M       79
================================================================================
AV 80.7 59.5                               9.2 FASTST   M    M   3    MAX(MPH)
                                 MISC ---->  # 33 320               # 43  300
================================================================================
NOTES:
# LAST OF SEVERAL OCCURRENCES

COLUMN 17 PEAK WIND IN M.P.H.

PRELIMINARY LOCAL CLIMATOLOGICAL DATA (WS FORM: F-6) , PAGE 2

                                          STATION:  GREENVILLE
                                          MONTH:    MAY
                                          YEAR:     2017
                                          LATITUDE:   33 29 N
                                          LONGITUDE:  90 59 W

[TEMPERATURE DATA]      [PRECIPITATION DATA]       SYMBOLS USED IN COLUMN 16

AVERAGE MONTHLY: 70.1   TOTAL FOR MONTH:   1.12    1 = FOG OR MIST
DPTR FM NORMAL:  -1.9   DPTR FM NORMAL:   -3.46    2 = FOG REDUCING VISIBILITY
HIGHEST:    91 ON 18    GRTST 24HR  0.47 ON  3- 3      TO 1/4 MILE OR LESS
LOWEST:     48 ON  6                               3 = THUNDER
                        SNOW, ICE PELLETS, HAIL    4 = ICE PELLETS
                        TOTAL MONTH:   0.0 INCH    5 = HAIL
                        GRTST 24HR     0.0         6 = FREEZING RAIN OR DRIZZLE
                        GRTST DEPTH:   0           7 = DUSTSTORM OR SANDSTORM:
                                                       VSBY 1/2 MILE OR LESS
                                                   8 = SMOKE OR HAZE
[NO. OF DAYS WITH]      [WEATHER - DAYS WITH]      9 = BLOWING SNOW
                                                   X = TORNADO
MAX 32 OR BELOW:   0    0.01 INCH OR MORE:  10
MAX 90 OR ABOVE:   2    0.10 INCH OR MORE:   4
MIN 32 OR BELOW:   0    0.50 INCH OR MORE:   0
MIN  0 OR BELOW:   0    1.00 INCH OR MORE:   0

[HDD (BASE 65) ]
TOTAL THIS MO.    20    CLEAR  (SCALE 0-3)  15
DPTR FM NORMAL    10    PTCLDY (SCALE 4-7)  12
TOTAL FM JUL 1  1830    CLOUDY (SCALE 8-10)  1
DPTR FM NORMAL  -941

[CDD (BASE 65) ]
TOTAL THIS MO.   164
DPTR FM NORMAL   -41    [PRESSURE DATA]
TOTAL FM JAN 1   359    HIGHEST SLP M ON M
DPTR FM NORMAL    68    LOWEST  SLP 29.62 ON 24

[REMARKS]
