000
CXUS54 KJAN 211200
CF6GLH
PRELIMINARY LOCAL CLIMATOLOGICAL DATA (WS FORM: F-6)

                                          STATION:   GREENVILLE
                                          MONTH:     DECEMBER
                                          YEAR:      2014
                                          LATITUDE:   33 29 N
                                          LONGITUDE:  90 59 W

  TEMPERATURE IN F:       :PCPN:    SNOW:  WIND      :SUNSHINE: SKY     :PK WND
================================================================================
1   2   3   4   5  6A  6B    7    8   9   10  11  12  13   14  15   16   17  18
                                     12Z  AVG MX 2MIN
DY MAX MIN AVG DEP HDD CDD  WTR  SNW DPTH SPD SPD DIR MIN PSBL S-S WX    SPD DR
================================================================================

 1  73  37  55   7  10   0 0.23  0.0    0 12.7 28 360   M    M   7 1      31 360
 2  44  37  41  -7  24   0 0.00  0.0    0  4.2 13 360   M    M   9 1      15 350
 3  49  38  44  -4  21   0 0.00  0.0    0  5.9 13  10   M    M   8 1      14  30
 4  67  44  56   9   9   0 0.00  0.0    0  2.6  8 100   M    M   6 128    10 360
 5  72  56  64  17   1   0 0.77  0.0    0  9.2 20 190   M    M   9 138    25 190
 6  68  45  57  10   8   0 0.29  0.0    0 15.4 24  20   M    M   8 13     32  40
 7  49  41  45  -2  20   0 0.00  0.0    0 11.5 21  20   M    M   7        27  30
 8  58  37  48   2  17   0 0.00  0.0    0  3.1  9 280   M    M   0 18     12 280
 9  61  34  48   2  17   0 0.00  0.0    0  8.7 21  10   M    M   1 128    25  10
10  49  31  40  -6  25   0 0.00  0.0    0  5.8 12  30   M    M   1 18     14  40
11  47  31  39  -7  26   0 0.00  0.0    0  2.5  8  60   M    M   6 18     10  50
12  51  42  47   1  18   0 0.05  0.0    0  2.8  9 130   M    M  10 18     11 120
13  62  46  54   9  11   0 0.00  0.0    0  3.9  9 110   M    M   7 18     10 120
14  67  41  54   9  11   0 0.00  0.0    0  7.8 16 150   M    M   0 18     21 140
15  69  51  60  15   5   0 0.11  0.0    0 12.4 22 180   M    M   6 18     28 290
16  53  37  45   0  20   0 0.00  0.0    0  9.5 20 320   M    M   0        23 320
17  48  33  41  -4  24   0 0.00  0.0    0  6.8 12 350   M    M   2        14  60
18  51  41  46   2  19   0 0.08  0.0    0  6.5 13  90   M    M  10 1      17 100
19  47  44  46   2  19   0    T  0.0    0  9.1 13 360   M    M   9 18     18 100
20  54  37  46   2  19   0 0.00  0.0    0  7.0 14  40   M    M   2 18     16  40
================================================================================
SM 1139  803       324   0  1.53     0.0 147.4          M      108
================================================================================
AV 57.0 40.2                               7.4 FASTST   M    M   5    MAX(MPH)
                                 MISC ---->  # 28 360               # 32   40
================================================================================
NOTES:
# LAST OF SEVERAL OCCURRENCES

COLUMN 17 PEAK WIND IN M.P.H.

PRELIMINARY LOCAL CLIMATOLOGICAL DATA (WS FORM: F-6) , PAGE 2

                                          STATION:  GREENVILLE
                                          MONTH:    DECEMBER
                                          YEAR:     2014
                                          LATITUDE:   33 29 N
                                          LONGITUDE:  90 59 W

[TEMPERATURE DATA]      [PRECIPITATION DATA]       SYMBOLS USED IN COLUMN 16

AVERAGE MONTHLY: 48.6   TOTAL FOR MONTH:   1.53    1 = FOG OR MIST
DPTR FM NORMAL:   2.6   DPTR FM NORMAL:   -2.34    2 = FOG REDUCING VISIBILITY
HIGHEST:    73 ON  1    GRTST 24HR  1.06 ON  5- 6      TO 1/4 MILE OR LESS
LOWEST:     31 ON 11,10                            3 = THUNDER
                        SNOW, ICE PELLETS, HAIL    4 = ICE PELLETS
                        TOTAL MONTH:   0.0 INCH    5 = HAIL
                        GRTST 24HR     0.0         6 = FREEZING RAIN OR DRIZZLE
                        GRTST DEPTH:   0           7 = DUSTSTORM OR SANDSTORM:
                                                       VSBY 1/2 MILE OR LESS
                                                   8 = SMOKE OR HAZE
[NO. OF DAYS WITH]      [WEATHER - DAYS WITH]      9 = BLOWING SNOW
                                                   X = TORNADO
MAX 32 OR BELOW:   0    0.01 INCH OR MORE:   6
MAX 90 OR ABOVE:   0    0.10 INCH OR MORE:   4
MIN 32 OR BELOW:   2    0.50 INCH OR MORE:   1
MIN  0 OR BELOW:   0    1.00 INCH OR MORE:   0

[HDD (BASE 65) ]
TOTAL THIS MO.   324    CLEAR  (SCALE 0-3)   7
DPTR FM NORMAL   -60    PTCLDY (SCALE 4-7)   7
TOTAL FM JUL 1   864    CLOUDY (SCALE 8-10)  6
DPTR FM NORMAL    18

[CDD (BASE 65) ]
TOTAL THIS MO.     0
DPTR FM NORMAL     0    [PRESSURE DATA]
TOTAL FM JAN 1  2177    HIGHEST SLP M ON M
DPTR FM NORMAL    -9    LOWEST  SLP 29.86 ON 15

[REMARKS]
