000
CXUS53 KAPX 011317
CF6GLR
PRELIMINARY LOCAL CLIMATOLOGICAL DATA (WS FORM: F-6)

                                          STATION:   GAYLORD
                                          MONTH:     JUNE
                                          YEAR:      2015
                                          LATITUDE:   45  0 N
                                          LONGITUDE:  84 42 W

  TEMPERATURE IN F:       :PCPN:    SNOW:  WIND      :SUNSHINE: SKY     :PK WND
================================================================================
1   2   3   4   5  6A  6B    7    8   9   10  11  12  13   14  15   16   17  18
                                     12Z  AVG MX 2MIN
DY MAX MIN AVG DEP HDD CDD  WTR  SNW DPTH SPD SPD DIR MIN PSBL S-S WX    SPD DR
================================================================================

 1  65  40  53  -5  12   0 0.00    M    M  5.6 13  60   M    M   0        17  30
 2  73  52  63   5   2   0 0.00    M    M  3.5 13 180   M    M   0        15 220
 3  77  48  63   4   2   0 0.00    M    M  7.1 16 200   M    M   0 8      23 160
 4  75  49  62   3   3   0 0.04    M    M  6.0 15 170   M    M   5 1      20 190
 5  65  51  58  -1   7   0    T    M    M  5.6 12  40   M    M   8 12     17  30
 6  70  44  57  -3   8   0 0.00    M    M  6.8 14 120   M    M   0        19 110
 7  67  47  57  -3   8   0 0.50    M    M 10.5 22 180   M    M   6 1      31 180
 8  74  52  63   3   2   0 0.05    M    M  4.5 14 280   M    M   5 123    20 290
 9  74  51  63   3   2   0 0.00    M    M  5.5 14 260   M    M   4 12     20 250
10  72  52  62   1   3   0 0.05    M    M  8.7 20 260   M    M   4 138    29 290
11  66  49  58  -3   7   0 0.06    M    M  3.4 10 250   M    M   4 1      12 270
12  68  52  60  -1   5   0 0.66    M    M  4.3 13  40   M    M   6 1      18  50
13  70  47  59  -3   6   0    T    M    M  7.4 16 140   M    M   5 1      22 140
14  74  62  68   6   0   3 0.41    M    M  4.0 12 200   M    M   9 1      14 210
15  77  62  70   8   0   5 0.00    M    M  3.9 13 260   M    M   5 12     16 250
16  68  54  61  -1   4   0 0.00    M    M  5.5 10 300   M    M   2 1      21 290
17  78  52  65   2   0   0    T    M    M  6.8 10 180   M    M   2         M  M
18  77  51  64   1   1   0 0.03    M    M  6.4 20 250   M    M   4 1      22 260
19  70  41  56  -7   9   0 0.00    M    M  5.2 13 140   M    M   0        20 140
20  75  47  61  -2   4   0    T    M    M  6.1 14 180   M    M   4        17 180
21  74  54  64   0   1   0 0.00    M    M  5.6 15 290   M    M   5 1      21 260
22  78  49  64   0   1   0 0.28    M    M  7.8 25 250   M    M   3 12     35 250
23  70  50  60  -4   5   0 0.01    M    M  9.7 20 270   M    M   5 1      31 290
24  78  47  63  -1   2   0 0.00    M    M  6.3 17 260   M    M   2        21 240
25  74  60  67   3   0   2    T    M    M  3.4 14  50   M    M   7        17  50
26  76  52  64   0   1   0 0.00    M    M  4.2 13  70   M    M   1 1      18  70
27  76  50  63  -2   2   0 0.00    M    M  5.8 17  40   M    M   1        24  60
28  77  45  61  -4   4   0 0.00    M    M  3.1 14 280   M    M   4        19 290
29  80  50  65   0   0   0    T    M    M  6.0 16 210   M    M   3        23 170
30  70  53  62  -3   3   0 0.22    M    M  3.6 15 260   M    M   8 12     18 250
================================================================================
SM 2188 1513       104  10  2.31    M    172.3          M      112
================================================================================
AV 72.9 50.4                               5.7 FASTST   M    M   4    MAX(MPH)
                                 MISC ---->  # 25 250               # 35  250
================================================================================
NOTES:
# LAST OF SEVERAL OCCURRENCES

COLUMN 17 PEAK WIND IN M.P.H.

PRELIMINARY LOCAL CLIMATOLOGICAL DATA (WS FORM: F-6) , PAGE 2

                                          STATION:  GAYLORD
                                          MONTH:    JUNE
                                          YEAR:     2015
                                          LATITUDE:   45  0 N
                                          LONGITUDE:  84 42 W

[TEMPERATURE DATA]      [PRECIPITATION DATA]       SYMBOLS USED IN COLUMN 16

AVERAGE MONTHLY: 61.7   TOTAL FOR MONTH:   2.31    1 = FOG OR MIST
DPTR FM NORMAL:  -0.3   DPTR FM NORMAL:   -0.76    2 = FOG REDUCING VISIBILITY
HIGHEST:    80 ON 29    GRTST 24HR  0.72 ON 11-12      TO 1/4 MILE OR LESS
LOWEST:     40 ON  1                               3 = THUNDER
                        SNOW, ICE PELLETS, HAIL    4 = ICE PELLETS
                        TOTAL MONTH:    M          5 = HAIL
                        GRTST 24HR    M  ON   M    6 = FREEZING RAIN OR DRIZZLE
                        GRTST DEPTH:  M  ON   M    7 = DUSTSTORM OR SANDSTORM:
                                                       VSBY 1/2 MILE OR LESS
                                                   8 = SMOKE OR HAZE
[NO. OF DAYS WITH]      [WEATHER - DAYS WITH]      9 = BLOWING SNOW
                                                   X = TORNADO
MAX 32 OR BELOW:   0    0.01 INCH OR MORE:  11
MAX 90 OR ABOVE:   0    0.10 INCH OR MORE:   5
MIN 32 OR BELOW:   0    0.50 INCH OR MORE:   2
MIN  0 OR BELOW:   0    1.00 INCH OR MORE:   0

[HDD (BASE 65) ]
TOTAL THIS MO.   104    CLEAR  (SCALE 0-3)  11
DPTR FM NORMAL   -40    PTCLDY (SCALE 4-7)  16
TOTAL FM JUL 1  9096    CLOUDY (SCALE 8-10)  3
DPTR FM NORMAL   635

[CDD (BASE 65) ]
TOTAL THIS MO.    10
DPTR FM NORMAL   -44    [PRESSURE DATA]
TOTAL FM JAN 1    37    HIGHEST SLP M ON M
DPTR FM NORMAL   -31    LOWEST  SLP 29.49 ON 10

[REMARKS]
#FINAL-06-15#
