000
CXUS54 KHGX 301415
CF6GLS
PRELIMINARY LOCAL CLIMATOLOGICAL DATA (WS FORM: F-6)

                                          STATION:   GALVESTON
                                          MONTH:     JULY
                                          YEAR:      2016
                                          LATITUDE:   29 16 N
                                          LONGITUDE:  94 52 W

  TEMPERATURE IN F:       :PCPN:    SNOW:  WIND      :SUNSHINE: SKY     :PK WND
================================================================================
1   2   3   4   5  6A  6B    7    8   9   10  11  12  13   14  15   16   17  18
                                     12Z  AVG MX 2MIN
DY MAX MIN AVG DEP HDD CDD  WTR  SNW DPTH SPD SPD DIR MIN PSBL S-S WX    SPD DR
================================================================================

 1  89  81  85   1   0  20 0.00  0.0    0  6.7 13 140   M    M   2        16 140
 2  90  79  85   1   0  20 0.00  0.0    0 10.4 18 180   M    M   2        23 180
 3  91  83  87   3   0  22 0.00  0.0    0 17.1 23 180   M    M   2        29 170
 4  91  84  88   4   0  23 0.00  0.0    0 17.0 23 180   M    M   2        28 190
 5  91  83  87   3   0  22 0.00  0.0    0 14.9 23 190   M    M   2        29 200
 6  90  82  86   2   0  21 0.00  0.0    0 13.6 21 190   M    M   2        26 180
 7  90  82  86   2   0  21    T  0.0    0 12.9 17 170   M    M   2        22 170
 8  90  83  87   3   0  22 0.00  0.0    0 12.0 18 170   M    M   1        22 180
 9  91  81  86   2   0  21 0.00  0.0    0 10.7 17 180   M    M   2        21 180
10  90  83  87   3   0  22 0.00  0.0    0 12.2 17 170   M    M   2 8      21 170
11  92  83  88   4   0  23 0.00  0.0    0 15.7 21 170   M    M   1 8      26 190
12  91  83  87   3   0  22 0.00  0.0    0 13.4 18 190   M    M   1        22 160
13  92  83  88   4   0  23 0.00  0.0    0 13.9 18 180   M    M   1        23 180
14  92  83  88   4   0  23 0.00  0.0    0 13.6 20 180   M    M   3        24 180
15  91  83  87   3   0  22 0.00  0.0    0 12.5 18 220   M    M   1        22 220
16  90  79  85   1   0  20 0.00  0.0    0  9.3 16 140   M    M   1        20 160
17  90  78  84   0   0  19 0.08  0.0    0  9.3 23 180   M    M   2 13     27 180
18  91  78  85   0   0  20 0.32  0.0    0  9.5 25 160   M    M   1 1      29 160
19  90  81  86   1   0  21 0.07  0.0    0  9.8 20 170   M    M   2 1      25 170
20  91  80  86   1   0  21 0.00  0.0    0  7.4 14 140   M    M   1        19 120
21  92  82  87   2   0  22 0.00  0.0    0  6.7 13 150   M    M   1        18 130
22  92  82  87   2   0  22 0.00  0.0    0  6.5 14 150   M    M   1        17 150
23  92  83  88   3   0  23 0.00  0.0    0 10.6 17 180   M    M   2        22 150
24  92  83  88   3   0  23 0.00  0.0    0  9.4 16 180   M    M   2 3      20 180
25  90  77  84  -1   0  19 0.66  0.0    0  5.6 20 230   M    M   2 13     25 220
26  85  73  79  -6   0  14 2.16  0.0    0  7.9 23 280   M    M   7 13     28 280
27  90  75  83  -2   0  18 0.11  0.0    0 11.1 25 270   M    M   4 13     31 270
28  90  83  87   2   0  22 0.00  0.0    0  9.3 18 180   M    M   2        22 240
29  90  82  86   1   0  21 0.00  0.0    0  9.9 17 160   M    M   1        21 160
================================================================================
SM 2626 2352         0 612  3.40     0.0 318.9          M       55
================================================================================
AV 90.6 81.1                              11.0 FASTST   M    M   2    MAX(MPH)
                                 MISC ---->  # 25 160               # 31  270
================================================================================
NOTES:
# LAST OF SEVERAL OCCURRENCES

COLUMN 17 PEAK WIND IN M.P.H.

PRELIMINARY LOCAL CLIMATOLOGICAL DATA (WS FORM: F-6) , PAGE 2

                                          STATION:  GALVESTON
                                          MONTH:    JULY
                                          YEAR:     2016
                                          LATITUDE:   29 16 N
                                          LONGITUDE:  94 52 W

[TEMPERATURE DATA]      [PRECIPITATION DATA]       SYMBOLS USED IN COLUMN 16

AVERAGE MONTHLY: 85.8   TOTAL FOR MONTH:   3.40    1 = FOG OR MIST
DPTR FM NORMAL:   1.4   DPTR FM NORMAL:   -0.28    2 = FOG REDUCING VISIBILITY
HIGHEST:    92 ON 24,23 GRTST 24HR  2.75 ON 25-26      TO 1/4 MILE OR LESS
LOWEST:     73 ON 26                               3 = THUNDER
                        SNOW, ICE PELLETS, HAIL    4 = ICE PELLETS
                        TOTAL MONTH:   0.0 INCH    5 = HAIL
                        GRTST 24HR     0.0         6 = FREEZING RAIN OR DRIZZLE
                        GRTST DEPTH:   0           7 = DUSTSTORM OR SANDSTORM:
                                                       VSBY 1/2 MILE OR LESS
                                                   8 = SMOKE OR HAZE
[NO. OF DAYS WITH]      [WEATHER - DAYS WITH]      9 = BLOWING SNOW
                                                   X = TORNADO
MAX 32 OR BELOW:   0    0.01 INCH OR MORE:   6
MAX 90 OR ABOVE:  27    0.10 INCH OR MORE:   4
MIN 32 OR BELOW:   0    0.50 INCH OR MORE:   2
MIN  0 OR BELOW:   0    1.00 INCH OR MORE:   1

[HDD (BASE 65) ]
TOTAL THIS MO.     0    CLEAR  (SCALE 0-3)  27
DPTR FM NORMAL     0    PTCLDY (SCALE 4-7)   2
TOTAL FM JUL 1     0    CLOUDY (SCALE 8-10)  0
DPTR FM NORMAL     0

[CDD (BASE 65) ]
TOTAL THIS MO.   612
DPTR FM NORMAL    48    [PRESSURE DATA]
TOTAL FM JAN 1  1809    HIGHEST SLP M ON M
DPTR FM NORMAL    75    LOWEST  SLP 29.87 ON M

[REMARKS]
