000
CXUS52 KJAX 200800
CF6GNV
PRELIMINARY LOCAL CLIMATOLOGICAL DATA (WS FORM: F-6)

                                          STATION:   GAINESVILLE FL
                                          MONTH:     SEPTEMBER
                                          YEAR:      2014
                                          LATITUDE:   29 40 N
                                          LONGITUDE:  82 16 W

  TEMPERATURE IN F:       :PCPN:    SNOW:  WIND      :SUNSHINE: SKY     :PK WND
================================================================================
1   2   3   4   5  6A  6B    7    8   9   10  11  12  13   14  15   16   17  18
                                     12Z  AVG MX 2MIN
DY MAX MIN AVG DEP HDD CDD  WTR  SNW DPTH SPD SPD DIR MIN PSBL S-S WX    SPD DR
================================================================================

 1  93  72  83   3   0  18 0.43  0.0    0  3.4 23 140   M    M   1 138    33 140
 2  91  72  82   2   0  17 0.13  0.0    0  2.4 15  60   M    M   3 13     20  80
 3  91  72  82   2   0  17 0.25  0.0    0  4.0 16 150   M    M   3 13     23 140
 4  91  70  81   1   0  16    T  0.0    0  3.0 16  60   M    M   2        21  50
 5  89  71  80   0   0  15 1.11  0.0    0  3.0 15 160   M    M   3 13     18 150
 6  80  73  77  -3   0  12    T  0.0    0  3.7 14 260   M    M   8 1      19 250
 7  86  72  79  -1   0  14 0.29  0.0    0  3.7 17 190   M    M   7 13     21 180
 8  89  72  81   1   0  16 0.37  0.0    0  4.9 20 200   M    M   5 13     28 180
 9  89  72  81   2   0  16 0.13  0.0    0  3.8 22 110   M    M   4 13     26 120
10  91  71  81   2   0  16    T  0.0    0  3.1 20 110   M    M   1        24 110
11  92  70  81   2   0  16    T  0.0    0  2.7 12 100   M    M   1        16  90
12  92  70  81   2   0  16 0.00  0.0    0  5.6 16  60   M    M   0        19  50
13  91  73  82   3   0  17 0.00  0.0    0  3.6 16 140   M    M   2 1      19 120
14  91  72  82   3   0  17    T  0.0    0  4.8 13  40   M    M   2 3      16  50
15  90  71  81   3   0  16 0.84  0.0    0  2.4 28 330   M    M   3 138    36 320
16  78  72  75  -3   0  10 0.29  0.0    0  5.4 15 270   M    M   6 18     20 260
17  86  70  78   0   0  13 0.00  0.0    0  2.5 12 130   M    M   3        14 120
18  91  69  80   2   0  15    T  0.0    0  2.5 16 110   M    M   2 1      20 110
19  82  68  75  -3   0  10 0.01  0.0    0  3.4 15  40   M    M   3        18  50
================================================================================
SM 1683 1352         0 287  3.85     0.0  67.9          M       59
================================================================================
AV 88.6 71.2                               3.6 FASTST   M    M   3    MAX(MPH)
                                 MISC ---->  # 28 330               # 36  320
================================================================================
NOTES:
# LAST OF SEVERAL OCCURRENCES

COLUMN 17 PEAK WIND IN M.P.H.

PRELIMINARY LOCAL CLIMATOLOGICAL DATA (WS FORM: F-6) , PAGE 2

                                          STATION:  GAINESVILLE FL
                                          MONTH:    SEPTEMBER
                                          YEAR:     2014
                                          LATITUDE:   29 40 N
                                          LONGITUDE:  82 16 W

[TEMPERATURE DATA]      [PRECIPITATION DATA]       SYMBOLS USED IN COLUMN 16

AVERAGE MONTHLY: 79.9   TOTAL FOR MONTH:   3.85    1 = FOG OR MIST
DPTR FM NORMAL:   0.7   DPTR FM NORMAL:    0.88    2 = FOG REDUCING VISIBILITY
HIGHEST:    93 ON  1    GRTST 24HR  1.11 ON  5- 5      TO 1/4 MILE OR LESS
LOWEST:     68 ON 19                               3 = THUNDER
                        SNOW, ICE PELLETS, HAIL    4 = ICE PELLETS
                        TOTAL MONTH:   0.0 INCH    5 = HAIL
                        GRTST 24HR     0.0         6 = FREEZING RAIN OR DRIZZLE
                        GRTST DEPTH:   0           7 = DUSTSTORM OR SANDSTORM:
                                                       VSBY 1/2 MILE OR LESS
                                                   8 = SMOKE OR HAZE
[NO. OF DAYS WITH]      [WEATHER - DAYS WITH]      9 = BLOWING SNOW
                                                   X = TORNADO
MAX 32 OR BELOW:   0    0.01 INCH OR MORE:  10
MAX 90 OR ABOVE:  11    0.10 INCH OR MORE:   9
MIN 32 OR BELOW:   0    0.50 INCH OR MORE:   2
MIN  0 OR BELOW:   0    1.00 INCH OR MORE:   1

[HDD (BASE 65) ]
TOTAL THIS MO.     0    CLEAR  (SCALE 0-3)  14
DPTR FM NORMAL     0    PTCLDY (SCALE 4-7)   5
TOTAL FM JUL 1     0    CLOUDY (SCALE 8-10)  0
DPTR FM NORMAL     0

[CDD (BASE 65) ]
TOTAL THIS MO.   287
DPTR FM NORMAL    18    [PRESSURE DATA]
TOTAL FM JAN 1  2233    HIGHEST SLP M ON M
DPTR FM NORMAL    20    LOWEST  SLP 29.84 ON 17

[REMARKS]
