000
CXUS54 KFWD 220730
CF6GOP
PRELIMINARY LOCAL CLIMATOLOGICAL DATA (WS FORM: F-6)

                                          STATION:   GATESVILLE
                                          MONTH:     JULY
                                          YEAR:      2014
                                          LATITUDE:   31 25 N
                                          LONGITUDE:  97 48 W

  TEMPERATURE IN F:       :PCPN:    SNOW:  WIND      :SUNSHINE: SKY     :PK WND
================================================================================
1   2   3   4   5  6A  6B    7    8   9   10  11  12  13   14  15   16   17  18
                                     12Z  AVG MX 2MIN
DY MAX MIN AVG DEP HDD CDD  WTR  SNW DPTH SPD SPD DIR MIN PSBL S-S WX    SPD DR
================================================================================

 1  93  72  83   2   0  18 0.00  0.0    0  6.3 13 150   M    M   1        20 140
 2  93  72  83   2   0  18 0.00  0.0    0  2.4  8 200   M    M   0         M  M
 3  90  70  80  -1   0  15 0.36  0.0    0  3.2 18 290   M    M   1 13     27 290
 4  90  66  78  -4   0  13 0.00  0.0    0  2.5  8  80   M    M   2 18      M  M
 5  91  68  80  -2   0  15 0.00  0.0    0  4.4 12 210   M    M   0 8       M  M
 6  91  70  81  -1   0  16 0.00  0.0    0  4.8  9 190   M    M   0 18     17 200
 7  97  73  85   3   0  20 0.00  0.0    0  7.0 12 200   M    M   0 8      17 200
 8  97  72  85   3   0  20 0.00  0.0    0  7.1 12 200   M    M   0        18 200
 9  95  73  84   2   0  19 0.00  0.0    0  6.3 10 160   M    M   0 8      16 240
10  95  72  84   2   0  19 0.00  0.0    0  7.6 14 150   M    M   0 8      18 200
11  93  70  82   0   0  17 0.00  0.0    0  6.4 15 190   M    M   1 8      23 170
12  95  66  81  -1   0  16 0.00  0.0    0  4.3 12 160   M    M   0 8       M  M
13  99  73  86   4   0  21 0.00  0.0    0  4.0  7 180   M    M   0 8       M  M
14  99  75  87   5   0  22 0.00  0.0    0  4.1 10 230   M    M   0 8       M  M
15  91  75  83   1   0  18 0.00  0.0    0  4.2 14  70   M    M   1 38     21  70
16  90  72  81  -1   0  16 0.00  0.0    0  3.6 12 170   M    M   1 38     18 170
17  84  73  79  -3   0  14 0.33  0.0    0  3.6  7  60   M    M   3 13      M  M
18  77  70  74  -8   0   9 0.00  0.0    0  5.6  9  20   M    M  10 1       M  M
19  86  66  76  -6   0  11 0.00  0.0    0  1.8  5 360   M    M   4 8       M  M
20  93  66  80  -2   0  15 0.00  0.0    0  3.0  8 120   M    M   3 18      M  M
21  97  75  86   3   0  21 0.00  0.0    0  3.6  9 150   M    M   0 18      M  M
================================================================================
SM 1936 1489         0 353  0.69     0.0  95.8          M       27
================================================================================
AV 92.2 70.9                               4.6 FASTST   M    M   1    MAX(MPH)
                                 MISC ---->    18   M               # 27  290
================================================================================
NOTES:
# LAST OF SEVERAL OCCURRENCES

COLUMN 17 PEAK WIND IN M.P.H.

PRELIMINARY LOCAL CLIMATOLOGICAL DATA (WS FORM: F-6) , PAGE 2

                                          STATION:  GATESVILLE
                                          MONTH:    JULY
                                          YEAR:     2014
                                          LATITUDE:   31 25 N
                                          LONGITUDE:  97 48 W

[TEMPERATURE DATA]      [PRECIPITATION DATA]       SYMBOLS USED IN COLUMN 16

AVERAGE MONTHLY: 81.5   TOTAL FOR MONTH:   0.69    1 = FOG OR MIST
DPTR FM NORMAL:  -0.4   DPTR FM NORMAL:       M    2 = FOG REDUCING VISIBILITY
HIGHEST:    99 ON 14,13 GRTST 24HR  0.36 ON  3- 3      TO 1/4 MILE OR LESS
LOWEST:     66 ON 20,19                            3 = THUNDER
                        SNOW, ICE PELLETS, HAIL    4 = ICE PELLETS
                        TOTAL MONTH:   0.0 INCH    5 = HAIL
                        GRTST 24HR     0.0         6 = FREEZING RAIN OR DRIZZLE
                        GRTST DEPTH:   0           7 = DUSTSTORM OR SANDSTORM:
                                                       VSBY 1/2 MILE OR LESS
                                                   8 = SMOKE OR HAZE
[NO. OF DAYS WITH]      [WEATHER - DAYS WITH]      9 = BLOWING SNOW
                                                   X = TORNADO
MAX 32 OR BELOW:   0    0.01 INCH OR MORE:   2
MAX 90 OR ABOVE:  18    0.10 INCH OR MORE:   2
MIN 32 OR BELOW:   0    0.50 INCH OR MORE:   0
MIN  0 OR BELOW:   0    1.00 INCH OR MORE:   0

[HDD (BASE 65) ]
TOTAL THIS MO.     0    CLEAR  (SCALE 0-3)  18
DPTR FM NORMAL     0    PTCLDY (SCALE 4-7)   2
TOTAL FM JUL 1     0    CLOUDY (SCALE 8-10)  1
DPTR FM NORMAL     0

[CDD (BASE 65) ]
TOTAL THIS MO.   353
DPTR FM NORMAL    -2    [PRESSURE DATA]
TOTAL FM JAN 1  1234    HIGHEST SLP M ON M
DPTR FM NORMAL   132    LOWEST  SLP M ON M

[REMARKS]
