000
CXUS53 KGRB 220706
CF6GRB
PRELIMINARY LOCAL CLIMATOLOGICAL DATA (WS FORM: F-6)

                                          STATION:   GREEN BAY WI
                                          MONTH:     FEBRUARY
                                          YEAR:      2018
                                          LATITUDE:   44 28 N
                                          LONGITUDE:  88  8 W

  TEMPERATURE IN F:       :PCPN:    SNOW:  WIND      :SUNSHINE: SKY     :PK WND
================================================================================
1   2   3   4   5  6A  6B    7    8   9   10  11  12  13   14  15   16   17  18
                                     12Z  AVG MX 2MIN
DY MAX MIN AVG DEP HDD CDD  WTR  SNW DPTH SPD SPD DIR MIN PSBL S-S WX    SPD DR
================================================================================

 1  30   2  16  -1  49   0    T    T    0 17.0 29 300   M    M   3        33 310
 2  15   0   8  -9  57   0    T    T    0 10.4 18 260   M    M   3        22 260
 3  24  12  18   0  47   0 0.32  4.8    1  8.7 22  40   M    M  10 18     27  40
 4  14  -3   6 -12  59   0 0.06  1.0    5 14.0 24 360   M    M   4 8      30 350
 5  12  -9   2 -16  63   0 0.00  0.0    5  8.4 15 230   M    M   2        19 230
 6  13  -4   5 -13  60   0 0.00  0.0    4  5.7 12 310   M    M   1        14 320
 7  16   2   9  -9  56   0    T    T    4  5.8 13 260   M    M   5 8      15 270
 8  19  -3   8 -10  57   0 0.00  0.0    4  5.7 16 270   M    M   2        19 270
 9  18  -7   6 -13  59   0 0.02  0.2    4  6.5 16  50   M    M   4 8      18  40
10  20   0  10  -9  55   0 0.00  0.0    4  4.6 10 280   M    M   3        12 290
11  23   8  16  -3  49   0 0.01  0.2    4  8.6 20 260   M    M   4 18     24 250
12  18   0   9 -10  56   0 0.00  0.0    4  6.3 14 280   M    M   0        16 280
13  30   2  16  -4  49   0 0.00  0.0    4  7.9 18 210   M    M   5        25 210
14  42  19  31  11  34   0 0.00  0.0    4 11.2 20 210   M    M   1 18     26 200
15  46  30  38  18  27   0 0.00  0.0    3 10.3 17 350   M    M   1 18     23 330
16  30  16  23   3  42   0 0.00  0.0    T 10.7 21 300   M    M   3        25 290
17  28  16  22   1  43   0 0.05  0.5    T  9.5 17 210   M    M   4 1      23 200
18  37  12  25   4  40   0 0.00  0.0    T  9.9 23 170   M    M   5        31 170
19  38  27  33  12  32   0 0.06    T    T 14.8 36  40   M    M   9 168    43  50
20  36  27  32  10  33   0 0.25  0.0    T  9.8 20 280   M    M  10 16     24 290
21  27  18  23   1  42   0 0.00  0.0    T  9.8 18 300   M    M   1        24 290
================================================================================
SM  536  165      1009   0  0.77     6.7 195.6          M       80
================================================================================
AV 25.5  7.9                               9.3 FASTST   M    M   4    MAX(MPH)
                                 MISC ---->  # 36  40               # 43   50
================================================================================
NOTES:
# LAST OF SEVERAL OCCURRENCES

COLUMN 17 PEAK WIND IN M.P.H.

PRELIMINARY LOCAL CLIMATOLOGICAL DATA (WS FORM: F-6) , PAGE 2

                                          STATION:  GREEN BAY WI
                                          MONTH:    FEBRUARY
                                          YEAR:     2018
                                          LATITUDE:   44 28 N
                                          LONGITUDE:  88  8 W

[TEMPERATURE DATA]      [PRECIPITATION DATA]       SYMBOLS USED IN COLUMN 16

AVERAGE MONTHLY: 16.7   TOTAL FOR MONTH:   0.77    1 = FOG OR MIST
DPTR FM NORMAL:  -2.6   DPTR FM NORMAL:    0.00    2 = FOG REDUCING VISIBILITY
HIGHEST:    46 ON 15    GRTST 24HR  0.32 ON  3- 3      TO 1/4 MILE OR LESS
LOWEST:     -9 ON  5                               3 = THUNDER
                        SNOW, ICE PELLETS, HAIL    4 = ICE PELLETS
                        TOTAL MONTH:   6.7 INCHES  5 = HAIL
                        GRTST 24HR   4.8 ON  3- 3  6 = FREEZING RAIN OR DRIZZLE
                        GRTST DEPTH:   5 ON  5, 4  7 = DUSTSTORM OR SANDSTORM:
                                                       VSBY 1/2 MILE OR LESS
                                                   8 = SMOKE OR HAZE
[NO. OF DAYS WITH]      [WEATHER - DAYS WITH]      9 = BLOWING SNOW
                                                   X = TORNADO
MAX 32 OR BELOW:  16    0.01 INCH OR MORE:   7
MAX 90 OR ABOVE:   0    0.10 INCH OR MORE:   2
MIN 32 OR BELOW:  21    0.50 INCH OR MORE:   0
MIN  0 OR BELOW:   8    1.00 INCH OR MORE:   0

[HDD (BASE 65) ]
TOTAL THIS MO.  1009    CLEAR  (SCALE 0-3)   8
DPTR FM NORMAL    49    PTCLDY (SCALE 4-7)  10
TOTAL FM JUL 1  5242    CLOUDY (SCALE 8-10)  3
DPTR FM NORMAL  -307

[CDD (BASE 65) ]
TOTAL THIS MO.     0
DPTR FM NORMAL     0    [PRESSURE DATA]
TOTAL FM JAN 1     0    HIGHEST SLP M ON M
DPTR FM NORMAL     0    LOWEST  SLP 29.63 ON 15

[REMARKS]
