000
CXUS53 KGID 220730
CF6GRI
PRELIMINARY LOCAL CLIMATOLOGICAL DATA (WS FORM: F-6)

                                          STATION:   GRAND ISLAND NE
                                          MONTH:     DECEMBER
                                          YEAR:      2014
                                          LATITUDE:   40 58 N
                                          LONGITUDE:  98 19 W

  TEMPERATURE IN F:       :PCPN:    SNOW:  WIND      :SUNSHINE: SKY     :PK WND
================================================================================
1   2   3   4   5  6A  6B    7    8   9   10  11  12  13   14  15   16   17  18
                                     12Z  AVG MX 2MIN
DY MAX MIN AVG DEP HDD CDD  WTR  SNW DPTH SPD SPD DIR MIN PSBL S-S WX    SPD DR
================================================================================

 1  25  12  19 -11  46   0 0.00  0.0    0 11.8 18 360   M    M   4        23 200
 2  52  18  35   5  30   0 0.00  0.0    0 11.8 23 220   M    M   1 8      28 210
 3  38  17  28  -2  37   0 0.00  0.0    0  7.5 14 150   M    M   0        20 150
 4  47  21  34   5  31   0 0.00  0.0    0  9.8 16 190   M    M   0        21 190
 5  51  26  39  10  26   0 0.00  0.0    0  8.1 17 350   M    M   0 18     21 350
 6  41  19  30   2  35   0 0.00  0.0    0  7.2 15 160   M    M   1 18     19 150
 7  42  28  35   7  30   0 0.00  0.0    0 11.0 18 180   M    M   8 128    22 190
 8  57  24  41  13  24   0 0.00  0.0    0  9.9 18 270   M    M   0        24 270
 9  34  13  24  -4  41   0 0.00  0.0    0  5.4 13 150   M    M   0 1      17 150
10  37  22  30   3  35   0 0.00  0.0    0  7.2 13 170   M    M   8 18     16 160
11  39  33  36   9  29   0 0.00  0.0    0 10.8 15 210   M    M  10 18     19 230
12  51  39  45  18  20   0 0.00  0.0    0 11.7 22 210   M    M  10 1      28 210
13  54  47  51  24  14   0 0.00  0.0    0 12.4 18 180   M    M  10 1      23 180
14  58  37  48  22  17   0 0.11  0.0    0 12.7 23  10   M    M  10 1      28  10
15  37  25  31   5  34   0 0.31    T    0 25.0 39 340   M    M  10 1      49 350
16  26  20  23  -3  42   0 0.00  0.0    0 14.7 31 330   M    M  10        40 320
17  26  20  23  -3  42   0 0.00  0.0    0  6.0 10  90   M    M  10        12 130
18  30  23  27   1  38   0 0.03  0.4    T  4.8 10 240   M    M  10 18     13 240
19  35  29  32   6  33   0 0.00  0.0    T  9.1 15 210   M    M  10 1      20 220
20  38  26  32   6  33   0 0.00  0.0    0  4.5 14 160   M    M   8 128    17 160
21  42  25  34   9  31   0 0.00  0.0    0 12.6 23 190   M    M   8 12     29 190
================================================================================
SM  860  524       668   0  0.45     0.4 214.0          M      128
================================================================================
AV 41.0 25.0                              10.2 FASTST   M    M   6    MAX(MPH)
                                 MISC ---->  # 39 340               # 49  350
================================================================================
NOTES:
# LAST OF SEVERAL OCCURRENCES

COLUMN 17 PEAK WIND IN M.P.H.

PRELIMINARY LOCAL CLIMATOLOGICAL DATA (WS FORM: F-6) , PAGE 2

                                          STATION:  GRAND ISLAND NE
                                          MONTH:    DECEMBER
                                          YEAR:     2014
                                          LATITUDE:   40 58 N
                                          LONGITUDE:  98 19 W

[TEMPERATURE DATA]      [PRECIPITATION DATA]       SYMBOLS USED IN COLUMN 16

AVERAGE MONTHLY: 33.0   TOTAL FOR MONTH:   0.45    1 = FOG OR MIST
DPTR FM NORMAL:   5.6   DPTR FM NORMAL:   -0.01    2 = FOG REDUCING VISIBILITY
HIGHEST:    58 ON 14    GRTST 24HR  0.42 ON 14-15      TO 1/4 MILE OR LESS
LOWEST:     12 ON  1                               3 = THUNDER
                        SNOW, ICE PELLETS, HAIL    4 = ICE PELLETS
                        TOTAL MONTH:   0.4 INCH    5 = HAIL
                        GRTST 24HR   0.4 ON   M    6 = FREEZING RAIN OR DRIZZLE
                        GRTST DEPTH:   0           7 = DUSTSTORM OR SANDSTORM:
                                                       VSBY 1/2 MILE OR LESS
                                                   8 = SMOKE OR HAZE
[NO. OF DAYS WITH]      [WEATHER - DAYS WITH]      9 = BLOWING SNOW
                                                   X = TORNADO
MAX 32 OR BELOW:   4    0.01 INCH OR MORE:   3
MAX 90 OR ABOVE:   0    0.10 INCH OR MORE:   2
MIN 32 OR BELOW:  17    0.50 INCH OR MORE:   0
MIN  0 OR BELOW:   0    1.00 INCH OR MORE:   0

[HDD (BASE 65) ]
TOTAL THIS MO.   668    CLEAR  (SCALE 0-3)   7
DPTR FM NORMAL  -121    PTCLDY (SCALE 4-7)   4
TOTAL FM JUL 1  2001    CLOUDY (SCALE 8-10) 10
DPTR FM NORMAL  -118

[CDD (BASE 65) ]
TOTAL THIS MO.     0
DPTR FM NORMAL     0    [PRESSURE DATA]
TOTAL FM JAN 1  1031    HIGHEST SLP M ON M
DPTR FM NORMAL    -3    LOWEST  SLP 29.57 ON 21

[REMARKS]
