000
CXGM50 PGUM 271850
CF6GSN
PRELIMINARY LOCAL CLIMATOLOGICAL DATA (WS FORM: F-6)

                                          STATION:   SAIPAN/ISLEY_(CGS) MP
                                          MONTH:     MARCH
                                          YEAR:      2015
                                          LATITUDE:   15  7 N
                                          LONGITUDE: 145-44 E

  TEMPERATURE IN F:       :PCPN:    SNOW:  WIND      :SUNSHINE: SKY     :PK WND
================================================================================
1   2   3   4   5  6A  6B    7    8   9   10  11  12  13   14  15   16   17  18
                                     12Z  AVG MX 2MIN
DY MAX MIN AVG DEP HDD CDD  WTR  SNW DPTH SPD SPD DIR MIN PSBL S-S WX    SPD DR
================================================================================

 1  87  74  81   M   0  16 0.03  0.0    0 18.6 25  90   M    M   4 1      33  60
 2  87  77  82   M   0  17 0.00  0.0    0 18.5 25  80   M    M   4        32  90
 3  88  74  81   M   0  16    T  0.0    0 18.7 28  80   M    M   5 1      38  80
 4  87  77  82   M   0  17 0.00  0.0    0 21.8 27  80   M    M   5        38  70
 5  85  75  80   M   0  15 0.05  0.0    0 14.2 25  80   M    M   6 1      31  90
 6  87  76  82   M   0  17 0.01  0.0    0 17.8 23  50   M    M   3 1      31  30
 7  86  73  80   M   0  15 0.04  0.0    0 16.1 23  70   M    M   4 1      30  80
 8  87  74  81   M   0  16 0.00  0.0    0 10.4 14  50   M    M   2        23  50
 9  86  74  80   M   0  15    T  0.0    0 11.7 21  70   M    M   3        29  70
10  87  73  80   M   0  15 0.02  0.0    0 10.9 18  70   M    M   4        28  70
11  85  72  79   M   0  14 0.01  0.0    0 10.8 16  50   M    M   3        24  40
12  85  73  79   M   0  14 0.09  0.0    0 10.8 18  50   M    M   5 1      40  80
13  86  74  80   M   0  15 0.00  0.0    0 11.5 20  40   M    M   4        25  40
14  86  75  81   M   0  16    T  0.0    0 13.2 25  40   M    M   3        39  60
15  80  72  76   M   0  11 1.65  0.0    0 23.6 40  50   M    M  10 18     73 350
16  86  74  80   M   0  15 0.07  0.0    0 18.0 33  90   M    M   7 1      48  90
17  84  76  80   M   0  15    T  0.0    0 11.4 22 130   M    M   7        43 150
18  86  75  81   M   0  16 0.25  0.0    0  6.9 12 160   M    M   3 1      22 100
19  85  74  80   M   0  15 0.69  0.0    0  6.7 15 200   M    M   7 1      20 200
20  86  76  81   M   0  16    T  0.0    0  8.3 15 200   M    M   3        18 170
21  86  76  81   M   0  16 0.14  0.0    0  7.4 10  70   M    M   4         M  M
22  85  74  80   M   0  15 0.55  0.0    0  7.9 20 290   M    M   2 1      23 300
23  85  74  80   M   0  15    T  0.0    0  7.7 17  70   M    M   5        21 150
24  85  74  80   M   0  15 0.09  0.0    0 13.7 23  80   M    M   2 1      26  80
25  85  76  81   M   0  16    T  0.0    0 14.2 22  60   M    M   2        25  50
26  85  77  81   M   0  16 0.00  0.0    0 19.1 28  60   M    M   4        36  60
27  85  73  79   M   0  14 0.03  0.0    0 19.9 29  70   M    M   6 1      37  80
================================================================================
SM 2312 2012         0 413  3.72     0.0 369.8          M      117
================================================================================
AV 85.6 74.5                              13.7 FASTST   M    M   4    MAX(MPH)
                                 MISC ---->    40   M               # 73  350
================================================================================
NOTES:
# LAST OF SEVERAL OCCURRENCES

COLUMN 17 PEAK WIND IN M.P.H.

PRELIMINARY LOCAL CLIMATOLOGICAL DATA (WS FORM: F-6) , PAGE 2

                                          STATION:  SAIPAN/ISLEY_(CGS) MP
                                          MONTH:    MARCH
                                          YEAR:     2015
                                          LATITUDE:   15  7 N
                                          LONGITUDE: 145-44 E

[TEMPERATURE DATA]      [PRECIPITATION DATA]       SYMBOLS USED IN COLUMN 16

AVERAGE MONTHLY: 80.1   TOTAL FOR MONTH:   3.72    1 = FOG OR MIST
DPTR FM NORMAL:     M   DPTR FM NORMAL:    2.02    2 = FOG REDUCING VISIBILITY
HIGHEST:    88 ON  3    GRTST 24HR  1.65 ON 15-15      TO 1/4 MILE OR LESS
LOWEST:     72 ON 15,11                            3 = THUNDER
                        SNOW, ICE PELLETS, HAIL    4 = ICE PELLETS
                        TOTAL MONTH:   0.0 INCH    5 = HAIL
                        GRTST 24HR     0.0         6 = FREEZING RAIN OR DRIZZLE
                        GRTST DEPTH:   0           7 = DUSTSTORM OR SANDSTORM:
                                                       VSBY 1/2 MILE OR LESS
                                                   8 = SMOKE OR HAZE
[NO. OF DAYS WITH]      [WEATHER - DAYS WITH]      9 = BLOWING SNOW
                                                   X = TORNADO
MAX 32 OR BELOW:   0    0.01 INCH OR MORE:  15
MAX 90 OR ABOVE:   0    0.10 INCH OR MORE:   5
MIN 32 OR BELOW:   0    0.50 INCH OR MORE:   3
MIN  0 OR BELOW:   0    1.00 INCH OR MORE:   1

[HDD (BASE 65) ]
TOTAL THIS MO.     0    CLEAR  (SCALE 0-3)   7
DPTR FM NORMAL     M    PTCLDY (SCALE 4-7)  19
TOTAL FM JUL 1     0    CLOUDY (SCALE 8-10)  1
DPTR FM NORMAL     M

[CDD (BASE 65) ]
TOTAL THIS MO.   413
DPTR FM NORMAL     M    [PRESSURE DATA]
TOTAL FM JAN 1  1262    HIGHEST SLP M ON M
DPTR FM NORMAL     M    LOWEST  SLP 29.88 ON  2

[REMARKS]
