000
CXUS54 KAMA 191015
CF6GUY
PRELIMINARY LOCAL CLIMATOLOGICAL DATA (WS FORM: F-6)

                                          STATION:   GUYMON
                                          MONTH:     AUGUST
                                          YEAR:      2017
                                          LATITUDE:   36 41 N
                                          LONGITUDE: 101 30 W

  TEMPERATURE IN F:       :PCPN:    SNOW:  WIND      :SUNSHINE: SKY     :PK WND
================================================================================
1   2   3   4   5  6A  6B    7    8   9   10  11  12  13   14  15   16   17  18
                                     12Z  AVG MX 2MIN
DY MAX MIN AVG DEP HDD CDD  WTR  SNW DPTH SPD SPD DIR MIN PSBL S-S WX    SPD DR
================================================================================

 1  86  67  77  -3   0  12 0.00  0.0    0  5.6 16  50   M    M   4 12     21  60
 2  86  61  74  -5   0   9 0.00  0.0    0  4.0 13 130   M    M   1 1      17 120
 3  85  63  74  -5   0   9    T  0.0    0  9.9 21 250   M    M   1        26 350
 4  88  59  74  -5   0   9 0.00  0.0    0 10.0 22 200   M    M   2        31 160
 5  98  68  83   4   0  18 0.00  0.0    0 12.4 23 230   M    M   0        33 220
 6  84  67  76  -3   0  11 0.01  0.0    0  9.6 16  30   M    M   6 1      24  50
 7  77  63  70  -9   0   5 0.55  0.0    0  7.6 17  30   M    M   9 1      22  40
 8  79  57  68 -11   0   3 0.04  0.0    0  6.0 15 160   M    M   5 1      20 170
 9  89  64  77  -2   0  12 0.00  0.0    0  7.4 20 200   M    M   4        25 210
10  88  64  76  -3   0  11 0.04  0.0    0  9.1 47 350   M    M   2 13     61 350
11  81  64  73  -6   0   8 0.13  0.0    0  6.0 14 150   M    M   7 13     18 330
12  76  67  72  -7   0   7 0.06  0.0    0  8.6 15 140   M    M   9 1      20 190
13  85  64  75  -3   0  10 0.38  0.0    0  7.2 35 200   M    M   4 13     42 200
14  89  62  76  -2   0  11 0.00  0.0    0  8.8 16 160   M    M   0        22 160
15  90  62  76  -2   0  11    T  0.0    0 10.4 33 200   M    M   0        39 220
16  88  63  76  -2   0  11 0.00  0.0    0  8.8 20 340   M    M   1        25 330
17  93  61  77  -1   0  12 0.67  0.0    0  2.5  8  20   M    M   0 3       M  M
18  92  63  78   0   0  13 0.28  0.0    M 10.6 28 270   M    M   0 3      35 260
================================================================================
SM 1554 1139         0 182  2.16     0.0 144.5          M       55
================================================================================
AV 86.3 63.3                               8.0 FASTST   M    M   3    MAX(MPH)
                                 MISC ---->  # 47 350               # 61  350
================================================================================
NOTES:
# LAST OF SEVERAL OCCURRENCES

COLUMN 17 PEAK WIND IN M.P.H.

PRELIMINARY LOCAL CLIMATOLOGICAL DATA (WS FORM: F-6) , PAGE 2

                                          STATION:  GUYMON
                                          MONTH:    AUGUST
                                          YEAR:     2017
                                          LATITUDE:   36 41 N
                                          LONGITUDE: 101 30 W

[TEMPERATURE DATA]      [PRECIPITATION DATA]       SYMBOLS USED IN COLUMN 16

AVERAGE MONTHLY: 74.8   TOTAL FOR MONTH:   2.16    1 = FOG OR MIST
DPTR FM NORMAL:  -3.9   DPTR FM NORMAL:    0.53    2 = FOG REDUCING VISIBILITY
HIGHEST:    98 ON  5    GRTST 24HR  0.67 ON 17-17      TO 1/4 MILE OR LESS
LOWEST:     57 ON  8                               3 = THUNDER
                        SNOW, ICE PELLETS, HAIL    4 = ICE PELLETS
                        TOTAL MONTH:   0.0 INCH    5 = HAIL
                        GRTST 24HR     0.0         6 = FREEZING RAIN OR DRIZZLE
                        GRTST DEPTH:   0           7 = DUSTSTORM OR SANDSTORM:
                                                       VSBY 1/2 MILE OR LESS
                                                   8 = SMOKE OR HAZE
[NO. OF DAYS WITH]      [WEATHER - DAYS WITH]      9 = BLOWING SNOW
                                                   X = TORNADO
MAX 32 OR BELOW:   0    0.01 INCH OR MORE:   9
MAX 90 OR ABOVE:   4    0.10 INCH OR MORE:   5
MIN 32 OR BELOW:   0    0.50 INCH OR MORE:   2
MIN  0 OR BELOW:   0    1.00 INCH OR MORE:   0

[HDD (BASE 65) ]
TOTAL THIS MO.     0    CLEAR  (SCALE 0-3)  10
DPTR FM NORMAL     0    PTCLDY (SCALE 4-7)   6
TOTAL FM JUL 1     0    CLOUDY (SCALE 8-10)  2
DPTR FM NORMAL     0

[CDD (BASE 65) ]
TOTAL THIS MO.   182
DPTR FM NORMAL   -66    [PRESSURE DATA]
TOTAL FM JAN 1  1197    HIGHEST SLP M ON M
DPTR FM NORMAL   107    LOWEST  SLP 29.64 ON  5

[REMARKS]
