000
CXUS54 KFWD 300730
CF6GYI
PRELIMINARY LOCAL CLIMATOLOGICAL DATA (WS FORM: F-6)

                                          STATION:   SHERMAN DENISON
                                          MONTH:     JULY
                                          YEAR:      2015
                                          LATITUDE:   33 42 N
                                          LONGITUDE:  96 40 W

  TEMPERATURE IN F:       :PCPN:    SNOW:  WIND      :SUNSHINE: SKY     :PK WND
================================================================================
1   2   3   4   5  6A  6B    7    8   9   10  11  12  13   14  15   16   17  18
                                     12Z  AVG MX 2MIN
DY MAX MIN AVG DEP HDD CDD  WTR  SNW DPTH SPD SPD DIR MIN PSBL S-S WX    SPD DR
================================================================================

 1  94  74  84   3   0  19 0.00  0.0    0 13.6 21 210   M    M   0        24 200
 2  92  74  83   2   0  18 0.00  0.0    0 12.7 18 210   M    M   0        23 210
 3  89  75  82   1   0  17 0.10  0.0    0  9.5 15 200   M    M   3 3      23 200
 4  94  74  84   3   0  19 0.00  0.0    0  9.4 15  90   M    M   2        20  90
 5  94  73  84   2   0  19 0.00  0.0    0 12.8 20 200   M    M   1 8      24 200
 6  93  79  86   4   0  21 0.00  0.0    0 15.1 23 170   M    M   5        30 190
 7  90  76  83   1   0  18 0.19  0.0    0 12.2 21 200   M    M   5        27 200
 8  81  74  78  -4   0  13 0.77  0.0    0  9.4 20 190   M    M   5 3      25 190
 9  92  75  84   2   0  19 0.00  0.0    0 13.1 22 190   M    M   2        30 190
10  94  72  83   1   0  18 0.00  0.0    0  9.4 17 190   M    M   0        22 190
11  94  75  85   3   0  20 0.00  0.0    0 11.4 16 210   M    M   0        18 200
12  95  74  85   3   0  20 0.00  0.0    0 10.1 13 220   M    M   0        16 200
13  98  77  88   6   0  23 0.00  0.0    0 10.4 15 190   M    M   0         M  M
14  98  77  88   6   0  23 0.00  0.0    0  9.5 15 220   M    M   0        21 230
15  95  75  85   2   0  20 0.00  0.0    0  9.7 16 190   M    M   0         M  M
16  96  74  85   2   0  20 0.00  0.0    0 10.6 16 200   M    M   0        22 200
17  96  76  86   3   0  21 0.00  0.0    0 11.4 16 130   M    M   0        20 140
18  98  78  88   5   0  23 0.00  0.0    0 11.7 15 200   M    M   0        18 180
19  98  77  88   5   0  23 0.00  0.0    0  8.3 12 160   M    M   0        17 160
20  99  77  88   5   0  23 0.00  0.0    0  8.9 14 220   M    M   0        17 210
21  97  76  87   4   0  22 0.00  0.0    0  7.8 13 160   M    M   1         M  M
22  97  78  88   5   0  23 0.02  0.0    0  9.6 15 160   M    M   2        18 200
23 100  81  91   8   0  26 0.00  0.0    0 10.8 15 210   M    M   0        20 230
24 100  79  90   7   0  25 0.00  0.0    0  9.5 14 200   M    M   0        17 230
25 100  76  88   5   0  23 0.00  0.0    0  8.4 13 140   M    M   1 8      16 220
26 100  74  87   4   0  22 0.00  0.0    0  6.4 12 150   M    M   0        16 220
27 100  78  89   6   0  24 0.00  0.0    0  9.0 16 150   M    M   0        20 150
28  99  77  88   5   0  23 0.00  0.0    0  9.9 17 180   M    M   0        21 180
29 100  77  89   6   0  24 0.00  0.0    0  7.6 12 100   M    M   1         M  M
================================================================================
SM 2773 2202         0 609  1.08     0.0 298.2          M       28
================================================================================
AV 95.6 75.9                              10.3 FASTST   M    M   1    MAX(MPH)
                                 MISC ---->  # 23 170                 30    M
================================================================================
NOTES:
# LAST OF SEVERAL OCCURRENCES

COLUMN 17 PEAK WIND IN M.P.H.

PRELIMINARY LOCAL CLIMATOLOGICAL DATA (WS FORM: F-6) , PAGE 2

                                          STATION:  SHERMAN DENISON
                                          MONTH:    JULY
                                          YEAR:     2015
                                          LATITUDE:   33 42 N
                                          LONGITUDE:  96 40 W

[TEMPERATURE DATA]      [PRECIPITATION DATA]       SYMBOLS USED IN COLUMN 16

AVERAGE MONTHLY: 85.8   TOTAL FOR MONTH:   1.08    1 = FOG OR MIST
DPTR FM NORMAL:   3.4   DPTR FM NORMAL:   -1.41    2 = FOG REDUCING VISIBILITY
HIGHEST:   100 ON 29,27 GRTST 24HR  0.77 ON  8- 8      TO 1/4 MILE OR LESS
LOWEST:     72 ON 10                               3 = THUNDER
                        SNOW, ICE PELLETS, HAIL    4 = ICE PELLETS
                        TOTAL MONTH:   0.0 INCH    5 = HAIL
                        GRTST 24HR     0.0         6 = FREEZING RAIN OR DRIZZLE
                        GRTST DEPTH:   0           7 = DUSTSTORM OR SANDSTORM:
                                                       VSBY 1/2 MILE OR LESS
                                                   8 = SMOKE OR HAZE
[NO. OF DAYS WITH]      [WEATHER - DAYS WITH]      9 = BLOWING SNOW
                                                   X = TORNADO
MAX 32 OR BELOW:   0    0.01 INCH OR MORE:   4
MAX 90 OR ABOVE:  27    0.10 INCH OR MORE:   3
MIN 32 OR BELOW:   0    0.50 INCH OR MORE:   1
MIN  0 OR BELOW:   0    1.00 INCH OR MORE:   0

[HDD (BASE 65) ]
TOTAL THIS MO.     0    CLEAR  (SCALE 0-3)  25
DPTR FM NORMAL     0    PTCLDY (SCALE 4-7)   4
TOTAL FM JUL 1     0    CLOUDY (SCALE 8-10)  0
DPTR FM NORMAL     0

[CDD (BASE 65) ]
TOTAL THIS MO.   609
DPTR FM NORMAL   105    [PRESSURE DATA]
TOTAL FM JAN 1  1406    HIGHEST SLP M ON M
DPTR FM NORMAL   239    LOWEST  SLP M ON M

[REMARKS]
