000
CXUS51 KGYX 260900
CF6GYX
PRELIMINARY LOCAL CLIMATOLOGICAL DATA (WS FORM: F-6)

                                          STATION:   GRAY ME
                                          MONTH:     MARCH
                                          YEAR:      2017
                                          LATITUDE:   43 53 N
                                          LONGITUDE:  70 15 W

  TEMPERATURE IN F:       :PCPN:    SNOW:  WIND      :SUNSHINE: SKY     :PK WND
================================================================================
1   2   3   4   5  6A  6B    7    8   9   10  11  12  13   14  15   16   17  18
                                     12Z  AVG MX 2MIN
DY MAX MIN AVG DEP HDD CDD  WTR  SNW DPTH SPD SPD DIR MIN PSBL S-S WX    SPD DR
================================================================================

 1  47  35  41  12  24   0 0.06  0.0   11   M   M   M   M    M   M 12      M  M
 2  49  19  34   5  31   0    T    T   10   M   M   M   M    M   M         M  M
 3  29  13  21  -8  44   0 0.00  0.0    9   M   M   M   M    M   M         M  M
 4  13   4   9 -21  56   0    T    T    9   M   M   M   M    M   M         M  M
 5  27   4  16 -14  49   0 0.00  0.0    9   M   M   M   M    M   M         M  M
 6  38   8  23  -7  42   0 0.00  0.0    9   M   M   M   M    M   M         M  M
 7  37  26  32   2  33   0 0.12    T    8   M   M   M   M    M   M         M  M
 8  52  35  44  14  21   0 0.22  0.0    7   M   M   M   M    M   M         M  M
 9  39  26  33   2  32   0    T    T    6   M   M   M   M    M   M         M  M
10  28  12  20 -11  45   0 0.01  0.4    6   M   M   M   M    M   M         M  M
11  12  -1   6 -25  59   0 0.00  0.0    6   M   M   M   M    M   M         M  M
12  20   0  10 -22  55   0 0.00  0.0    6   M   M   M   M    M   M         M  M
13  30   8  19 -13  46   0 0.00  0.0    6   M   M   M   M    M   M         M  M
14  25  18  22 -10  43   0 1.26 16.6    6   M   M   M   M    M   M         M  M
15  30  18  24  -8  41   0    T    T   23   M   M   M   M    M   M         M  M
16  30  14  22 -11  43   0 0.00  0.0   21   M   M   M   M    M   M         M  M
17  34  13  24  -9  41   0 0.00  0.0   20   M   M   M   M    M   M         M  M
18  37  14  26  -7  39   0 0.00  0.0   19   M   M   M   M    M   M         M  M
19  39  22  31  -3  34   0    T    T   17   M   M   M   M    M   M         M  M
20  49  27  38   4  27   0 0.00  0.0   17   M   M   M   M    M   M         M  M
21  48  33  41   7  24   0    T    T   15   M   M   M   M    M   M         M  M
22  34  13  24 -11  41   0    T    T   15   M   M   M   M    M   M         M  M
23  32  11  22 -13  43   0 0.00  0.0   15   M   M   M   M    M   M         M  M
24  32  21  27  -8  38   0 0.20  2.3   15   M   M   M   M    M   M 1       M  M
25  42  29  36   0  29   0 0.00  0.0   16   M   M   M   M    M   M         M  M
================================================================================
SM  853  422       980   0  1.87    19.3     M          M        M
================================================================================
AV 34.1 16.9                                 M FASTST   M    M   4    MAX(MPH)
                                 MISC ---->     M   M                  M    M
================================================================================
NOTES:
# LAST OF SEVERAL OCCURRENCES

COLUMN 17 PEAK WIND IN M.P.H.

PRELIMINARY LOCAL CLIMATOLOGICAL DATA (WS FORM: F-6) , PAGE 2

                                          STATION:  GRAY ME
                                          MONTH:    MARCH
                                          YEAR:     2017
                                          LATITUDE:   43 53 N
                                          LONGITUDE:  70 15 W

[TEMPERATURE DATA]      [PRECIPITATION DATA]       SYMBOLS USED IN COLUMN 16

AVERAGE MONTHLY: 25.5   TOTAL FOR MONTH:   1.87    1 = FOG OR MIST
DPTR FM NORMAL:  -6.5   DPTR FM NORMAL:   -1.49    2 = FOG REDUCING VISIBILITY
HIGHEST:    52 ON  8    GRTST 24HR  1.26 ON 14-14      TO 1/4 MILE OR LESS
LOWEST:     -1 ON 11                               3 = THUNDER
                        SNOW, ICE PELLETS, HAIL    4 = ICE PELLETS
                        TOTAL MONTH:  19.3 INCHES  5 = HAIL
                        GRTST 24HR  16.6 ON 14-14  6 = FREEZING RAIN OR DRIZZLE
                        GRTST DEPTH:  23 ON 15     7 = DUSTSTORM OR SANDSTORM:
                                                       VSBY 1/2 MILE OR LESS
                                                   8 = SMOKE OR HAZE
[NO. OF DAYS WITH]      [WEATHER - DAYS WITH]      9 = BLOWING SNOW
                                                   X = TORNADO
MAX 32 OR BELOW:  12    0.01 INCH OR MORE:   6
MAX 90 OR ABOVE:   0    0.10 INCH OR MORE:   4
MIN 32 OR BELOW:  22    0.50 INCH OR MORE:   1
MIN  0 OR BELOW:   2    1.00 INCH OR MORE:   1

[HDD (BASE 65) ]
TOTAL THIS MO.   980    CLEAR  (SCALE 0-3)   0
DPTR FM NORMAL   156    PTCLDY (SCALE 4-7)   0
TOTAL FM JUL 1  5674    CLOUDY (SCALE 8-10)  0
DPTR FM NORMAL  -308

[CDD (BASE 65) ]
TOTAL THIS MO.     0
DPTR FM NORMAL     0    [PRESSURE DATA]
TOTAL FM JAN 1     0    HIGHEST SLP M ON M
DPTR FM NORMAL     0    LOWEST  SLP M ON M

[REMARKS]
