443
CXUS54 KOUN 300700
CF6HBR
PRELIMINARY LOCAL CLIMATOLOGICAL DATA (WS FORM: F-6)

                                          STATION:   HOBART
                                          MONTH:     APRIL
                                          YEAR:      2016
                                          LATITUDE:   35  0 N
                                          LONGITUDE:  99  3 W

  TEMPERATURE IN F:       :PCPN:    SNOW:  WIND      :SUNSHINE: SKY     :PK WND
================================================================================
1   2   3   4   5  6A  6B    7    8   9   10  11  12  13   14  15   16   17  18
                                     12Z  AVG MX 2MIN
DY MAX MIN AVG DEP HDD CDD  WTR  SNW DPTH SPD SPD DIR MIN PSBL S-S WX    SPD DR
================================================================================

 1  64  40  52  -3  13   0 0.00  0.0    0  8.0 20  30   M    M   0        25  30
 2  74  30  52  -3  13   0 0.00  0.0    0  8.8 17 320   M    M   0        24 310
 3  79  39  59   4   6   0 0.00  0.0    0 14.5 30 230   M    M   0        36 230
 4  86  40  63   7   2   0 0.00  0.0    0 11.0 20  70   M    M   0 8      26  70
 5  88  52  70  14   0   5 0.00  0.0    0 19.7 37 190   M    M   0        44 210
 6  76  47  62   6   3   0 0.00  0.0    0 16.4 31 340   M    M   0        42 350
 7  79  41  60   3   5   0 0.00  0.0    0 13.1 29  50   M    M   0        33  40
 8  74  44  59   2   6   0 0.00  0.0    0  7.9 15 190   M    M   0        19 190
 9  73  49  61   4   4   0 0.01    M    0 17.0 31 190   M    M   5        39 190
10  88  53  71  14   0   6 1.25  0.0    0 16.6 46 340   M    M   4 138    60 210
11  68  45  57  -1   8   0    T  0.0    0 15.7 28  30   M    M   5 13     34  20
12  64  43  54  -4  11   0    T  0.0    0  8.8 21  90   M    M   8        25  80
13  67  53  60   2   5   0 0.11  0.0    0  7.1 14 190   M    M   8 1      20 180
14  66  52  59   0   6   0 0.00  0.0    0  8.3 17 170   M    M   6 1      21 180
15  74  55  65   6   0   0 0.00  0.0    0 17.8 28 150   M    M   3 1      36 150
16  68  59  64   5   1   0 3.74  0.0    0 18.9 37 150   M    M   9 123    46 150
17  64  54  59  -1   6   0 0.81  0.0    0 11.4 26  90   M    M   8 13     32  90
18  69  50  60   0   5   0 0.00  0.0    0 11.5 24 360   M    M   6        30 360
19  70  55  63   3   2   0 0.48  0.0    0  9.8 29 300   M    M  10 13     40 300
20  68  52  60   0   5   0 0.12  0.0    0  9.5 22 180   M    M   6 1      27 240
21  75  51  63   2   2   0 0.00  0.0    0  8.1 18 340   M    M   0 1      25  20
22  79  47  63   2   2   0 0.00  0.0    0  4.7 12 340   M    M   0        14 350
23  80  51  66   4   0   1 0.00  0.0    0 14.5 25 190   M    M   0        32 180
24  80  60  70   8   0   5 0.00  0.0    0 20.5 32 190   M    M   1        39 200
25  88  63  76  14   0  11 0.00  0.0    0 16.7 26 200   M    M   0 8      31 200
26  85  55  70   8   0   5 0.50  0.0    0 14.4 32 170   M    M   4 138    38 160
27  75  48  62  -1   3   0 0.00  0.0    0 10.7 21 330   M    M   1 12     26 320
28  78  49  64   1   1   0 0.00  0.0    0 12.8 26  90   M    M   0 3      33  90
29  63  52  58  -6   7   0 0.33  0.0    0 18.1 25  60   M    M  10 13     30  70
================================================================================
SM 2162 1429       116  33  7.35     0.0 372.3          M       94
================================================================================
AV 74.6 49.3                              12.8 FASTST   M    M   3    MAX(MPH)
                                 MISC ---->  # 46 340               # 60  210
================================================================================
NOTES:
# LAST OF SEVERAL OCCURRENCES

COLUMN 17 PEAK WIND IN M.P.H.

PRELIMINARY LOCAL CLIMATOLOGICAL DATA (WS FORM: F-6) , PAGE 2

                                          STATION:  HOBART
                                          MONTH:    APRIL
                                          YEAR:     2016
                                          LATITUDE:   35  0 N
                                          LONGITUDE:  99  3 W

[TEMPERATURE DATA]      [PRECIPITATION DATA]       SYMBOLS USED IN COLUMN 16

AVERAGE MONTHLY: 61.9   TOTAL FOR MONTH:   7.35    1 = FOG OR MIST
DPTR FM NORMAL:   2.9   DPTR FM NORMAL:    4.99    2 = FOG REDUCING VISIBILITY
HIGHEST:    88 ON 25,10 GRTST 24HR  4.53 ON 16-17      TO 1/4 MILE OR LESS
LOWEST:     30 ON  2                               3 = THUNDER
                        SNOW, ICE PELLETS, HAIL    4 = ICE PELLETS
                        TOTAL MONTH:   0.0 INCH    5 = HAIL
                        GRTST 24HR     0.0         6 = FREEZING RAIN OR DRIZZLE
                        GRTST DEPTH:   0           7 = DUSTSTORM OR SANDSTORM:
                                                       VSBY 1/2 MILE OR LESS
                                                   8 = SMOKE OR HAZE
[NO. OF DAYS WITH]      [WEATHER - DAYS WITH]      9 = BLOWING SNOW
                                                   X = TORNADO
MAX 32 OR BELOW:   0    0.01 INCH OR MORE:   9
MAX 90 OR ABOVE:   0    0.10 INCH OR MORE:   8
MIN 32 OR BELOW:   1    0.50 INCH OR MORE:   4
MIN  0 OR BELOW:   0    1.00 INCH OR MORE:   2

[HDD (BASE 65) ]
TOTAL THIS MO.   116    CLEAR  (SCALE 0-3)  16
DPTR FM NORMAL   -91    PTCLDY (SCALE 4-7)   9
TOTAL FM JUL 1  2747    CLOUDY (SCALE 8-10)  4
DPTR FM NORMAL  -867

[CDD (BASE 65) ]
TOTAL THIS MO.    33
DPTR FM NORMAL    -3    [PRESSURE DATA]
TOTAL FM JAN 1    42    HIGHEST SLP M ON M
DPTR FM NORMAL     0    LOWEST  SLP 29.43 ON 26

[REMARKS]
