000
CXUS53 KGID 011434
CF6HDE

PRELIMINARY LOCAL CLIMATOLOGICAL DATA (WS FORM: F-6)

                                          STATION:   HOLDREGE
                                          MONTH:     SEPTEMBER
                                          YEAR:      2014
                                          LATITUDE:   40 27 N
                                          LONGITUDE:  99 20 W

  TEMPERATURE IN F:       :PCPN:    SNOW:  WIND      :SUNSHINE: SKY     :PK WND
================================================================================
1   2   3   4   5  6A  6B    7    8   9   10  11  12  13   14  15   16   17  18
                                     12Z  AVG MX 2MIN
DY MAX MIN AVG DEP HDD CDD  WTR  SNW DPTH SPD SPD DIR MIN PSBL S-S WX    SPD DR
================================================================================

 1  72  55  64  -6   1   0 0.01    M    M  1.4 16 360   M    M   3        25 360
 2  82  52  67  -3   0   2 0.00    M    M  3.1 13 180   M    M   0        18 190
 3  91  62  77   8   0  12 0.00    M    M  7.0 16 190   M    M   4 1      22 160
 4  80  64  72   3   0   7 0.00    M    M 11.4 17 360   M    M   1        24 360
 5  64  51  58 -11   7   0 0.26    M    M  4.9 14  30   M    M   5 13     21  30
 6  71  47  59  -9   6   0 0.00    M    M  0.0  M   M   M    M   2         M  M
 7  77  50  64  -4   1   0 0.00    M    M  7.0 16 180   M    M   0        21 180
 8  89  59  74   6   0   9 0.00    M    M  7.1 14 190   M    M   0        20 190
 9  75  64  70   3   0   5 0.44    M    M  7.2 18  70   M    M   4 3      28 320
10  66  49  58  -9   7   0 0.00    M    M 11.9 18 340   M    M  10        29 340
11  50  44  47 -19  18   0 0.80    M    M  8.6 15  30   M    M  10 1      20  30
12  52  38  45 -21  20   0 0.28    M    M  6.5 14  20   M    M   9        23 350
13  59  34  47 -19  18   0 0.00    M    M  6.9 20 180   M    M   3        27 180
14  71  39  55 -10  10   0 0.00    M    M  6.1 15 170   M    M   1        27 170
15  65  44  55 -10  10   0 0.00    M    M  6.9 16  20   M    M   2 8      24 360
16  69  45  57  -7   8   0 0.00    M    M  6.3 17 170   M    M   3        22 170
17  82  47  65   1   0   0 0.00    M    M  3.3 10 120   M    M   0 1      16 120
18  72  57  65   1   0   0 0.00    M    M  7.4 15 150   M    M   6 12     21 120
19  89  60  75  12   0  10 0.00    M    M 13.4 22 200   M    M   0        29 200
20  83  56  70   7   0   5 0.00    M    M  5.7 17  20   M    M   0 8      22  30
21  74  47  61  -1   4   0 0.00    M    M  3.3 12  20   M    M   1        17 350
22  73  45  59  -3   6   0 0.37    M    M  6.4 16 180   M    M   3 3      27 190
23  75  54  65   4   0   0 0.37    M    M 11.2 20 180   M    M   4        25 180
24  81  53  67   6   0   2 0.00    M    M  1.6 14 100   M    M   0         M  M
25  84  53  69   9   0   4 0.00    M    M  1.4 12 130   M    M   2 12      M  M
26  82  56  69   9   0   4 0.00    M    M  6.6 17 160   M    M   0        22 170
27  81  56  69   9   0   4 0.00    M    M 10.8 18 180   M    M   0        27 180
28  82  56  69  10   0   4 0.00    M    M  8.0 14 190   M    M   1        17 190
29  81  55  68   9   0   3 0.00    M    M  8.9 17 130   M    M   3        23 160
30  78  56  67   9   0   2    T    M    M  8.0 17 160   M    M   3 23     24 170
================================================================================
SM 2250 1548       116  73  2.53    M    198.3          M       80
================================================================================
AV 75.0 51.6                               6.6 FASTST   M    M   3    MAX(MPH)
                                 MISC ---->     M   M                  M    M
================================================================================
NOTES:
# LAST OF SEVERAL OCCURRENCES

COLUMN 17 PEAK WIND IN M.P.H.

PRELIMINARY LOCAL CLIMATOLOGICAL DATA (WS FORM: F-6) , PAGE 2

                                          STATION:  HOLDREGE
                                          MONTH:    SEPTEMBER
                                          YEAR:     2014
                                          LATITUDE:   40 27 N
                                          LONGITUDE:  99 20 W

[TEMPERATURE DATA]      [PRECIPITATION DATA]       SYMBOLS USED IN COLUMN 16

AVERAGE MONTHLY: 63.3   TOTAL FOR MONTH:   2.53    1 = FOG OR MIST
DPTR FM NORMAL:  -1.1   DPTR FM NORMAL:    0.48    2 = FOG REDUCING VISIBILITY
HIGHEST:    91 ON  3    GRTST 24HR  0.80 ON 11-11      TO 1/4 MILE OR LESS
LOWEST:     34 ON 13                               3 = THUNDER
                        SNOW, ICE PELLETS, HAIL    4 = ICE PELLETS
                        TOTAL MONTH:    M          5 = HAIL
                        GRTST 24HR    M  ON   M    6 = FREEZING RAIN OR DRIZZLE
                        GRTST DEPTH:  M  ON   M    7 = DUSTSTORM OR SANDSTORM:
                                                       VSBY 1/2 MILE OR LESS
                                                   8 = SMOKE OR HAZE
[NO. OF DAYS WITH]      [WEATHER - DAYS WITH]      9 = BLOWING SNOW
                                                   X = TORNADO
MAX 32 OR BELOW:   0    0.01 INCH OR MORE:   7
MAX 90 OR ABOVE:   1    0.10 INCH OR MORE:   6
MIN 32 OR BELOW:   0    0.50 INCH OR MORE:   1
MIN  0 OR BELOW:   0    1.00 INCH OR MORE:   0

[HDD (BASE 65) ]
TOTAL THIS MO.   116    CLEAR  (SCALE 0-3)  21
DPTR FM NORMAL     5    PTCLDY (SCALE 4-7)   6
TOTAL FM JUL 1   125    CLOUDY (SCALE 8-10)  3
DPTR FM NORMAL     2

[CDD (BASE 65) ]
TOTAL THIS MO.    73
DPTR FM NORMAL   -21    [PRESSURE DATA]
TOTAL FM JAN 1   897    HIGHEST SLP M ON M
DPTR FM NORMAL    -9    LOWEST  SLP M ON M

[REMARKS]
#FINAL-09-14#
