000
CXUS53 KGID 310730
CF6HDE
PRELIMINARY LOCAL CLIMATOLOGICAL DATA (WS FORM: F-6)

                                          STATION:   HOLDREGE
                                          MONTH:     MAY
                                          YEAR:      2016
                                          LATITUDE:   40 27 N
                                          LONGITUDE:  99 20 W

  TEMPERATURE IN F:       :PCPN:    SNOW:  WIND      :SUNSHINE: SKY     :PK WND
================================================================================
1   2   3   4   5  6A  6B    7    8   9   10  11  12  13   14  15   16   17  18
                                     12Z  AVG MX 2MIN
DY MAX MIN AVG DEP HDD CDD  WTR  SNW DPTH SPD SPD DIR MIN PSBL S-S WX    SPD DR
================================================================================

 1  50  38  44 -11  21   0 0.02    M    M 14.0 25  20   M    M   8 1      30  20
 2  59  34  47  -8  18   0 0.00    M    M  5.1  8 340   M    M   1         M  M
 3  67  41  54  -2  11   0 0.00    M    M  3.5  9 320   M    M   3        16 320
 4  72  44  58   2   7   0 0.00    M    M  7.3 14 360   M    M   0        21 350
 5  78  40  59   3   6   0 0.00    M    M  6.2 13 190   M    M   0        20 190
 6  83  53  68  11   0   3 0.00    M    M 12.6 20 190   M    M   0        30 190
 7  76  56  66   9   0   1 0.00    M    M 10.9 24  70   M    M   2 38     29  70
 8  74  48  61   4   4   0 0.18    M    M 10.9 28 180   M    M   3 3      47 180
 9  72  46  59   1   6   0 0.00    M    M  4.6  9  20   M    M   3         M  M
10  81  48  65   7   0   0 0.52    M    M  6.9 22  10   M    M   3 3      31 300
11  67  47  57  -1   8   0 0.51    M    M 11.9 27  10   M    M   3 3      32  10
12  71  41  56  -3   9   0 0.00    M    M  7.6 16 310   M    M   0        21 310
13  68  42  55  -4  10   0 0.00    M    M 16.5 30 360   M    M   1        41 350
14  57  39  48 -11  17   0 0.00    M    M  8.0 14  20   M    M   2        18 330
15  55  42  49 -11  16   0    T    M    M  8.6 14 190   M    M   2        21 170
16  51  44  48 -12  17   0 0.17    M    M 11.9 20  60   M    M   9 1      24  60
17  65  42  54  -6  11   0 0.00    M    M  6.8 13  30   M    M   1 1      18  40
18  70  39  55  -5  10   0 0.00    M    M  3.5 13 150   M    M   4         M  M
19  64  45  55  -6  10   0 0.00    M    M 13.0 24 170   M    M   4        30 170
20  62  47  55  -6  10   0    T    M    M 11.3 15 140   M    M  10 1      21 150
21  62  54  58  -4   7   0    T    M    M 16.1 23 140   M    M  10 1      30 130
22  78  60  69   7   0   4 0.00    M    M 23.4 31 160   M    M   7 3      40 160
23  78  55  67   5   0   2 0.12    M    M  4.7 21 150   M    M   4 38     29 150
24  78  57  68   5   0   3    T    M    M  9.3 16 160   M    M   3 12     23 160
25  77  55  66   3   0   1 0.65    M    M  8.8 25 340   M    M   6 3      45 340
26  76  51  64   1   1   0 0.38    M    M  8.8 18 100   M    M   4 38     25  40
27  65  53  59  -5   6   0 0.09    M    M  8.0 18 120   M    M   9 3      21 140
28  75  55  65   1   0   0 0.13    M    M  6.9 15 270   M    M   4        23 350
29  83  52  68   4   0   3 0.01    M    M  4.8 10 210   M    M   0        17 160
30  82  55  69   4   0   4 0.33    M    M  9.8 28 300   M    M   1 38     43 300
================================================================================
SM 2096 1423       205  21  3.11    M    281.7          M      107
================================================================================
AV 69.9 47.4                               9.4 FASTST   M    M   4    MAX(MPH)
                                 MISC ---->    31   M                 47    M
================================================================================
NOTES:
# LAST OF SEVERAL OCCURRENCES

COLUMN 17 PEAK WIND IN M.P.H.

PRELIMINARY LOCAL CLIMATOLOGICAL DATA (WS FORM: F-6) , PAGE 2

                                          STATION:  HOLDREGE
                                          MONTH:    MAY
                                          YEAR:     2016
                                          LATITUDE:   40 27 N
                                          LONGITUDE:  99 20 W

[TEMPERATURE DATA]      [PRECIPITATION DATA]       SYMBOLS USED IN COLUMN 16

AVERAGE MONTHLY: 58.7   TOTAL FOR MONTH:   3.11    1 = FOG OR MIST
DPTR FM NORMAL:  -1.1   DPTR FM NORMAL:   -1.21    2 = FOG REDUCING VISIBILITY
HIGHEST:    83 ON 29, 6 GRTST 24HR  0.65 ON 25-25      TO 1/4 MILE OR LESS
LOWEST:     34 ON  2                               3 = THUNDER
                        SNOW, ICE PELLETS, HAIL    4 = ICE PELLETS
                        TOTAL MONTH:    M          5 = HAIL
                        GRTST 24HR    M  ON   M    6 = FREEZING RAIN OR DRIZZLE
                        GRTST DEPTH:  M  ON   M    7 = DUSTSTORM OR SANDSTORM:
                                                       VSBY 1/2 MILE OR LESS
                                                   8 = SMOKE OR HAZE
[NO. OF DAYS WITH]      [WEATHER - DAYS WITH]      9 = BLOWING SNOW
                                                   X = TORNADO
MAX 32 OR BELOW:   0    0.01 INCH OR MORE:  12
MAX 90 OR ABOVE:   0    0.10 INCH OR MORE:   9
MIN 32 OR BELOW:   0    0.50 INCH OR MORE:   3
MIN  0 OR BELOW:   0    1.00 INCH OR MORE:   0

[HDD (BASE 65) ]
TOTAL THIS MO.   205    CLEAR  (SCALE 0-3)  15
DPTR FM NORMAL     8    PTCLDY (SCALE 4-7)  10
TOTAL FM JUL 1  5115    CLOUDY (SCALE 8-10)  5
DPTR FM NORMAL -1118

[CDD (BASE 65) ]
TOTAL THIS MO.    21
DPTR FM NORMAL   -21    [PRESSURE DATA]
TOTAL FM JAN 1    21    HIGHEST SLP M ON M
DPTR FM NORMAL   -28    LOWEST  SLP M ON M

[REMARKS]
