000
CXUS53 KBIS 210812
CF6HEI
PRELIMINARY LOCAL CLIMATOLOGICAL DATA (WS FORM: F-6)

                                          STATION:   HETTINGER ND
                                          MONTH:     JANUARY
                                          YEAR:      2017
                                          LATITUDE:   46  0 N
                                          LONGITUDE: 102 39 W

  TEMPERATURE IN F:       :PCPN:    SNOW:  WIND      :SUNSHINE: SKY     :PK WND
================================================================================
1   2   3   4   5  6A  6B    7    8   9   10  11  12  13   14  15   16   17  18
                                     12Z  AVG MX 2MIN
DY MAX MIN AVG DEP HDD CDD  WTR  SNW DPTH SPD SPD DIR MIN PSBL S-S WX    SPD DR
================================================================================

 1  17   2  10  -6  55   0    T    M    M 12.8 22  80   M    M   7 1      26  80
 2  13  -9   2 -14  63   0    M    M    M 16.9 23  20   M    M   9 128    27  20
 3  -5 -21 -13 -29  78   0 0.00    M    M 13.8 23 310   M    M   4 18     29 310
 4  -2 -21 -11 -27  76   0    T    M    M 12.5 22 310   M    M   6 18     25 310
 5   1 -13  -6 -22  71   0 0.00    M    M 13.0 20 300   M    M   6 8      24 310
 6  10 -20  -5 -21  70   0    T    M    M  8.0 17 300   M    M   5 8      20 320
 7   1 -30 -14 -30  79   0    T    M    M  6.4 18 140   M    M   0 18     24 140
 8   8  -7   1 -15  64   0 0.00    M    M 13.4 44 300   M    M   6 189    50 310
 9  11   1   6 -10  59   0 0.01    M    M 11.7 25 310   M    M   6 18     30 310
10   9  -1   4 -12  61   0    T    M    M 16.0 32 310   M    M   9 189    38 300
11   1 -16  -7 -23  72   0    T    M    M 11.9 21 300   M    M   4 18     23 300
12  -1 -13  -7 -23  72   0 0.00    M    M 10.9 25 300   M    M   0 8      28 300
13  12  -9   2 -14  63   0 0.00    M    M  7.7 15 300   M    M   0 18     18 310
14  18  -7   6 -10  59   0 0.00    M    M  3.8 15 310   M    M   0        15 320
15  27  -7  10  -6  55   0 0.00    M    M  3.0 13 290   M    M   0        14 290
16  23   3  13  -3  52   0 0.00    M    M  8.5 20 290   M    M   0        22 300
17  33   3  18   1  47   0 0.00    M    M  4.5 17 250   M    M   0 8      21 250
18  44  16  30  13  35   0 0.00    M    M  3.4 13 320   M    M   0        14 300
19  34   6  20   3  45   0 0.00    M    M  3.7 14 300   M    M   0        14 300
20  34  13  24   7  41   0 0.00    M    M  9.4 18 310   M    M   1        20 310
================================================================================
SM  288 -130      1217   0  0.01    M    191.3          M       63
================================================================================
AV 14.4 -6.5                               9.6 FASTST   M    M   3    MAX(MPH)
                                 MISC ---->  # 44 300               # 50  310
================================================================================
NOTES:
# LAST OF SEVERAL OCCURRENCES

COLUMN 17 PEAK WIND IN M.P.H.

PRELIMINARY LOCAL CLIMATOLOGICAL DATA (WS FORM: F-6) , PAGE 2

                                          STATION:  HETTINGER ND
                                          MONTH:    JANUARY
                                          YEAR:     2017
                                          LATITUDE:   46  0 N
                                          LONGITUDE: 102 39 W

[TEMPERATURE DATA]      [PRECIPITATION DATA]       SYMBOLS USED IN COLUMN 16

AVERAGE MONTHLY:  4.0   TOTAL FOR MONTH:   0.01    1 = FOG OR MIST
DPTR FM NORMAL: -12.3   DPTR FM NORMAL:   -0.18    2 = FOG REDUCING VISIBILITY
HIGHEST:    44 ON 18    GRTST 24HR  0.01 ON  9- 9      TO 1/4 MILE OR LESS
LOWEST:    -30 ON  7                               3 = THUNDER
                        SNOW, ICE PELLETS, HAIL    4 = ICE PELLETS
                        TOTAL MONTH:    M          5 = HAIL
                        GRTST 24HR    M  ON   M    6 = FREEZING RAIN OR DRIZZLE
                        GRTST DEPTH:  M  ON   M    7 = DUSTSTORM OR SANDSTORM:
                                                       VSBY 1/2 MILE OR LESS
                                                   8 = SMOKE OR HAZE
[NO. OF DAYS WITH]      [WEATHER - DAYS WITH]      9 = BLOWING SNOW
                                                   X = TORNADO
MAX 32 OR BELOW:  16    0.01 INCH OR MORE:   1
MAX 90 OR ABOVE:   0    0.10 INCH OR MORE:   0
MIN 32 OR BELOW:  20    0.50 INCH OR MORE:   0
MIN  0 OR BELOW:  13    1.00 INCH OR MORE:   0

[HDD (BASE 65) ]
TOTAL THIS MO.  1217    CLEAR  (SCALE 0-3)  10
DPTR FM NORMAL   242    PTCLDY (SCALE 4-7)   8
TOTAL FM JUL 1  4500    CLOUDY (SCALE 8-10)  2
DPTR FM NORMAL   -54

[CDD (BASE 65) ]
TOTAL THIS MO.     0
DPTR FM NORMAL     0    [PRESSURE DATA]
TOTAL FM JAN 1     0    HIGHEST SLP M ON M
DPTR FM NORMAL     0    LOWEST  SLP 29.38 ON 20

[REMARKS]
