000
CXUS53 KBIS 280732
CF6HEI
PRELIMINARY LOCAL CLIMATOLOGICAL DATA (WS FORM: F-6)

                                          STATION:   HETTINGER ND
                                          MONTH:     JANUARY
                                          YEAR:      2015
                                          LATITUDE:   46  0 N
                                          LONGITUDE: 102 39 W

  TEMPERATURE IN F:       :PCPN:    SNOW:  WIND      :SUNSHINE: SKY     :PK WND
================================================================================
1   2   3   4   5  6A  6B    7    8   9   10  11  12  13   14  15   16   17  18
                                     12Z  AVG MX 2MIN
DY MAX MIN AVG DEP HDD CDD  WTR  SNW DPTH SPD SPD DIR MIN PSBL S-S WX    SPD DR
================================================================================

 1  31  16  24   8  41   0 0.00    M    M 12.1 22 270   M    M   9        27 280
 2  38  12  25   9  40   0 0.00    M    M  7.3 18 170   M    M   5        24 160
 3  35  -5  15  -1  50   0    T    M    M 16.0 28 330   M    M   9 18     35 350
 4   0 -19  -9 -25  74   0    T    M    M 11.0 23 310   M    M   3 18     28 320
 5   2 -17  -7 -23  72   0 0.04    M    M  9.5 17 110   M    M   4        20 100
 6   7  -3   2 -14  63   0 0.01    M    M 16.1 28 310   M    M   9        32 310
 7  12 -22  -5 -21  70   0 0.00    M    M  8.2 18 160   M    M   1        24 160
 8  25  -1  12  -4  53   0    T    M    M 29.2 40 300   M    M   5 8      52 310
 9   9  -8   1 -15  64   0 0.00    M    M 13.0 28 300   M    M   0        35 290
10  16  -1   8  -8  57   0 0.00    M    M  8.4 22 310   M    M   4        28 310
11  16 -12   2 -14  63   0    T    M    M  7.4 18 320   M    M   6        22 330
12  10 -22  -6 -22  71   0 0.00    M    M  6.4 14 160   M    M   0        18 150
13  23  -7   8  -8  57   0 0.00    M    M  9.7 29 300   M    M   3        34 300
14  38  15  27  11  38   0 0.00    M    M 12.1 23 280   M    M   1        28 260
15  43  22  33  17  32   0 0.00    M    M  9.2 17 290   M    M   0        21 270
16  47  20  34  18  31   0 0.00    M    M  9.6 37 280   M    M   2        44 280
17  39  23  31  14  34   0 0.00    M    M 20.7 36 290   M    M   1        47 300
18  44  20  32  15  33   0 0.00    M    M  6.9 16 260   M    M   3        20 260
19  44  30  37  20  28   0    T    M    M 18.4 37 290   M    M   4        47 290
20  37  30  34  17  31   0    T    M    M 19.6 29 310   M    M   8 1      39 300
21  32  15  24   7  41   0    T    M    M 10.8 24 320   M    M   6 1      32 320
22  45  18  32  15  33   0 0.00    M    M  9.7 22 240   M    M   0        26 240
23  48  24  36  19  29   0 0.00    M    M 13.9 24 280   M    M   1        29 280
24  49  32  41  24  24   0    T    M    M 20.8 43 300   M    M   7 1      53 300
25  46  31  39  22  26   0 0.00    M    M 11.3 21 280   M    M   5        25 270
26  54  28  41  24  24   0 0.00    M    M  7.4 17 280   M    M   0        21 280
27  64  26  45  28  20   0 0.00    M    M  3.8 14 290   M    M   0        17 280
================================================================================
SM  854  245      1199   0  0.05    M    328.5          M       96
================================================================================
AV 31.6  9.1                              12.2 FASTST   M    M   4    MAX(MPH)
                                 MISC ---->  # 43 300               # 53  300
================================================================================
NOTES:
# LAST OF SEVERAL OCCURRENCES

COLUMN 17 PEAK WIND IN M.P.H.

PRELIMINARY LOCAL CLIMATOLOGICAL DATA (WS FORM: F-6) , PAGE 2

                                          STATION:  HETTINGER ND
                                          MONTH:    JANUARY
                                          YEAR:     2015
                                          LATITUDE:   46  0 N
                                          LONGITUDE: 102 39 W

[TEMPERATURE DATA]      [PRECIPITATION DATA]       SYMBOLS USED IN COLUMN 16

AVERAGE MONTHLY: 20.4   TOTAL FOR MONTH:   0.05    1 = FOG OR MIST
DPTR FM NORMAL:   3.9   DPTR FM NORMAL:   -0.22    2 = FOG REDUCING VISIBILITY
HIGHEST:    64 ON 27    GRTST 24HR  0.04 ON  5- 5      TO 1/4 MILE OR LESS
LOWEST:    -22 ON 12, 7                            3 = THUNDER
                        SNOW, ICE PELLETS, HAIL    4 = ICE PELLETS
                        TOTAL MONTH:    M          5 = HAIL
                        GRTST 24HR    M  ON   M    6 = FREEZING RAIN OR DRIZZLE
                        GRTST DEPTH:  M  ON   M    7 = DUSTSTORM OR SANDSTORM:
                                                       VSBY 1/2 MILE OR LESS
                                                   8 = SMOKE OR HAZE
[NO. OF DAYS WITH]      [WEATHER - DAYS WITH]      9 = BLOWING SNOW
                                                   X = TORNADO
MAX 32 OR BELOW:  12    0.01 INCH OR MORE:   2
MAX 90 OR ABOVE:   0    0.10 INCH OR MORE:   0
MIN 32 OR BELOW:  27    0.50 INCH OR MORE:   0
MIN  0 OR BELOW:  11    1.00 INCH OR MORE:   0

[HDD (BASE 65) ]
TOTAL THIS MO.  1199    CLEAR  (SCALE 0-3)  13
DPTR FM NORMAL  -112    PTCLDY (SCALE 4-7)  10
TOTAL FM JUL 1  4776    CLOUDY (SCALE 8-10)  4
DPTR FM NORMAL  -114

[CDD (BASE 65) ]
TOTAL THIS MO.     0
DPTR FM NORMAL     0    [PRESSURE DATA]
TOTAL FM JAN 1     0    HIGHEST SLP M ON M
DPTR FM NORMAL     0    LOWEST  SLP 29.57 ON 17

[REMARKS]
