000
CXUS51 KLWX 190620
CF6HGR
PRELIMINARY LOCAL CLIMATOLOGICAL DATA (WS FORM: F-6)

                                          STATION:   HAGERSTOWN MD
                                          MONTH:     JANUARY
                                          YEAR:      2017
                                          LATITUDE:   39 42 N
                                          LONGITUDE:  77 43 W

  TEMPERATURE IN F:       :PCPN:    SNOW:  WIND      :SUNSHINE: SKY     :PK WND
================================================================================
1   2   3   4   5  6A  6B    7    8   9   10  11  12  13   14  15   16   17  18
                                     12Z  AVG MX 2MIN
DY MAX MIN AVG DEP HDD CDD  WTR  SNW DPTH SPD SPD DIR MIN PSBL S-S WX    SPD DR
================================================================================

 1  51  36  44  13  21   0 0.00    M    M  5.8 16 290   M    M   4        23 290
 2  42  36  39   8  26   0 0.57    M    M  5.0 10 360   M    M  10 1      13 360
 3  42  38  40   9  25   0 0.54    M    M  5.2 12 350   M    M  10 1      13 360
 4  51  28  40   9  25   0 0.00    M    M 14.2 36 280   M    M   6 12     45 270
 5  32  23  28  -3  37   0 0.02    M    M  5.8 13 270   M    M   5 1      17 260
 6  27  18  23  -7  42   0    T    M    M  7.4 18 310   M    M   5 1      20 300
 7  24  16  20 -10  45   0 0.00    M    M 11.8 24 320   M    M   6        30 310
 8  21  12  17 -13  48   0 0.00    M    M 16.8 31 300   M    M   3        37 300
 9  26  12  19 -11  46   0 0.00    M    M  8.5 17 160   M    M   2        22 160
10  37  18  28  -2  37   0 0.11    M    M  8.5 20 170   M    M   7 68     27 160
11  52  36  44  14  21   0 0.29    M    M  9.5 21 160   M    M   4 1      25 160
12  66  45  56  26   9   0 0.02    M    M  9.7 17 180   M    M   7        23 160
13  60  35  48  18  17   0 0.00    M    M  9.7 22 310   M    M   1        29 320
14  36  30  33   3  32   0 0.11    M    M  4.5 10 150   M    M   7 168    12 140
15  40  27  34   3  31   0 0.00    M    M  2.4 12 330   M    M   3 128    13 320
16  40  27  34   3  31   0    T    M    M  3.5  8 350   M    M   9 18      9 360
17  41  34  38   7  27   0 0.16    M    M  4.6 15 330   M    M  10 128    20 320
18  52  40  46  15  19   0 0.01    M    M  8.3 23 290   M    M  10 1      26 290
================================================================================
SM  740  511       539   0  1.83    M    141.2          M      109
================================================================================
AV 41.1 28.4                               7.8 FASTST   M    M   6    MAX(MPH)
                                 MISC ---->  # 36 280               # 45  270
================================================================================
NOTES:
# LAST OF SEVERAL OCCURRENCES

COLUMN 17 PEAK WIND IN M.P.H.

PRELIMINARY LOCAL CLIMATOLOGICAL DATA (WS FORM: F-6) , PAGE 2

                                          STATION:  HAGERSTOWN MD
                                          MONTH:    JANUARY
                                          YEAR:     2017
                                          LATITUDE:   39 42 N
                                          LONGITUDE:  77 43 W

[TEMPERATURE DATA]      [PRECIPITATION DATA]       SYMBOLS USED IN COLUMN 16

AVERAGE MONTHLY: 34.8   TOTAL FOR MONTH:   1.83    1 = FOG OR MIST
DPTR FM NORMAL:   4.2   DPTR FM NORMAL:    0.23    2 = FOG REDUCING VISIBILITY
HIGHEST:    66 ON 12    GRTST 24HR  0.57 ON  2- 2      TO 1/4 MILE OR LESS
LOWEST:     12 ON  9, 8                            3 = THUNDER
                        SNOW, ICE PELLETS, HAIL    4 = ICE PELLETS
                        TOTAL MONTH:    M          5 = HAIL
                        GRTST 24HR    M  ON   M    6 = FREEZING RAIN OR DRIZZLE
                        GRTST DEPTH:  M  ON   M    7 = DUSTSTORM OR SANDSTORM:
                                                       VSBY 1/2 MILE OR LESS
                                                   8 = SMOKE OR HAZE
[NO. OF DAYS WITH]      [WEATHER - DAYS WITH]      9 = BLOWING SNOW
                                                   X = TORNADO
MAX 32 OR BELOW:   5    0.01 INCH OR MORE:   9
MAX 90 OR ABOVE:   0    0.10 INCH OR MORE:   6
MIN 32 OR BELOW:  10    0.50 INCH OR MORE:   2
MIN  0 OR BELOW:   0    1.00 INCH OR MORE:   0

[HDD (BASE 65) ]
TOTAL THIS MO.   539    CLEAR  (SCALE 0-3)   4
DPTR FM NORMAL   -78    PTCLDY (SCALE 4-7)   9
TOTAL FM JUL 1  2111    CLOUDY (SCALE 8-10)  5
DPTR FM NORMAL  -470

[CDD (BASE 65) ]
TOTAL THIS MO.     0
DPTR FM NORMAL     0    [PRESSURE DATA]
TOTAL FM JAN 1     0    HIGHEST SLP M ON M
DPTR FM NORMAL     0    LOWEST  SLP 29.52 ON  4

[REMARKS]
