000
CXUS54 KHGX 231415
CF6HGX
PRELIMINARY LOCAL CLIMATOLOGICAL DATA (WS FORM: F-6)

                                          STATION:   DICKINSON  WFO
                                          MONTH:     APRIL
                                          YEAR:      2014
                                          LATITUDE:   29 28 N
                                          LONGITUDE:  95  5 W

  TEMPERATURE IN F:       :PCPN:    SNOW:  WIND      :SUNSHINE: SKY     :PK WND
================================================================================
1   2   3   4   5  6A  6B    7    8   9   10  11  12  13   14  15   16   17  18
                                     12Z  AVG MX 2MIN
DY MAX MIN AVG DEP HDD CDD  WTR  SNW DPTH SPD SPD DIR MIN PSBL S-S WX    SPD DR
================================================================================

 1  79  66  73   8   0   8 0.03  0.0    M   M   M   M   M    M   M         M  M
 2  78  69  74   9   0   9    T  0.0    M   M   M   M   M    M   M 1       M  M
 3  74  70  72   7   0   7 0.01    M    M   M   M   M   M    M   M 1       M  M
 4  76  63  70   5   0   5 0.02    M    M   M   M   M   M    M   M 3       M  M
 5  70  59  65   0   0   0 0.01    M    M   M   M   M   M    M   M 1       M  M
 6  75  54  65  -1   0   0 0.39    M    M   M   M   M   M    M   M 1       M  M
 7  76  51  64  -2   1   0 0.00    M    M   M   M   M   M    M   M         M  M
 8  74  51  63  -3   2   0    T  0.0    M   M   M   M   M    M   M         M  M
 9  76  44  60  -6   5   0 0.00  0.0    M   M   M   M   M    M   M         M  M
10  77  58  68   2   0   3 0.00  0.0    M   M   M   M   M    M   M         M  M
11  79  63  71   4   0   6 0.00    M    M   M   M   M   M    M   M         M  M
12  78  65  72   5   0   7 0.00    M    M   M   M   M   M    M   M         M  M
13  78  68  73   6   0   8 0.02    M    M   M   M   M   M    M   M         M  M
14  77  46  62  -5   3   0 0.93    M    M   M   M   M   M    M   M         M  M
15  64  43  54 -14  11   0 0.00    M    M   M   M   M   M    M   M         M  M
16  67  40  54 -14  11   0 0.00    M    M   M   M   M   M    M   M         M  M
17  68  59  64  -4   1   0 0.03  0.0    M   M   M   M   M    M   M         M  M
18  78  57  68   0   0   3 0.00  0.0    M   M   M   M   M    M   M         M  M
19  78  55  67  -1   0   2 0.00  0.0    M   M   M   M   M    M   M         M  M
20  78  56  67  -2   0   2 0.00  0.0    M   M   M   M   M    M   M         M  M
21  78  60  69   0   0   4 0.00    M    M   M   M   M   M    M   M         M  M
22  83  64  74   5   0   9 0.00    M    M   M   M   M   M    M   M         M  M
================================================================================
SM 1661 1261        34  73  1.44     0.0     M          M        M
================================================================================
AV 75.5 57.3                                 M FASTST   M    M   5    MAX(MPH)
                                 MISC ---->     M   M                  M    M
================================================================================
NOTES:
# LAST OF SEVERAL OCCURRENCES

COLUMN 17 PEAK WIND IN M.P.H.

PRELIMINARY LOCAL CLIMATOLOGICAL DATA (WS FORM: F-6) , PAGE 2

                                          STATION:  DICKINSON  WFO
                                          MONTH:    APRIL
                                          YEAR:     2014
                                          LATITUDE:   29 28 N
                                          LONGITUDE:  95  5 W

[TEMPERATURE DATA]      [PRECIPITATION DATA]       SYMBOLS USED IN COLUMN 16

AVERAGE MONTHLY: 66.4   TOTAL FOR MONTH:   1.44    1 = FOG OR MIST
DPTR FM NORMAL:  -0.4   DPTR FM NORMAL:   -1.08    2 = FOG REDUCING VISIBILITY
HIGHEST:    83 ON 22    GRTST 24HR  0.93 ON 14-14      TO 1/4 MILE OR LESS
LOWEST:     40 ON 16                               3 = THUNDER
                        SNOW, ICE PELLETS, HAIL    4 = ICE PELLETS
                        TOTAL MONTH:   0.0 INCH    5 = HAIL
                        GRTST 24HR     0.0         6 = FREEZING RAIN OR DRIZZLE
                        GRTST DEPTH:  M  ON   M    7 = DUSTSTORM OR SANDSTORM:
                                                       VSBY 1/2 MILE OR LESS
                                                   8 = SMOKE OR HAZE
[NO. OF DAYS WITH]      [WEATHER - DAYS WITH]      9 = BLOWING SNOW
                                                   X = TORNADO
MAX 32 OR BELOW:   0    0.01 INCH OR MORE:   8
MAX 90 OR ABOVE:   0    0.10 INCH OR MORE:   2
MIN 32 OR BELOW:   0    0.50 INCH OR MORE:   1
MIN  0 OR BELOW:   0    1.00 INCH OR MORE:   0

[HDD (BASE 65) ]
TOTAL THIS MO.    34    CLEAR  (SCALE 0-3)   0
DPTR FM NORMAL    -7    PTCLDY (SCALE 4-7)   0
TOTAL FM JUL 1  1718    CLOUDY (SCALE 8-10)  0
DPTR FM NORMAL   323

[CDD (BASE 65) ]
TOTAL THIS MO.    73
DPTR FM NORMAL    -9    [PRESSURE DATA]
TOTAL FM JAN 1   142    HIGHEST SLP M ON M
DPTR FM NORMAL   -16    LOWEST  SLP M ON M

[REMARKS]
