000
CXUS56 KHNX 311146
CF6HJO
PRELIMINARY LOCAL CLIMATOLOGICAL DATA (WS FORM: F-6)

                                          STATION:   HANFORD CA AIRPORT
                                          MONTH:     JULY
                                          YEAR:      2015
                                          LATITUDE:   36 19 N
                                          LONGITUDE: 119 38 W

  TEMPERATURE IN F:       :PCPN:    SNOW:  WIND      :SUNSHINE: SKY     :PK WND
================================================================================
1   2   3   4   5  6A  6B    7    8   9   10  11  12  13   14  15   16   17  18
                                     12Z  AVG MX 2MIN
DY MAX MIN AVG DEP HDD CDD  WTR  SNW DPTH SPD SPD DIR MIN PSBL S-S WX    SPD DR
================================================================================

 1 100  75  88  10   0  23    T  0.0    0  5.9 15 130   M    M   0 8      19 120
 2  97  74  86   8   0  21    T  0.0    0  4.4 13 330   M    M   0 38     16 320
 3 103  73  88  10   0  23 0.00  0.0    0  8.4 15 320   M    M   0        19 300
 4 103  73  88  10   0  23 0.00  0.0    0  8.1 16 320   M    M   0 8      21 320
 5  99  72  86   8   0  21 0.00  0.0    0  8.1 17 320   M    M   0        22 320
 6  96  68  82   4   0  17 0.00  0.0    0 10.9 18 320   M    M   0        23 310
 7  94  67  81   2   0  16 0.00  0.0    0  9.8 21 320   M    M   0        26 320
 8  93  64  79   0   0  14 0.00  0.0    0  8.0 20 320   M    M   0        26 330
 9  85  61  73  -6   0   8 0.31  0.0    0  6.5 15 310   M    M   2 13     21 310
10  87  62  75  -4   0  10 0.00  0.0    0  8.3 15 320   M    M   0        20 310
11  91  63  77  -2   0  12 0.00  0.0    0  8.1 15 310   M    M   0 8      20 300
12  93  65  79   0   0  14 0.00  0.0    0  8.5 17 310   M    M   0        23 300
13  95  67  81   2   0  16 0.00  0.0    0  9.9 18 320   M    M   0        23 310
14  96  64  80   1   0  15 0.00  0.0    0  8.8 17 320   M    M   0        21 330
15  96  62  79  -1   0  14 0.00  0.0    0  6.0 13 330   M    M   0 8      17 330
16  99  66  83   3   0  18 0.00  0.0    0  5.8 13 320   M    M   0        15 330
17 101  68  85   5   0  20 0.00  0.0    0  6.0 14 300   M    M   0        17 300
18 101  65  83   3   0  18 0.06  0.0    0  5.4 24 150   M    M   1 3      31 140
19  91  70  81   1   0  16 0.00  0.0    0  6.9 14 320   M    M   0        18 280
20  96  71  84   4   0  19    T  0.0    0  3.5 10 300   M    M   1 18     13 320
21 100  73  87   7   0  22 0.00  0.0    0  6.1 17 330   M    M   0        22 330
22  97  68  83   3   0  18 0.00  0.0    0  7.5 17 320   M    M   2        23 320
23  94  62  78  -2   0  13 0.00  0.0    0  6.2 14 310   M    M   0        20 320
24  96  63  80   0   0  15 0.00  0.0    0  8.0 15 310   M    M   0        19 310
25  99  68  84   4   0  19 0.00  0.0    0  8.9 18 310   M    M   0        23 310
26  96  63  80   0   0  15 0.00  0.0    0  7.0 16 320   M    M   0        22 320
27  97  60  79  -1   0  14 0.00  0.0    0  7.4 15 300   M    M   0        19 320
28 100  62  81   1   0  16 0.00  0.0    0  5.3 14 320   M    M   0        16 310
29 106  64  85   5   0  20 0.00  0.0    0  4.1 12 320   M    M   0 8      15  40
30 102  69  86   6   0  21 0.00  0.0    0  3.6 10 310   M    M   0        14 300
================================================================================
SM 2903 2002         0 511  0.37     0.0 211.4          M        6
================================================================================
AV 96.8 66.7                               7.0 FASTST   M    M   0    MAX(MPH)
                                 MISC ---->  # 24 150               # 31  140
================================================================================
NOTES:
# LAST OF SEVERAL OCCURRENCES

COLUMN 17 PEAK WIND IN M.P.H.

PRELIMINARY LOCAL CLIMATOLOGICAL DATA (WS FORM: F-6) , PAGE 2

                                          STATION:  HANFORD CA AIRPORT
                                          MONTH:    JULY
                                          YEAR:     2015
                                          LATITUDE:   36 19 N
                                          LONGITUDE: 119 38 W

[TEMPERATURE DATA]      [PRECIPITATION DATA]       SYMBOLS USED IN COLUMN 16

AVERAGE MONTHLY: 81.8   TOTAL FOR MONTH:   0.37    1 = FOG OR MIST
DPTR FM NORMAL:   2.4   DPTR FM NORMAL:    0.35    2 = FOG REDUCING VISIBILITY
HIGHEST:   106 ON 29    GRTST 24HR  0.31 ON  9- 9      TO 1/4 MILE OR LESS
LOWEST:     60 ON 27                               3 = THUNDER
                        SNOW, ICE PELLETS, HAIL    4 = ICE PELLETS
                        TOTAL MONTH:   0.0 INCH    5 = HAIL
                        GRTST 24HR     0.0         6 = FREEZING RAIN OR DRIZZLE
                        GRTST DEPTH:   0           7 = DUSTSTORM OR SANDSTORM:
                                                       VSBY 1/2 MILE OR LESS
                                                   8 = SMOKE OR HAZE
[NO. OF DAYS WITH]      [WEATHER - DAYS WITH]      9 = BLOWING SNOW
                                                   X = TORNADO
MAX 32 OR BELOW:   0    0.01 INCH OR MORE:   2
MAX 90 OR ABOVE:  28    0.10 INCH OR MORE:   1
MIN 32 OR BELOW:   0    0.50 INCH OR MORE:   0
MIN  0 OR BELOW:   0    1.00 INCH OR MORE:   0

[HDD (BASE 65) ]
TOTAL THIS MO.     0    CLEAR  (SCALE 0-3)  30
DPTR FM NORMAL     0    PTCLDY (SCALE 4-7)   0
TOTAL FM JUL 1     0    CLOUDY (SCALE 8-10)  0
DPTR FM NORMAL     0

[CDD (BASE 65) ]
TOTAL THIS MO.   511
DPTR FM NORMAL    82    [PRESSURE DATA]
TOTAL FM JAN 1  1286    HIGHEST SLP M ON M
DPTR FM NORMAL   377    LOWEST  SLP 29.66 ON 17

[REMARKS]
