000
CXUS54 KJAN 231000
CF6HKS
PRELIMINARY LOCAL CLIMATOLOGICAL DATA (WS FORM: F-6)

                                          STATION:   JACKSON HAWKINS
                                          MONTH:     MARCH
                                          YEAR:      2017
                                          LATITUDE:   32 20 N
                                          LONGITUDE:  90 14 W

  TEMPERATURE IN F:       :PCPN:    SNOW:  WIND      :SUNSHINE: SKY     :PK WND
================================================================================
1   2   3   4   5  6A  6B    7    8   9   10  11  12  13   14  15   16   17  18
                                     12Z  AVG MX 2MIN
DY MAX MIN AVG DEP HDD CDD  WTR  SNW DPTH SPD SPD DIR MIN PSBL S-S WX    SPD DR
================================================================================

 1  80  54  67  13   0   2    T  0.0    0 10.5 21 230   M    M   5        30 240
 2  64  45  55   1  10   0 0.00  0.0    0  6.3 16  30   M    M   0        25  30
 3  67  37  52  -3  13   0 0.00  0.0    0  4.0 14  40   M    M   0        21  60
 4  70  38  54  -1  11   0 0.00  0.0    0  5.4 16 140   M    M   2        23 100
 5  67  52  60   5   5   0 0.09  0.0    0  6.8 17 140   M    M   8 1      25 150
 6  80  61  71  16   0   6    T  0.0    0 16.4 25 150   M    M   9        33 150
 7  75  51  63   7   2   0 0.47  0.0    0 10.0 23 170   M    M   9 13     29 170
 8  74  40  57   1   8   0 0.00  0.0    0  4.7 14  90   M    M   0 1      23 120
 9  79  52  66  10   0   1 0.00  0.0    0  5.3 13 170   M    M   6        17 170
10  74  56  65   9   0   0 0.28  0.0    0  5.3 13  20   M    M   4 138    20  10
11  57  41  49  -7  16   0 0.24  0.0    0  8.2 15 110   M    M   8 1      19 100
12  60  38  49  -8  16   0 0.22  0.0    0  6.4 14  20   M    M   5 1      21  60
13  51  44  48  -9  17   0 0.11  0.0    0  5.0 13 320   M    M   8 1      20 320
14  48  36  42 -15  23   0    T  0.0    0  8.1 16 310   M    M   8 1      23 300
15  52  32  42 -15  23   0 0.00  0.0    0  4.7 13 340   M    M   0        18 310
16  61  35  48 -10  17   0 0.00  0.0    0  6.7 13 150   M    M   7        17 170
17  77  49  63   5   2   0 0.00  0.0    0  9.1 17 190   M    M   7        22 210
18  77  57  67   9   0   2    T  0.0    0  6.5 17 290   M    M   4 1      22 210
19  84  50  67   9   0   2 0.00  0.0    0  3.5 10 300   M    M   1 12     15 220
20  83  54  69  11   0   4 0.00  0.0    0  6.2 15 220   M    M   0        22 250
21  86  61  74  15   0   9 0.00  0.0    0  6.8 14 270   M    M   1        20 280
22  80  61  71  12   0   6 0.00  0.0    0  5.0 12  70   M    M   0        17  60
================================================================================
SM 1546 1044       163  32  1.41     0.0 150.9          M       92
================================================================================
AV 70.3 47.5                               6.9 FASTST   M    M   4    MAX(MPH)
                                 MISC ---->  # 25 150               # 33  150
================================================================================
NOTES:
# LAST OF SEVERAL OCCURRENCES

COLUMN 17 PEAK WIND IN M.P.H.

PRELIMINARY LOCAL CLIMATOLOGICAL DATA (WS FORM: F-6) , PAGE 2

                                          STATION:  JACKSON HAWKINS
                                          MONTH:    MARCH
                                          YEAR:     2017
                                          LATITUDE:   32 20 N
                                          LONGITUDE:  90 14 W

[TEMPERATURE DATA]      [PRECIPITATION DATA]       SYMBOLS USED IN COLUMN 16

AVERAGE MONTHLY: 58.9   TOTAL FOR MONTH:   1.41    1 = FOG OR MIST
DPTR FM NORMAL:   2.3   DPTR FM NORMAL:   -2.12    2 = FOG REDUCING VISIBILITY
HIGHEST:    86 ON 21    GRTST 24HR  0.47 ON  7- 7      TO 1/4 MILE OR LESS
LOWEST:     32 ON 15                               3 = THUNDER
                        SNOW, ICE PELLETS, HAIL    4 = ICE PELLETS
                        TOTAL MONTH:   0.0 INCH    5 = HAIL
                        GRTST 24HR     0.0         6 = FREEZING RAIN OR DRIZZLE
                        GRTST DEPTH:   0           7 = DUSTSTORM OR SANDSTORM:
                                                       VSBY 1/2 MILE OR LESS
                                                   8 = SMOKE OR HAZE
[NO. OF DAYS WITH]      [WEATHER - DAYS WITH]      9 = BLOWING SNOW
                                                   X = TORNADO
MAX 32 OR BELOW:   0    0.01 INCH OR MORE:   6
MAX 90 OR ABOVE:   0    0.10 INCH OR MORE:   5
MIN 32 OR BELOW:   1    0.50 INCH OR MORE:   0
MIN  0 OR BELOW:   0    1.00 INCH OR MORE:   0

[HDD (BASE 65) ]
TOTAL THIS MO.   163    CLEAR  (SCALE 0-3)   9
DPTR FM NORMAL   -38    PTCLDY (SCALE 4-7)  10
TOTAL FM JUL 1  1265    CLOUDY (SCALE 8-10)  3
DPTR FM NORMAL  -799

[CDD (BASE 65) ]
TOTAL THIS MO.    32
DPTR FM NORMAL    10    [PRESSURE DATA]
TOTAL FM JAN 1    90    HIGHEST SLP M ON M
DPTR FM NORMAL    56    LOWEST  SLP 29.89 ON  1

[REMARKS]
