000
CXUS54 KJAN 271200
CF6HKS
PRELIMINARY LOCAL CLIMATOLOGICAL DATA (WS FORM: F-6)

                                          STATION:   JACKSON HAWKINS
                                          MONTH:     JULY
                                          YEAR:      2014
                                          LATITUDE:   32 20 N
                                          LONGITUDE:  90 14 W

  TEMPERATURE IN F:       :PCPN:    SNOW:  WIND      :SUNSHINE: SKY     :PK WND
================================================================================
1   2   3   4   5  6A  6B    7    8   9   10  11  12  13   14  15   16   17  18
                                     12Z  AVG MX 2MIN
DY MAX MIN AVG DEP HDD CDD  WTR  SNW DPTH SPD SPD DIR MIN PSBL S-S WX    SPD DR
================================================================================

 1  92  76  84   3   0  19 0.00  0.0    0  4.5  M 220   M    M   1         M 320
 2  94  74  84   2   0  19 0.00  0.0    0  3.4 23 340   M    M   1 38     43 210
 3  89  71  80  -2   0  15 0.00  0.0    0  3.7  M  60   M    M   1         M 330
 4  86  67  77  -5   0  12 0.00  0.0    0  4.9  M 360   M    M   0         M 350
 5  87  63  75  -7   0  10 0.00  0.0    0  2.3  M 340   M    M   0 8       M  M
 6  90  65  78  -4   0  13 0.00  0.0    0  2.3  M  10   M    M   0         M  M
 7  92  69  81  -1   0  16 0.00  0.0    0  4.8 15  10   M    M   1        30 220
 8  92  74  83   1   0  18 0.00  0.0    0  6.8  M 110   M    M   1         M  M
 9  85  73  79  -3   0  14 0.03  0.0    0  4.5 21 110   M    M   4 18     29  80
10  90  73  82   0   0  17 0.34  0.0    0  4.4 29 320   M    M   5 138     M  M
11  89  72  81  -1   0  16 1.40  0.0    0  2.7  M   M   M    M   3 13      M  M
12  93  71  82   0   0  17 0.00  0.0    0  2.0 17 150   M    M   1 1      22 120
13  91  74  83   1   0  18 0.00  0.0    0  2.6 14  20   M    M   1 18     21  30
14  92  74  83   1   0  18 0.00  0.0    0  5.2 12 230   M    M   0        20 260
15  86  70  78  -4   0  13 0.19  0.0    0  5.7 14 260   M    M   5 13     20 270
16  82  63  73  -9   0   8 0.00  0.0    0  3.7 12  20   M    M   0        17  40
17  85  68  77  -5   0  12    T  0.0    0  4.0 12  80   M    M   2        15  90
18  81  67  74  -8   0   9 0.78  0.0    0  8.0 22 180   M    M  10 1      31 180
19  79  68  74  -8   0   9    T  0.0    0  2.8  7 340   M    M  10 1      10 270
20  87  72  80  -2   0  15 0.00  0.0    0  2.1 12 330   M    M   6         M  M
21  89  70  80  -2   0  15 0.00  0.0    0  2.2  M   M   M    M   3 1       M  M
22  89  70  80  -2   0  15 0.01  0.0    0  2.0 13 190   M    M   1        16  40
23  89  72  81  -1   0  16 0.15  0.0    0  1.7  M   M   M    M   3         M  M
24  91  71  81  -1   0  16 0.00  0.0    0  3.8 10 320   M    M   2         M 150
25  90  69  80  -2   0  15 0.00  0.0    0  3.1 14 290   M    M   1        17 300
26  94  74  84   2   0  19 0.00  0.0    0  3.4  M 260   M    M   1 8       M 280
================================================================================
SM 2304 1830         0 384  2.90     0.0  96.6          M       63
================================================================================
AV 88.6 70.4                               3.7 FASTST   M    M   2    MAX(MPH)
                                 MISC ---->  # 29 320               # 43  210
================================================================================
NOTES:
# LAST OF SEVERAL OCCURRENCES

COLUMN 17 PEAK WIND IN M.P.H.

PRELIMINARY LOCAL CLIMATOLOGICAL DATA (WS FORM: F-6) , PAGE 2

                                          STATION:  JACKSON HAWKINS
                                          MONTH:    JULY
                                          YEAR:     2014
                                          LATITUDE:   32 20 N
                                          LONGITUDE:  90 14 W

[TEMPERATURE DATA]      [PRECIPITATION DATA]       SYMBOLS USED IN COLUMN 16

AVERAGE MONTHLY: 79.5   TOTAL FOR MONTH:   2.90    1 = FOG OR MIST
DPTR FM NORMAL:  -2.5   DPTR FM NORMAL:   -0.95    2 = FOG REDUCING VISIBILITY
HIGHEST:    94 ON 26, 2 GRTST 24HR  1.40 ON 11-11      TO 1/4 MILE OR LESS
LOWEST:     63 ON 16, 5                            3 = THUNDER
                        SNOW, ICE PELLETS, HAIL    4 = ICE PELLETS
                        TOTAL MONTH:   0.0 INCH    5 = HAIL
                        GRTST 24HR     0.0         6 = FREEZING RAIN OR DRIZZLE
                        GRTST DEPTH:   0           7 = DUSTSTORM OR SANDSTORM:
                                                       VSBY 1/2 MILE OR LESS
                                                   8 = SMOKE OR HAZE
[NO. OF DAYS WITH]      [WEATHER - DAYS WITH]      9 = BLOWING SNOW
                                                   X = TORNADO
MAX 32 OR BELOW:   0    0.01 INCH OR MORE:   7
MAX 90 OR ABOVE:  12    0.10 INCH OR MORE:   5
MIN 32 OR BELOW:   0    0.50 INCH OR MORE:   2
MIN  0 OR BELOW:   0    1.00 INCH OR MORE:   1

[HDD (BASE 65) ]
TOTAL THIS MO.     0    CLEAR  (SCALE 0-3)  18
DPTR FM NORMAL     0    PTCLDY (SCALE 4-7)   6
TOTAL FM JUL 1     0    CLOUDY (SCALE 8-10)  2
DPTR FM NORMAL     0

[CDD (BASE 65) ]
TOTAL THIS MO.   384
DPTR FM NORMAL   -56    [PRESSURE DATA]
TOTAL FM JAN 1  1231    HIGHEST SLP M ON M
DPTR FM NORMAL   -16    LOWEST  SLP 29.88 ON M

[REMARKS]
