000
CXUS51 KPBZ 290804
CF6HLG
PRELIMINARY LOCAL CLIMATOLOGICAL DATA (WS FORM: F-6)

                                          STATION:   WHEELING
                                          MONTH:     MAY
                                          YEAR:      2015
                                          LATITUDE:   40 10 N
                                          LONGITUDE:  80 39 W

  TEMPERATURE IN F:       :PCPN:    SNOW:  WIND      :SUNSHINE: SKY     :PK WND
================================================================================
1   2   3   4   5  6A  6B    7    8   9   10  11  12  13   14  15   16   17  18
                                     12Z  AVG MX 2MIN
DY MAX MIN AVG DEP HDD CDD  WTR  SNW DPTH SPD SPD DIR MIN PSBL S-S WX    SPD DR
================================================================================

 1  67  46  57   1   8   0 0.01    M    M  6.0 16 340   M    M   7 18     24 140
 2  73  42  58   2   7   0 0.00    M    M  3.2 14 290   M    M   3        19 270
 3  77  52  65   8   0   0 0.00    M    M  5.9 15 190   M    M   3        20 280
 4  81  50  66   9   0   1    T    M    M  8.0 23 320   M    M   3        31 330
 5  77  60  69  12   0   4 0.25    M    M  4.3 14  10   M    M   5 1      17 360
 6  83  53  68  11   0   3 0.00    M    M  4.6 14 330   M    M   2 128    19 240
 7  85  58  72  14   0   7 0.00    M    M  3.7  9  20   M    M   0 18     12 320
 8  87  58  73  15   0   8 0.00    M    M   M   M   M   M    M   M         M  M
 9  86  66  76  18   0  11 0.00    M    M   M   M   M   M    M   0         0   0
10  88  63  76  18   0  11 0.00    M    M   M   M   M   M    M   M         M  M
11  87  64  76  17   0  11 0.15    M    M 10.1 14 220   M    M   3        18 220
12  71  52  62   3   3   0 0.04    M    M 14.8 32 260   M    M   8        45 260
13  52  43  48 -11  17   0 0.00    M    M  7.8 13 310   M    M  10         M  M
14  68  37  53  -6  12   0 0.00    M    M  5.9  9  70   M    M   0         M  M
15  80  52  66   6   0   1 0.10    M    M  9.8 14 230   0    0   0         M  M
16  76  64  70  10   0   5 0.61    M    M  7.5 12 200   M    M   8 1      17 200
17  79  65  72  12   0   7 0.15    M    M   M   M   M   M    M   M         M  M
18  81  66  74  14   0   9 0.56    M    M   M   M   M   M    M   M         M  M
19  74  50  62   1   3   0 0.00    M    M   M   M   M   M    M   3 1       M  M
20  58  45  52  -9  13   0    T    M    M  8.6 12 341   M    M   M         M  M
21  53  44  49 -12  16   0 0.08    M    M  6.4 13 320   M    M   M        16  50
22  67  45  56  -6   9   0 0.00    M    M 10.5 17 290   M    M   3        25 310
23  72  40  56  -6   9   0 0.00    M    M  4.6  9 220   0    0   0         M  M
24  81  70  76  14   0  11 0.00    M    M  4.5  7 260   0    0   0         M  M
25  79  64  72  10   0   7 0.00    M    M 11.3 17 220   M    M   4        24 220
26  81  64  73  10   0   8 0.00    M    M  8.9 14 180   M    M   5        21 220
27  80  65  73  10   0   8 0.12    M    M 10.8 14 240   M    M   6        22 230
28  79  64  72   9   0   7 0.00    M    M  4.9 13 220   M    M   2        17 220
================================================================================
SM 2122 1542        97 119  2.07    M    162.1            0     75
================================================================================
AV 75.8 55.1                               7.4 FASTST    0   0   3    MAX(MPH)
                                 MISC ---->  # 32 260               # 45  260
================================================================================
NOTES:
# LAST OF SEVERAL OCCURRENCES

COLUMN 17 PEAK WIND IN M.P.H.

PRELIMINARY LOCAL CLIMATOLOGICAL DATA (WS FORM: F-6) , PAGE 2

                                          STATION:  WHEELING
                                          MONTH:    MAY
                                          YEAR:     2015
                                          LATITUDE:   40 10 N
                                          LONGITUDE:  80 39 W

[TEMPERATURE DATA]      [PRECIPITATION DATA]       SYMBOLS USED IN COLUMN 16

AVERAGE MONTHLY: 65.4   TOTAL FOR MONTH:   2.07    1 = FOG OR MIST
DPTR FM NORMAL:   5.9   DPTR FM NORMAL:   -1.69    2 = FOG REDUCING VISIBILITY
HIGHEST:    88 ON 10    GRTST 24HR  0.61 ON 16-16      TO 1/4 MILE OR LESS
LOWEST:     37 ON 14                               3 = THUNDER
                        SNOW, ICE PELLETS, HAIL    4 = ICE PELLETS
                        TOTAL MONTH:    M          5 = HAIL
                        GRTST 24HR    M  ON   M    6 = FREEZING RAIN OR DRIZZLE
                        GRTST DEPTH:  M  ON   M    7 = DUSTSTORM OR SANDSTORM:
                                                       VSBY 1/2 MILE OR LESS
                                                   8 = SMOKE OR HAZE
[NO. OF DAYS WITH]      [WEATHER - DAYS WITH]      9 = BLOWING SNOW
                                                   X = TORNADO
MAX 32 OR BELOW:   0    0.01 INCH OR MORE:  10
MAX 90 OR ABOVE:   0    0.10 INCH OR MORE:   7
MIN 32 OR BELOW:   0    0.50 INCH OR MORE:   2
MIN  0 OR BELOW:   0    1.00 INCH OR MORE:   0

[HDD (BASE 65) ]
TOTAL THIS MO.    97    CLEAR  (SCALE 0-3)  12
DPTR FM NORMAL   -84    PTCLDY (SCALE 4-7)   9
TOTAL FM JUL 1  5883    CLOUDY (SCALE 8-10)  1
DPTR FM NORMAL   344

[CDD (BASE 65) ]
TOTAL THIS MO.   119
DPTR FM NORMAL    90    [PRESSURE DATA]
TOTAL FM JAN 1   122    HIGHEST SLP M ON M
DPTR FM NORMAL    83    LOWEST  SLP 29.89 ON 11

[REMARKS]
