000
CXUS51 KPBZ 270804
CF6HLG
PRELIMINARY LOCAL CLIMATOLOGICAL DATA (WS FORM: F-6)

                                          STATION:   WHEELING
                                          MONTH:     MAY
                                          YEAR:      2017
                                          LATITUDE:   40 10 N
                                          LONGITUDE:  80 39 W

  TEMPERATURE IN F:       :PCPN:    SNOW:  WIND      :SUNSHINE: SKY     :PK WND
================================================================================
1   2   3   4   5  6A  6B    7    8   9   10  11  12  13   14  15   16   17  18
                                     12Z  AVG MX 2MIN
DY MAX MIN AVG DEP HDD CDD  WTR  SNW DPTH SPD SPD DIR MIN PSBL S-S WX    SPD DR
================================================================================

 1  80  54  67  11   0   2 0.54  0.0    0 15.6 33 170   M    M   7 13     44 180
 2  61  46  54  -2  11   0 0.03    M    0 17.9 38 250   M    M  10        52 230
 3  59  44  52  -5  13   0    T    M    0  7.7 16 310   M    M   6        22 270
 4  67  47  57   0   8   0 0.16    M    0 10.7 22 120   M    M   8 1      31 170
 5  69  46  58   1   7   0 0.93    M    M 11.0 20 350   M    M   8 1      26 330
 6  49  41  45 -12  20   0 0.44    M    0 11.8 25 320   M    M  10 1      33 320
 7  57  41  49  -9  16   0    T    M    0 10.3 21 280   M    M   8        28 310
 8  57  35  46 -12  19   0 0.00  0.0    0  6.2 22 280   M    M   3        28 270
 9  65  30  48 -10  17   0 0.00    M    M  5.6 14 260   M    M   0        19 280
10  72  44  58   0   7   0 0.00    M    M  3.8 10  80   M    M   4        14  30
11  58  49  54  -5  11   0 1.09    M    0  6.9 15 320   M    M   8 123    21 330
12  56  49  53  -6  12   0 0.00  0.0    0  7.6 12  60   M    M  10        15  70
13  68  47  58  -1   7   0    T    M    M  7.0 16 300   M    M   6        21 350
14  72  49  61   2   4   0 0.00  0.0    0 10.3 23 270   M    M   4        32 290
15  70  41  56  -4   9   0 0.00    M    M  5.0 15 320   M    M   0        20 320
16  83  47  65   5   0   0 0.00  0.0    0  6.7 14 190   M    M   0        19 220
17  86  65  76  16   0  11 0.00    M    0 10.4 22 250   M    M   1        30 270
18  84  69  77  17   0  12 0.12    M    0 10.7 26 310   M    M   1 3      40 300
19  81  57  69   8   0   4 0.47  0.0    0  5.5 30 230   M    M   4 13     39 230
20  74  52  63   2   2   0 0.00  0.0    0  6.6 14 100   M    M   7 12     17 110
21  73  58  66   5   0   1 0.17  0.0    0 10.2 24 200   M    M   6 1      31 190
22  66  50  58  -4   7   0 0.05    M    M  8.4 17 250   M    M   4 1      26 260
23  71  46  59  -3   6   0 0.00    M    M  7.2 18 100   M    M   2        24 100
24  67  57  62   0   3   0 0.12  0.0    0 12.1 23 110   M    M   9 1      31 110
25  65  56  61  -1   4   0 0.91  0.0    0  7.4 18 230   M    M   9 1      24 230
26  70  56  63   0   2   0 0.03  0.0    0  8.7 18 260   M    M   7 1      27 270
================================================================================
SM 1780 1276       185  30  5.06     0.0 231.3          M      142
================================================================================
AV 68.5 49.1                               8.9 FASTST   M    M   5    MAX(MPH)
                                 MISC ---->  # 38 250               # 52  230
================================================================================
NOTES:
# LAST OF SEVERAL OCCURRENCES

COLUMN 17 PEAK WIND IN M.P.H.

PRELIMINARY LOCAL CLIMATOLOGICAL DATA (WS FORM: F-6) , PAGE 2

                                          STATION:  WHEELING
                                          MONTH:    MAY
                                          YEAR:     2017
                                          LATITUDE:   40 10 N
                                          LONGITUDE:  80 39 W

[TEMPERATURE DATA]      [PRECIPITATION DATA]       SYMBOLS USED IN COLUMN 16

AVERAGE MONTHLY: 58.8   TOTAL FOR MONTH:   5.06    1 = FOG OR MIST
DPTR FM NORMAL:  -0.5   DPTR FM NORMAL:    1.57    2 = FOG REDUCING VISIBILITY
HIGHEST:    86 ON 17    GRTST 24HR  1.09 ON 11-11      TO 1/4 MILE OR LESS
LOWEST:     30 ON  9                               3 = THUNDER
                        SNOW, ICE PELLETS, HAIL    4 = ICE PELLETS
                        TOTAL MONTH:   0.0 INCH    5 = HAIL
                        GRTST 24HR     0.0         6 = FREEZING RAIN OR DRIZZLE
                        GRTST DEPTH:   0           7 = DUSTSTORM OR SANDSTORM:
                                                       VSBY 1/2 MILE OR LESS
                                                   8 = SMOKE OR HAZE
[NO. OF DAYS WITH]      [WEATHER - DAYS WITH]      9 = BLOWING SNOW
                                                   X = TORNADO
MAX 32 OR BELOW:   0    0.01 INCH OR MORE:  13
MAX 90 OR ABOVE:   0    0.10 INCH OR MORE:  10
MIN 32 OR BELOW:   1    0.50 INCH OR MORE:   4
MIN  0 OR BELOW:   0    1.00 INCH OR MORE:   1

[HDD (BASE 65) ]
TOTAL THIS MO.   185    CLEAR  (SCALE 0-3)   6
DPTR FM NORMAL    12    PTCLDY (SCALE 4-7)  14
TOTAL FM JUL 1  4546    CLOUDY (SCALE 8-10)  6
DPTR FM NORMAL  -985

[CDD (BASE 65) ]
TOTAL THIS MO.    30
DPTR FM NORMAL     5    [PRESSURE DATA]
TOTAL FM JAN 1    58    HIGHEST SLP M ON M
DPTR FM NORMAL    23    LOWEST  SLP 29.34 ON  5

[REMARKS]
