000
CXUS55 KFSD 011857
CF6HON

PRELIMINARY LOCAL CLIMATOLOGICAL DATA (WS FORM: F-6)

                                          STATION:   HURON
                                          MONTH:     FEBRUARY
                                          YEAR:      2015
                                          LATITUDE:   44 22 N
                                          LONGITUDE:  98 13 W

  TEMPERATURE IN F:       :PCPN:    SNOW:  WIND      :SUNSHINE: SKY     :PK WND
================================================================================
1   2   3   4   5  6A  6B    7    8   9   10  11  12  13   14  15   16   17  18
                                     12Z  AVG MX 2MIN
DY MAX MIN AVG DEP HDD CDD  WTR  SNW DPTH SPD SPD DIR MIN PSBL S-S WX    SPD DR
================================================================================

 1  11  -8   2 -16  63   0 0.02  0.4    T 17.2 28 350   M    M   6 19     33 350
 2  20  -8   6 -12  59   0 0.00  0.0    T  8.9 20 160   M    M   2        23 160
 3  21   2  12  -6  53   0    T    T    T  6.8 15 340   M    M   8 1      17  10
 4  14   0   7 -11  58   0 0.00  0.0    T 11.3 22 340   M    M   1        26 340
 5  35   0  18  -1  47   0 0.00  0.0    T  9.6 21 170   M    M   0        27 170
 6  47  18  33  14  32   0 0.00  0.0    T  6.9 15 160   M    M   1 1      20 160
 7  54  26  40  21  25   0    T  0.0    0  5.9 15 310   M    M   0 18     19 160
 8  38  24  31  12  34   0    T  0.0    0 10.1 17 360   M    M   9 1      21 360
 9  32  24  28   8  37   0    T  0.0    0  8.7 23 140   M    M  10 16     31 140
10  40  20  30  10  35   0 0.02  0.0    0 20.3 38 330   M    M  10 16     45 330
11  22   2  12  -8  53   0    T    T    0 19.3 33 330   M    M   8        39 320
12  19  -2   9 -11  56   0 0.02  0.3    0  9.8 21 170   M    M   4 1      26 160
13  41   7  24   3  41   0    T    T    T  6.4 20 360   M    M   4        24 360
14  26   1  14  -7  51   0    T    T    0 13.5 25  30   M    M   7 1      31  30
15  25   8  17  -4  48   0 0.00  0.0    0 12.6 21 170   M    M  10        27 160
16  27  14  21  -1  44   0    T    T    0  9.1 23 360   M    M   9        28 350
17  18  -1   9 -13  56   0 0.01  0.3    T 19.1 31 330   M    M   4 1      38 310
18  12  -8   2 -20  63   0 0.00  0.0    0 10.8 20 310   M    M   1        28 320
19  26  -3  12 -11  53   0 0.00  0.0    0 11.4 24 170   M    M   6        30 170
20  50  16  33  10  32   0    T  0.0    0  9.9 21 310   M    M   9 1      24 320
21  24  -2  11 -13  54   0    T    T    0 12.7 23 340   M    M   6 1      29 340
22   7  -7   0 -24  65   0 0.00  0.0    0 10.3 20 340   M    M   0        25 330
23  37  -7  15  -9  50   0 0.00  0.0    0 12.2 24 220   M    M   1        33 210
24  40  25  33   8  32   0 0.04  0.6    0 13.4 28 330   M    M   8 1      32 330
25  25 -11   7 -18  58   0 0.15  2.4    3 14.5 24 350   M    M   8 19     34 320
26   6 -18  -6 -32  71   0 0.00  0.0    3  9.7 20 350   M    M   1        23 350
27  20 -18   1 -25  64   0 0.00  0.0    3  6.6 16 160   M    M   0 1      22 140
28  32   5  19  -7  46   0 0.00  0.0    3 12.8 21 200   M    M   1        27 200
================================================================================
SM  769   99      1380   0  0.26     4.0 319.8          M      134
================================================================================
AV 27.5  3.5                              11.4 FASTST   M    M   5    MAX(MPH)
                                 MISC ---->  # 38 330               # 45  330
================================================================================
NOTES:
# LAST OF SEVERAL OCCURRENCES
-COLUMN 17 PEAK WIND IN M.P.H.
-PRECIPITATION AMOUNTS IN COLUMNS 7,8 AND 9 ARE THE OFFICIAL
PRECIPITATION AMOUNTS FOR HURON, SD.
-SNOW DEPTH IN COLUMN 9 IS RECORDED AT 6 AM CST (12Z).

PRELIMINARY LOCAL CLIMATOLOGICAL DATA (WS FORM: F-6) , PAGE 2

                                          STATION:  HURON
                                          MONTH:    FEBRUARY
                                          YEAR:     2015
                                          LATITUDE:   44 22 N
                                          LONGITUDE:  98 13 W

[TEMPERATURE DATA]      [PRECIPITATION DATA]       SYMBOLS USED IN COLUMN 16

AVERAGE MONTHLY: 15.5   TOTAL FOR MONTH:   0.26    1 = FOG OR MIST
DPTR FM NORMAL:  -6.1   DPTR FM NORMAL:   -0.34    2 = FOG REDUCING VISIBILITY
HIGHEST:    54 ON  7    GRTST 24HR  0.19 ON 24-25      TO 1/4 MILE OR LESS
LOWEST:    -18 ON 27,26                            3 = THUNDER
                        SNOW, ICE PELLETS, HAIL    4 = ICE PELLETS
                        TOTAL MONTH:   4.0 INCHES  5 = HAIL
                        GRTST 24HR   3.0 ON 24-25  6 = FREEZING RAIN OR DRIZZLE
                        GRTST DEPTH:   3 ON 28,27  7 = DUSTSTORM OR SANDSTORM:
                                                       VSBY 1/2 MILE OR LESS
                                                   8 = SMOKE OR HAZE
[NO. OF DAYS WITH]      [WEATHER - DAYS WITH]      9 = BLOWING SNOW
                                                   X = TORNADO
MAX 32 OR BELOW:  19    0.01 INCH OR MORE:   6
MAX 90 OR ABOVE:   0    0.10 INCH OR MORE:   1
MIN 32 OR BELOW:  28    0.50 INCH OR MORE:   0
MIN  0 OR BELOW:  14    1.00 INCH OR MORE:   0

[HDD (BASE 65) ]
TOTAL THIS MO.  1380    CLEAR  (SCALE 0-3)  11
DPTR FM NORMAL   165    PTCLDY (SCALE 4-7)   9
TOTAL FM JUL 1  5937    CLOUDY (SCALE 8-10)  8
DPTR FM NORMAL   105

[CDD (BASE 65) ]
TOTAL THIS MO.     0
DPTR FM NORMAL     0    [PRESSURE DATA]
TOTAL FM JAN 1     0    HIGHEST SLP 30.89 ON 22
DPTR FM NORMAL     0    LOWEST  SLP 29.55 ON  7

[REMARKS]

RECORD DAILY MAXIMUM PRECIPITATION WAS ESTABLISHED ON THE 25TH WITH 0.15 INCHES.
THE PREVIOUS RECORD WAS 0.14 INCHES SET IN 1904.

RECORD DAILY MAXIMUM SNOWFALL WAS ESTABLISHED ON THE 25TH WITH 2.4 INCHES.
THE PREVIOUS RECORD WAS 2.0 INCHES IN 2007.

#FINAL-02-15#
