000
CXUS53 KAPX 220631
CF6HTL
PRELIMINARY LOCAL CLIMATOLOGICAL DATA (WS FORM: F-6)

                                          STATION:   HOUGHTON LAKE MI
                                          MONTH:     JUNE
                                          YEAR:      2017
                                          LATITUDE:   44 22 N
                                          LONGITUDE:  84 41 W

  TEMPERATURE IN F:       :PCPN:    SNOW:  WIND      :SUNSHINE: SKY     :PK WND
================================================================================
1   2   3   4   5  6A  6B    7    8   9   10  11  12  13   14  15   16   17  18
                                     12Z  AVG MX 2MIN
DY MAX MIN AVG DEP HDD CDD  WTR  SNW DPTH SPD SPD DIR MIN PSBL S-S WX    SPD DR
================================================================================

 1  70  35  53  -6  12   0 0.00  0.0    0  6.9 21 300   M    M   2 1      30 310
 2  80  42  61   2   4   0    T  0.0    0  5.1 20 330   M    M   3 1      29 340
 3  77  47  62   3   3   0 0.15  0.0    0  6.4 17 270   M    M   4 1      22 270
 4  84  55  70  10   0   5 0.08  0.0    0  7.1 21 290   M    M   4 12     28 280
 5  73  50  62   2   3   0 0.04  0.0    0  7.4 26  30   M    M   6 3      34  30
 6  75  48  62   2   3   0 0.00  0.0    0  9.0 22  60   M    M   3        31  40
 7  79  42  61   0   4   0 0.00  0.0    0  3.3 13  20   M    M   1 12     19  20
 8  80  44  62   1   3   0 0.00  0.0    0  4.4 13 330   M    M   1        18 310
 9  76  55  66   5   0   1 0.02  0.0    0  3.1 12 280   M    M   8 1      14 280
10  85  48  67   5   0   2 0.00  0.0    0 10.7 25 200   M    M   1 1      39 220
11  86  73  80  18   0  15 0.00  0.0    0 11.4 20 230   M    M   3        29 230
12  79  66  73  11   0   8 1.32  0.0    0  7.2 35 300   M    M   5 13     44 300
13  84  60  72  10   0   7    T  0.0    0  7.0 16  80   M    M   3 13     20  90
14  81  58  70   7   0   5 0.82  0.0    0  7.9 21 110   M    M   4 13     28 100
15  81  64  73  10   0   8 0.33  0.0    0  5.1 18 180   M    M   5 13     25 200
16  82  62  72   9   0   7 0.00  0.0    0  7.3 16 220   M    M   1 3      20 230
17  77  64  71   8   0   6 0.17  0.0    0  7.1 25 280   M    M   6 13     37 280
18  74  62  68   4   0   3 0.02  0.0    0 13.1 22 280   M    M   7 1      36 250
19  71  58  65   1   0   0 0.20  0.0    0  7.7 16 320   M    M   6 13     22 330
20  66  54  60  -4   5   0 0.08  0.0    0 10.8 22 270   M    M   6 1      31 280
21  76  50  63  -1   2   0 0.00  0.0    0  4.4  9 240   M    M   2        12 250
================================================================================
SM 1636 1137        39  67  3.23     0.0 152.4          M       81
================================================================================
AV 77.9 54.1                               7.3 FASTST   M    M   4    MAX(MPH)
                                 MISC ---->  # 35 300               # 44  300
================================================================================
NOTES:
# LAST OF SEVERAL OCCURRENCES

COLUMN 17 PEAK WIND IN M.P.H.

PRELIMINARY LOCAL CLIMATOLOGICAL DATA (WS FORM: F-6) , PAGE 2

                                          STATION:  HOUGHTON LAKE MI
                                          MONTH:    JUNE
                                          YEAR:     2017
                                          LATITUDE:   44 22 N
                                          LONGITUDE:  84 41 W

[TEMPERATURE DATA]      [PRECIPITATION DATA]       SYMBOLS USED IN COLUMN 16

AVERAGE MONTHLY: 66.0   TOTAL FOR MONTH:   3.23    1 = FOG OR MIST
DPTR FM NORMAL:   4.3   DPTR FM NORMAL:    1.01    2 = FOG REDUCING VISIBILITY
HIGHEST:    86 ON 11    GRTST 24HR  1.32 ON 12-12      TO 1/4 MILE OR LESS
LOWEST:     35 ON  1                               3 = THUNDER
                        SNOW, ICE PELLETS, HAIL    4 = ICE PELLETS
                        TOTAL MONTH:   0.0 INCH    5 = HAIL
                        GRTST 24HR     0.0         6 = FREEZING RAIN OR DRIZZLE
                        GRTST DEPTH:   0           7 = DUSTSTORM OR SANDSTORM:
                                                       VSBY 1/2 MILE OR LESS
                                                   8 = SMOKE OR HAZE
[NO. OF DAYS WITH]      [WEATHER - DAYS WITH]      9 = BLOWING SNOW
                                                   X = TORNADO
MAX 32 OR BELOW:   0    0.01 INCH OR MORE:  11
MAX 90 OR ABOVE:   0    0.10 INCH OR MORE:   6
MIN 32 OR BELOW:   0    0.50 INCH OR MORE:   2
MIN  0 OR BELOW:   0    1.00 INCH OR MORE:   1

[HDD (BASE 65) ]
TOTAL THIS MO.    39    CLEAR  (SCALE 0-3)  10
DPTR FM NORMAL   -63    PTCLDY (SCALE 4-7)  10
TOTAL FM JUL 1  6871    CLOUDY (SCALE 8-10)  1
DPTR FM NORMAL -1250

[CDD (BASE 65) ]
TOTAL THIS MO.    67
DPTR FM NORMAL    35    [PRESSURE DATA]
TOTAL FM JAN 1    81    HIGHEST SLP M ON M
DPTR FM NORMAL    33    LOWEST  SLP 29.58 ON 17

[REMARKS]
