000
CXUS51 KCAR 010600
CF6HUL
PRELIMINARY LOCAL CLIMATOLOGICAL DATA (WS FORM: F-6)

                                          STATION:   HOULTON ME
                                          MONTH:     JUNE
                                          YEAR:      2015
                                          LATITUDE:   46  7 N
                                          LONGITUDE:  67 48 W

  TEMPERATURE IN F:       :PCPN:    SNOW:  WIND      :SUNSHINE: SKY     :PK WND
================================================================================
1   2   3   4   5  6A  6B    7    8   9   10  11  12  13   14  15   16   17  18
                                     12Z  AVG MX 2MIN
DY MAX MIN AVG DEP HDD CDD  WTR  SNW DPTH SPD SPD DIR MIN PSBL S-S WX    SPD DR
================================================================================

 1  57  46  52  -4  13   0 0.00    M    M  3.4  9 230   M    M   3        12 230
 2  47  41  44 -12  21   0 0.40    M    M  5.9 14  30   M    M  10 1      18  50
 3  52  39  46 -10  19   0 0.00    M    M  6.0 14  30   M    M   9 1      18  20
 4  66  34  50  -7  15   0 0.00    M    M  3.8  9 200   M    M   3        14 190
 5  69  46  58   1   7   0 0.01    M    M  7.7 17 220   M    M   2        23 140
 6  65  36  51  -6  14   0 0.09    M    M  9.0 22  10   M    M   4 1      30 360
 7  70  33  52  -6  13   0 0.00    M    M  3.3  9 190   M    M   0        15 190
 8  56  50  53  -5  12   0 0.33    M    M  7.4 14 150   M    M   7 1      21 160
 9  62  55  59   1   6   0 0.19    M    M  6.2 13 170   M    M  10 1      20 150
10  71  52  62   3   3   0    T    M    M  5.9 16 260   M    M   7 1      22 280
11  80  57  69  10   0   4 0.14    M    M  8.8 22 270   M    M   5 1      29 260
12  80  59  70  11   0   5 0.11    M    M  7.7 21 310   M    M   2 1      28 310
13  78  56  67   7   0   2 0.31    M    M  6.4 20 290   M    M   5 1      28 320
14  70  42  56  -4   9   0 0.00    M    M  7.1 21 360   M    M   0        26 360
15  75  40  58  -2   7   0 0.00    M    M  8.0 21 220   M    M   1        27 230
16  62  54  58  -2   7   0 0.09    M    M  7.5 10 160   M    M  10 1      18 200
17  73  48  61   0   4   0    T    M    M  6.9 21 350   M    M   0        28 340
18  76  47  62   1   3   0 0.00    M    M  7.9 17 210   M    M   0        29 230
19  68  38  53  -8  12   0 0.31    M    M  7.6 20  10   M    M   5 1      24 360
20  71  35  53  -9  12   0 0.00    M    M  4.1 13 230   M    M   0         M  M
21  56  51  54  -8  11   0 1.23    M    M  6.3 17 140   M    M   8 1      27 140
22  69  50  60  -2   5   0 0.00    M    M  7.4 16 340   M    M   7        21 340
23  58  50  54  -8  11   0 0.31    M    M  8.3 20 150   M    M   9 1      29 180
24  76  54  65   2   0   0 0.00    M    M  9.2 18 310   M    M   2 1      27 280
25  72  42  57  -6   8   0 0.00    M    M  7.7 21 270   M    M   4        30 290
26   M   M   M   M   M   M 0.00  0.0    M  1.6  5 160   M    M   4 1       M  M
27  74  41  58  -5   7   0 0.00    M    M  2.4  9 190   M    M   3 12     13 180
28  59  49  54 -10  11   0 0.37    M    M  5.0 13  50   M    M   4 1      19  60
29  67  49  58  -6   7   0 0.13    M    M  5.2 13 230   M    M   9 1      17 240
30  76  55  66   2   0   1 0.00    M    M  4.6 12 250   M    M   6        15 260
================================================================================
SM 1955 1349       237  12  4.02     0.0 188.3          M      139
================================================================================
AV 67.4 46.5                               6.3 FASTST   M    M   5    MAX(MPH)
                                 MISC ---->  # 22  10               # 30  360
================================================================================
NOTES:
# LAST OF SEVERAL OCCURRENCES

COLUMN 17 PEAK WIND IN M.P.H.

PRELIMINARY LOCAL CLIMATOLOGICAL DATA (WS FORM: F-6) , PAGE 2

                                          STATION:  HOULTON ME
                                          MONTH:    JUNE
                                          YEAR:     2015
                                          LATITUDE:   46  7 N
                                          LONGITUDE:  67 48 W

[TEMPERATURE DATA]      [PRECIPITATION DATA]       SYMBOLS USED IN COLUMN 16

AVERAGE MONTHLY: 57.0   TOTAL FOR MONTH:   4.02    1 = FOG OR MIST
DPTR FM NORMAL:  -3.2   DPTR FM NORMAL:    0.37    2 = FOG REDUCING VISIBILITY
HIGHEST:    80 ON 12,11 GRTST 24HR  1.23 ON 21-21      TO 1/4 MILE OR LESS
LOWEST:     33 ON  7                               3 = THUNDER
                        SNOW, ICE PELLETS, HAIL    4 = ICE PELLETS
                        TOTAL MONTH:   0.0 INCH    5 = HAIL
                        GRTST 24HR     0.0         6 = FREEZING RAIN OR DRIZZLE
                        GRTST DEPTH:  M  ON   M    7 = DUSTSTORM OR SANDSTORM:
                                                       VSBY 1/2 MILE OR LESS
                                                   8 = SMOKE OR HAZE
[NO. OF DAYS WITH]      [WEATHER - DAYS WITH]      9 = BLOWING SNOW
                                                   X = TORNADO
MAX 32 OR BELOW:   0    0.01 INCH OR MORE:  14
MAX 90 OR ABOVE:   0    0.10 INCH OR MORE:  11
MIN 32 OR BELOW:   0    0.50 INCH OR MORE:   1
MIN  0 OR BELOW:   0    1.00 INCH OR MORE:   1

[HDD (BASE 65) ]
TOTAL THIS MO.   237    CLEAR  (SCALE 0-3)  12
DPTR FM NORMAL    56    PTCLDY (SCALE 4-7)  12
TOTAL FM JUL 1  9352    CLOUDY (SCALE 8-10)  6
DPTR FM NORMAL   164

[CDD (BASE 65) ]
TOTAL THIS MO.    12
DPTR FM NORMAL   -23    [PRESSURE DATA]
TOTAL FM JAN 1    37    HIGHEST SLP 30.42 ON  1
DPTR FM NORMAL    -2    LOWEST  SLP 29.57 ON 10

[REMARKS]
#FINAL-06-15#
