000
CXUS56 KTFX 221205
CF6HVR
PRELIMINARY LOCAL CLIMATOLOGICAL DATA (WS FORM: F-6)

                                          STATION:   HAVRE MT
                                          MONTH:     JANUARY
                                          YEAR:      2017
                                          LATITUDE:   48 32 N
                                          LONGITUDE: 109 46 W

  TEMPERATURE IN F:       :PCPN:    SNOW:  WIND      :SUNSHINE: SKY     :PK WND
================================================================================
1   2   3   4   5  6A  6B    7    8   9   10  11  12  13   14  15   16   17  18
                                     12Z  AVG MX 2MIN
DY MAX MIN AVG DEP HDD CDD  WTR  SNW DPTH SPD SPD DIR MIN PSBL S-S WX    SPD DR
================================================================================

 1  23   9  16  -1  49   0 0.11  2.3    1 15.6 25  70   M    M  10 189    31  70
 2  10 -12  -1 -18  66   0 0.01  0.2    2  5.2 14  60   M    M   9 18     18  30
 3  -1 -20 -10 -27  75   0    T    T    4  4.1 16 230   M    M   5 18     19 230
 4  11 -15  -2 -19  67   0    T    T    4 12.6 25 220   M    M   8 189    28 210
 5  18  -9   5 -12  60   0 0.02  0.2    4 16.1 28 220   M    M   8 1      31 220
 6  17   5  11  -6  54   0 0.09  0.8    5 13.1 20  80   M    M  10 1      22  90
 7   7 -17  -5 -22  70   0 0.00  0.0    5  3.6 14 220   M    M   6 1      15 230
 8   6   1   4 -13  61   0 0.07  1.0    6 11.0 26  80   M    M   6 18     31  70
 9   7  -3   2 -15  63   0 0.19  1.0    7  9.8 28  80   M    M  10 128    32  80
10   2 -17  -7 -24  72   0 0.05  0.5    8 10.7 21 320   M    M   9 18     23 220
11   0 -29 -14 -31  79   0 0.00  0.0    8 17.8 29 220   M    M   1 18     33 230
12   0 -19  -9 -27  74   0 0.00  0.0    8  7.2 20  70   M    M   1        21  70
13  14 -20  -3 -21  68   0 0.00  0.0    8  6.7 14 260   M    M   0        17 250
14  19 -10   5 -13  60   0 0.00  0.0    8  6.9 15 240   M    M   0        18 260
15  30   6  18   0  47   0 0.00  0.0    8 15.0 29 220   M    M   0        34 220
16  31   7  19   1  46   0 0.00  0.0    8 10.6 31 220   M    M   0        36 220
17  44  31  38  20  27   0 0.00  0.0    8 23.4 37 220   M    M   0        41 210
18  46  33  40  22  25   0 0.00  0.0    4 12.5 25 230   M    M   0        28 230
19  42  30  36  18  29   0 0.00  0.0    1  7.2 16 230   M    M   2        18 230
20  40  18  29  11  36   0 0.00  0.0    T  6.1 16 230   M    M   1        18 220
21  33  10  22   4  43   0 0.00  0.0    T  7.0 17 240   M    M   1 12     20 230
================================================================================
SM  399  -21      1171   0  0.54     6.0 222.2          M       87
================================================================================
AV 19.0 -1.0                              10.6 FASTST   M    M   4    MAX(MPH)
                                 MISC ---->  # 37 220               # 41  210
================================================================================
NOTES:
# LAST OF SEVERAL OCCURRENCES

COLUMN 17 PEAK WIND IN M.P.H.

PRELIMINARY LOCAL CLIMATOLOGICAL DATA (WS FORM: F-6) , PAGE 2

                                          STATION:  HAVRE MT
                                          MONTH:    JANUARY
                                          YEAR:     2017
                                          LATITUDE:   48 32 N
                                          LONGITUDE: 109 46 W

[TEMPERATURE DATA]      [PRECIPITATION DATA]       SYMBOLS USED IN COLUMN 16

AVERAGE MONTHLY:  9.0   TOTAL FOR MONTH:   0.54    1 = FOG OR MIST
DPTR FM NORMAL:  -8.5   DPTR FM NORMAL:    0.29    2 = FOG REDUCING VISIBILITY
HIGHEST:    46 ON 18    GRTST 24HR  0.21 ON  8- 9      TO 1/4 MILE OR LESS
LOWEST:    -29 ON 11                               3 = THUNDER
                        SNOW, ICE PELLETS, HAIL    4 = ICE PELLETS
                        TOTAL MONTH:   6.0 INCHES  5 = HAIL
                        GRTST 24HR   2.3 ON   M    6 = FREEZING RAIN OR DRIZZLE
                        GRTST DEPTH:   8 ON 17,16  7 = DUSTSTORM OR SANDSTORM:
                                                       VSBY 1/2 MILE OR LESS
                                                   8 = SMOKE OR HAZE
[NO. OF DAYS WITH]      [WEATHER - DAYS WITH]      9 = BLOWING SNOW
                                                   X = TORNADO
MAX 32 OR BELOW:  16    0.01 INCH OR MORE:   7
MAX 90 OR ABOVE:   0    0.10 INCH OR MORE:   2
MIN 32 OR BELOW:  20    0.50 INCH OR MORE:   0
MIN  0 OR BELOW:  11    1.00 INCH OR MORE:   0

[HDD (BASE 65) ]
TOTAL THIS MO.  1171    CLEAR  (SCALE 0-3)  11
DPTR FM NORMAL   173    PTCLDY (SCALE 4-7)   5
TOTAL FM JUL 1  4484    CLOUDY (SCALE 8-10)  5
DPTR FM NORMAL    20

[CDD (BASE 65) ]
TOTAL THIS MO.     0
DPTR FM NORMAL     0    [PRESSURE DATA]
TOTAL FM JAN 1     0    HIGHEST SLP M ON M
DPTR FM NORMAL     0    LOWEST  SLP 29.44 ON 20

[REMARKS]
