000
CXUS56 KMTR 251000
CF6HWD
PRELIMINARY LOCAL CLIMATOLOGICAL DATA (WS FORM: F-6)

                                          STATION:   HAYWARD AIRPORT
                                          MONTH:     JULY
                                          YEAR:      2016
                                          LATITUDE:   37 39 N
                                          LONGITUDE: 122  7 W

  TEMPERATURE IN F:       :PCPN:    SNOW:  WIND      :SUNSHINE: SKY     :PK WND
================================================================================
1   2   3   4   5  6A  6B    7    8   9   10  11  12  13   14  15   16   17  18
                                     12Z  AVG MX 2MIN
DY MAX MIN AVG DEP HDD CDD  WTR  SNW DPTH SPD SPD DIR MIN PSBL S-S WX    SPD DR
================================================================================

 1  74  57  66   1   0   1 0.00  0.0    0  8.2 17 300   M    M   0        21 290
 2  76  55  66   1   0   1 0.00  0.0    0  8.9 16 320   M    M   2 8      22 330
 3  75  56  66   1   0   1 0.00  0.0    0  8.4 16 340   M    M   3         M  M
 4  75  57  66   1   0   1 0.00  0.0    0  9.6 20 310   M    M   5        27 320
 5  70  57  64  -1   1   0 0.00  0.0    0  9.6 20 300   M    M   6        40 230
 6  66  57  62  -3   3   0 0.00  0.0    0  9.6 21 290   M    M   6        25 290
 7  66  56  61  -4   4   0 0.00  0.0    0 11.2 18 300   M    M   9         M  M
 8  69  56  63  -2   2   0    T  0.0    0  9.4 20 260   M    M   6        23 260
 9  73  59  66   1   0   1 0.00  0.0    0  9.7 21 290   M    M   6        26 290
10  76  58  67   2   0   2 0.00  0.0    0  8.3 20 270   M    M   3        24 280
11  78  57  68   3   0   3 0.00  0.0    0  7.6 20 290   M    M   1 8      23 300
12  71  57  64  -1   1   0 0.00  0.0    0  9.0 15 270   M    M   3        26 230
13  84  56  70   5   0   5 0.00  0.0    0  6.5 16 290   M    M   0        31 170
14  79  56  68   3   0   3 0.00  0.0    0  8.0 16 290   M    M   0 8       M  M
15  76  56  66   1   0   1 0.00  0.0    0  8.5 18 290   M    M   3 8      22 290
16  77  58  68   3   0   3 0.00  0.0    0  9.2 18 320   M    M   4        24 310
17  69  58  64  -1   1   0 0.00  0.0    0 10.0 21 290   M    M   7        25 290
18  69  58  64  -1   1   0 0.00  0.0    0 10.6 18 300   M    M   8        22 280
19  69  57  63  -2   2   0 0.00  0.0    0  9.1 20 300   M    M   5        25  10
20  73  57  65   0   0   0 0.00  0.0    0  8.7 17 300   M    M   2        21 300
21  71  58  65   0   0   0 0.00  0.0    0  8.7 18 280   M    M   5        23 290
22  78  57  68   3   0   3 0.00  0.0    0  6.4 15 290   M    M   1        18 280
23  83  57  70   5   0   5 0.00  0.0    0  6.0 16 290   M    M   0        19 280
24  79  58  69   4   0   4 0.00  0.0    0  6.9 21 290   M    M   0        25 180
================================================================================
SM 1776 1368        15  34    T      0.0 208.1          M       85
================================================================================
AV 74.0 57.0                               8.7 FASTST   M    M   4    MAX(MPH)
                                 MISC ---->  # 21 290               # 40  230
================================================================================
NOTES:
# LAST OF SEVERAL OCCURRENCES

COLUMN 17 PEAK WIND IN M.P.H.

PRELIMINARY LOCAL CLIMATOLOGICAL DATA (WS FORM: F-6) , PAGE 2

                                          STATION:  HAYWARD AIRPORT
                                          MONTH:    JULY
                                          YEAR:     2016
                                          LATITUDE:   37 39 N
                                          LONGITUDE: 122  7 W

[TEMPERATURE DATA]      [PRECIPITATION DATA]       SYMBOLS USED IN COLUMN 16

AVERAGE MONTHLY: 65.5   TOTAL FOR MONTH:      T    1 = FOG OR MIST
DPTR FM NORMAL:   0.5   DPTR FM NORMAL:   -0.00    2 = FOG REDUCING VISIBILITY
HIGHEST:    84 ON 13    GRTST 24HR    T  ON  8- 8      TO 1/4 MILE OR LESS
LOWEST:     55 ON  2                               3 = THUNDER
                        SNOW, ICE PELLETS, HAIL    4 = ICE PELLETS
                        TOTAL MONTH:   0.0 INCH    5 = HAIL
                        GRTST 24HR     0.0         6 = FREEZING RAIN OR DRIZZLE
                        GRTST DEPTH:   0           7 = DUSTSTORM OR SANDSTORM:
                                                       VSBY 1/2 MILE OR LESS
                                                   8 = SMOKE OR HAZE
[NO. OF DAYS WITH]      [WEATHER - DAYS WITH]      9 = BLOWING SNOW
                                                   X = TORNADO
MAX 32 OR BELOW:   0    0.01 INCH OR MORE:   0
MAX 90 OR ABOVE:   0    0.10 INCH OR MORE:   0
MIN 32 OR BELOW:   0    0.50 INCH OR MORE:   0
MIN  0 OR BELOW:   0    1.00 INCH OR MORE:   0

[HDD (BASE 65) ]
TOTAL THIS MO.    15    CLEAR  (SCALE 0-3)  12
DPTR FM NORMAL   -23    PTCLDY (SCALE 4-7)  11
TOTAL FM JUL 1    15    CLOUDY (SCALE 8-10)  1
DPTR FM NORMAL   -23

[CDD (BASE 65) ]
TOTAL THIS MO.    34
DPTR FM NORMAL   -14    [PRESSURE DATA]
TOTAL FM JAN 1   154    HIGHEST SLP M ON M
DPTR FM NORMAL    36    LOWEST  SLP 29.82 ON  1

[REMARKS]
