000
CXUS55 KPIH 201200
CF6IDA

PRELIMINARY LOCAL CLIMATOLOGICAL DATA (WS FORM: F-6)

                                          STATION:   IDAHO FALLS ID
                                          MONTH:     SEPTEMBER
                                          YEAR:      2017
                                          LATITUDE:   43 31 N
                                          LONGITUDE: 112  4 W

  TEMPERATURE IN F:       :PCPN:    SNOW:  WIND      :SUNSHINE: SKY     :PK WND
================================================================================
1   2   3   4   5  6A  6B    7    8   9   10  11  12  13   14  15   16   17  18
                                     12Z  AVG MX 2MIN
DY MAX MIN AVG DEP HDD CDD  WTR  SNW DPTH SPD SPD DIR MIN PSBL S-S WX    SPD DR
================================================================================

 1  84  52  68   5   0   3 0.00    M    M  5.9 13 210   M    M   0        16 210
 2  92  45  69   6   0   4 0.00    M    M  4.5 14 190   M    M   0 18     16 180
 3  94  46  70   8   0   5 0.00    M    M  4.8 12 340   M    M   0        19 210
 4  92  46  69   7   0   4 0.00    M    M  6.6 16  10   M    M   3 8      22  20
 5  84  50  67   5   0   2 0.00    M    M  7.2 14  10   M    M   2 8      19  20
 6  87  44  66   5   0   1 0.00    M    M  3.7  9 350   M    M   0 18     11 350
 7  86  45  66   5   0   1 0.00    M    M  3.6 10 220   M    M   0 18     14 220
 8  83  48  66   6   0   1 0.00    M    M  4.3 21 200   M    M   5 18     26 200
 9  85  51  68   8   0   3 0.00    M    M  6.5 22 220   M    M   4 8      27 210
10  84  62  73  13   0   8 0.00    M    M  7.8 15 230   M    M   5 8      19 220
11  87  47  67   8   0   2 0.00    M    M  4.5 13 220   M    M   1        18 200
12  89  45  67   8   0   2    T    M    M  8.3 28 210   M    M   2        35 210
13  83  54  69  11   0   4 0.01    M    M 14.9 31 220   M    M   3        36 210
14  75  54  65   7   0   0 0.87    M    M  9.0 23 240   M    M   6 13     29 220
15  54  42  48 -10  17   0 0.37    M    M  8.8 22 190   M    M  10 1      30 210
16  54  39  47 -10  18   0 0.04    M    M  3.6 10 210   M    M   7 1      13 160
17  66  36  51  -6  14   0 0.00    M    M  5.6 12 200   M    M   3        17 200
18  71  39  55  -1  10   0 0.01    M    M  9.9 26 280   M    M   6        36 290
19  55  41  48  -8  17   0 0.05    M    M 20.7 36 220   M    M   7 1      44 210
================================================================================
SM 1505  886        76  40  1.35    M    140.2          M       64
================================================================================
AV 79.2 46.6                               7.4 FASTST   M    M   3    MAX(MPH)
                                 MISC ---->  # 36 220               # 44  210
================================================================================
NOTES:
# LAST OF SEVERAL OCCURRENCES
PRECIPITATION SUSPECT DURING FREEZING/FROZEN EVENTS

COLUMN 17 PEAK WIND IN M.P.H.

PRELIMINARY LOCAL CLIMATOLOGICAL DATA (WS FORM: F-6) , PAGE 2

                                          STATION:  IDAHO FALLS ID
                                          MONTH:    SEPTEMBER
                                          YEAR:     2017
                                          LATITUDE:   43 31 N
                                          LONGITUDE: 112  4 W

[TEMPERATURE DATA]      [PRECIPITATION DATA]       SYMBOLS USED IN COLUMN 16

AVERAGE MONTHLY: 62.9   TOTAL FOR MONTH:   1.35    1 = FOG OR MIST
DPTR FM NORMAL:   3.3   DPTR FM NORMAL:    0.84    2 = FOG REDUCING VISIBILITY
HIGHEST:    94 ON  3    GRTST 24HR  0.87 ON 14-14      TO 1/4 MILE OR LESS
LOWEST:     36 ON 17                               3 = THUNDER
                        SNOW, ICE PELLETS, HAIL    4 = ICE PELLETS
                        TOTAL MONTH:    M          5 = HAIL
                        GRTST 24HR    M  ON   M    6 = FREEZING RAIN OR DRIZZLE
                        GRTST DEPTH:  M  ON   M    7 = DUSTSTORM OR SANDSTORM:
                                                       VSBY 1/2 MILE OR LESS
                                                   8 = SMOKE OR HAZE
[NO. OF DAYS WITH]      [WEATHER - DAYS WITH]      9 = BLOWING SNOW
                                                   X = TORNADO
MAX 32 OR BELOW:   0    0.01 INCH OR MORE:   6
MAX 90 OR ABOVE:   3    0.10 INCH OR MORE:   2
MIN 32 OR BELOW:   0    0.50 INCH OR MORE:   1
MIN  0 OR BELOW:   0    1.00 INCH OR MORE:   0

[HDD (BASE 65) ]
TOTAL THIS MO.    76    CLEAR  (SCALE 0-3)  10
DPTR FM NORMAL   -37    PTCLDY (SCALE 4-7)   8
TOTAL FM JUL 1    85    CLOUDY (SCALE 8-10)  1
DPTR FM NORMAL   -93

[CDD (BASE 65) ]
TOTAL THIS MO.    40
DPTR FM NORMAL    30    [PRESSURE DATA]
TOTAL FM JAN 1   362    HIGHEST SLP M ON M
DPTR FM NORMAL   100    LOWEST  SLP 29.56 ON 18

[REMARKS]
