000
CXUS53 KUNR 290945
CF6IEN
PRELIMINARY LOCAL CLIMATOLOGICAL DATA (WS FORM: F-6)

                                          STATION:   PINE RIDGE SD
                                          MONTH:     AUGUST
                                          YEAR:      2015
                                          LATITUDE:   43  1 N
                                          LONGITUDE: 102 31 W

  TEMPERATURE IN F:       :PCPN:    SNOW:  WIND      :SUNSHINE: SKY     :PK WND
================================================================================
1   2   3   4   5  6A  6B    7    8   9   10  11  12  13   14  15   16   17  18
                                     12Z  AVG MX 2MIN
DY MAX MIN AVG DEP HDD CDD  WTR  SNW DPTH SPD SPD DIR MIN PSBL S-S WX    SPD DR
================================================================================

 1  89  58  74  -1   0   9 0.05    M    M 10.1 25 140   M    M   0 3      31 140
 2  90  54  72  -3   0   7 0.00    M    M  7.2 16  60   M    M   0        20  80
 3  89  61  75   0   0  10 0.00    M    M 10.4 17  90   M    M   0        24 150
 4  83  63  73  -1   0   8 0.00    M    M 11.0 32 130   M    M   1        43 150
 5  93  58  76   2   0  11 0.02    M    M  6.9 25 170   M    M   0 3      36 170
 6  86  53  70  -4   0   5 0.07    M    M  9.2 31 230   M    M   0 3      42 220
 7  83  56  70  -4   0   5 0.00    M    M  4.9 15 190   M    M   0        21 190
 8  89  60  75   1   0  10 0.00    M    M  6.2 20 180   M    M   2        27 160
 9  84  55  70  -4   0   5 0.00    M    M  6.3 16  20   M    M   3 1      20  20
10  87  49  68  -6   0   3 0.00    M    M  3.4 12  90   M    M   1 1      15  90
11  88  62  75   2   0  10 0.00    M    M 11.3 23 190   M    M   0        31 180
12  97  67  82   9   0  17 0.00    M    M 11.2 18 200   M    M   0        26 190
13  94  66  80   7   0  15 0.01    M    M  4.5 17 200   M    M   1        20 200
14  96  57  77   4   0  12 0.00    M    M  2.3  8 110   M    M   0         M  M
15   M   M   M   M   M   M    M    M    M   M   M   M   M    M   M         M  M
16   M   M   M   M   M   M    M    M    M   M   M   M   M    M   M         M  M
17   M   M   M   M   M   M    M    M    M   M   M   M   M    M   M         M  M
18  59  46  53 -19  12   0 0.07    M    M  7.9 21  30   M    M   4 1      26  10
19  72  46  59 -13   6   0 0.00    M    M  4.6 13 270   M    M   4        17 260
20  84  47  66  -5   0   1 0.00    M    M  3.9 10 360   M    M   0        15 360
21  88  57  73   2   0   8 0.00    M    M  8.4 23 180   M    M   0        32 180
22  73  39  56 -15   9   0    T    M    M 11.7 31 360   M    M   1 8      42  10
23  75  34  55 -15  10   0 0.00    M    M  3.4 13 270   M    M   0        15 280
24  84  38  61  -9   4   0 0.00    M    M  5.8 13  50   M    M   0        17  60
25  93  45  69  -1   0   4 0.00    M    M  6.7 17 190   M    M   0        26 190
26 100  59  80  10   0  15 0.00    M    M  8.3 28  50   M    M   0        37  40
27  77  51  64  -5   1   0 0.00    M    M  7.8 24  40   M    M   2 18     32  40
28  87  47  67  -2   0   2 0.00    M    M  2.9 10 320   M    M   0 18     19 300
================================================================================
SM 2140 1328        42 157  0.22    M    176.3          M       19
================================================================================
AV 85.6 53.1                               7.1 FASTST   M    M   1    MAX(MPH)
                                 MISC ---->  # 32 130               # 43  150
================================================================================
NOTES:
# LAST OF SEVERAL OCCURRENCES

COLUMN 17 PEAK WIND IN M.P.H.

PRELIMINARY LOCAL CLIMATOLOGICAL DATA (WS FORM: F-6) , PAGE 2

                                          STATION:  PINE RIDGE SD
                                          MONTH:    AUGUST
                                          YEAR:     2015
                                          LATITUDE:   43  1 N
                                          LONGITUDE: 102 31 W

[TEMPERATURE DATA]      [PRECIPITATION DATA]       SYMBOLS USED IN COLUMN 16

AVERAGE MONTHLY: 69.4   TOTAL FOR MONTH:   0.22    1 = FOG OR MIST
DPTR FM NORMAL:  -3.0   DPTR FM NORMAL:   -1.48    2 = FOG REDUCING VISIBILITY
HIGHEST:   100 ON 26    GRTST 24HR  0.09 ON  5- 6      TO 1/4 MILE OR LESS
LOWEST:     34 ON 23                               3 = THUNDER
                        SNOW, ICE PELLETS, HAIL    4 = ICE PELLETS
                        TOTAL MONTH:    M          5 = HAIL
                        GRTST 24HR    M  ON   M    6 = FREEZING RAIN OR DRIZZLE
                        GRTST DEPTH:  M  ON   M    7 = DUSTSTORM OR SANDSTORM:
                                                       VSBY 1/2 MILE OR LESS
                                                   8 = SMOKE OR HAZE
[NO. OF DAYS WITH]      [WEATHER - DAYS WITH]      9 = BLOWING SNOW
                                                   X = TORNADO
MAX 32 OR BELOW:   0    0.01 INCH OR MORE:   5
MAX 90 OR ABOVE:   7    0.10 INCH OR MORE:   0
MIN 32 OR BELOW:   0    0.50 INCH OR MORE:   0
MIN  0 OR BELOW:   0    1.00 INCH OR MORE:   0

[HDD (BASE 65) ]
TOTAL THIS MO.    42    CLEAR  (SCALE 0-3)  22
DPTR FM NORMAL    25    PTCLDY (SCALE 4-7)   3
TOTAL FM JUL 1    50    CLOUDY (SCALE 8-10)  0
DPTR FM NORMAL    21

[CDD (BASE 65) ]
TOTAL THIS MO.   157
DPTR FM NORMAL   -69    [PRESSURE DATA]
TOTAL FM JAN 1   474    HIGHEST SLP M ON M
DPTR FM NORMAL  -160    LOWEST  SLP 29.20 ON 22

[REMARKS]
