000
CXUS53 KUNR 280945
CF6IEN
PRELIMINARY LOCAL CLIMATOLOGICAL DATA (WS FORM: F-6)

                                          STATION:   PINE RIDGE SD
                                          MONTH:     MARCH
                                          YEAR:      2015
                                          LATITUDE:   43  1 N
                                          LONGITUDE: 102 31 W

  TEMPERATURE IN F:       :PCPN:    SNOW:  WIND      :SUNSHINE: SKY     :PK WND
================================================================================
1   2   3   4   5  6A  6B    7    8   9   10  11  12  13   14  15   16   17  18
                                     12Z  AVG MX 2MIN
DY MAX MIN AVG DEP HDD CDD  WTR  SNW DPTH SPD SPD DIR MIN PSBL S-S WX    SPD DR
================================================================================

 1  36  15  26  -5  39   0    T    M    M  5.9 20 290   M    M   4 8      25 290
 2  45  21  33   2  32   0 0.12    M    M 14.0 35 190   M    M   3 1      45 200
 3  30  -1  15 -17  50   0 0.05    M    M 11.5 29 360   M    M  10 18     39 350
 4  20 -10   5 -27  60   0 0.00    M    M  6.5 21 250   M    M   1        27 250
 5  41  -9  16 -16  49   0 0.00    M    M  7.2 21 260   M    M   0        28 250
 6  54  25  40   7  25   0 0.00    M    M 10.6 24 270   M    M   1        32 270
 7  61  23  42   9  23   0 0.00    M    M  4.8 18 260   M    M   2        25 260
 8  55  19  37   3  28   0 0.00    M    M  5.0 15 190   M    M   1        21 190
 9  63  24  44  10  21   0 0.00    M    M  6.4 17 190   M    M   0 8      24 180
10  65  20  43   9  22   0 0.00    M    M  3.5 10 300   M    M   0 8      14 300
11  74  37  56  21   9   0 0.00    M    M  9.6 26 230   M    M   0 8      32 220
12  68  36  52  17  13   0 0.00    M    M  6.8 17 250   M    M   1        21 250
13  66  25  46  11  19   0 0.00    M    M  5.2 18  20   M    M   0 8      26 340
14  74  22  48  12  17   0 0.00    M    M 13.2 24 220   M    M   0        33 210
15  82  48  65  29   0   0 0.00    M    M  8.1 18 240   M    M   0        29 280
16  72  33  53  16  12   0 0.00    M    M 12.1 30  20   M    M   2 8      39 360
17  40  29  35  -2  30   0 0.00    M    M  9.2 18 150   M    M   7 8      23 140
18  62  37  50  13  15   0 0.00    M    M 12.7 33 180   M    M   2        44 180
19  61  23  42   4  23   0 0.00    M    M  6.9 18 280   M    M   2 8      25 290
20  70  22  46   8  19   0 0.00    M    M  6.2 18 260   M    M   0 8      24 270
21  76  26  51  13  14   0 0.00    M    M  6.9 25 190   M    M   0        32 190
22  57  28  43   4  22   0 0.00    M    M  6.0 20  10   M    M   0        25 360
23  59  27  43   4  22   0    T    M    M 14.4 35 180   M    M   4        41 180
24  60  38  49  10  16   0    T    M    M 13.5 26 190   M    M   4        35 200
25  48  18  33  -7  32   0 0.00    M    M  7.6 17  30   M    M   6        23 360
26  54  17  36  -4  29   0 0.01    M    M  8.6 23  10   M    M   8        30 280
27  69  31  50  10  15   0 0.00    M    M  8.8 24 310   M    M   5        32 310
================================================================================
SM 1562  624       656   0  0.18    M    231.2          M       63
================================================================================
AV 57.9 23.1                               8.6 FASTST   M    M   2    MAX(MPH)
                                 MISC ---->  # 35 190               # 45  200
================================================================================
NOTES:
# LAST OF SEVERAL OCCURRENCES

COLUMN 17 PEAK WIND IN M.P.H.

PRELIMINARY LOCAL CLIMATOLOGICAL DATA (WS FORM: F-6) , PAGE 2

                                          STATION:  PINE RIDGE SD
                                          MONTH:    MARCH
                                          YEAR:     2015
                                          LATITUDE:   43  1 N
                                          LONGITUDE: 102 31 W

[TEMPERATURE DATA]      [PRECIPITATION DATA]       SYMBOLS USED IN COLUMN 16

AVERAGE MONTHLY: 40.5   TOTAL FOR MONTH:   0.18    1 = FOG OR MIST
DPTR FM NORMAL:   4.7   DPTR FM NORMAL:   -0.54    2 = FOG REDUCING VISIBILITY
HIGHEST:    82 ON 15    GRTST 24HR  0.12 ON  2- 2      TO 1/4 MILE OR LESS
LOWEST:    -10 ON  4                               3 = THUNDER
                        SNOW, ICE PELLETS, HAIL    4 = ICE PELLETS
                        TOTAL MONTH:    M          5 = HAIL
                        GRTST 24HR    M  ON   M    6 = FREEZING RAIN OR DRIZZLE
                        GRTST DEPTH:  M  ON   M    7 = DUSTSTORM OR SANDSTORM:
                                                       VSBY 1/2 MILE OR LESS
                                                   8 = SMOKE OR HAZE
[NO. OF DAYS WITH]      [WEATHER - DAYS WITH]      9 = BLOWING SNOW
                                                   X = TORNADO
MAX 32 OR BELOW:   2    0.01 INCH OR MORE:   3
MAX 90 OR ABOVE:   0    0.10 INCH OR MORE:   1
MIN 32 OR BELOW:  21    0.50 INCH OR MORE:   0
MIN  0 OR BELOW:   3    1.00 INCH OR MORE:   0

[HDD (BASE 65) ]
TOTAL THIS MO.   656    CLEAR  (SCALE 0-3)  18
DPTR FM NORMAL  -134    PTCLDY (SCALE 4-7)   7
TOTAL FM JUL 1  5866    CLOUDY (SCALE 8-10)  2
DPTR FM NORMAL  -274

[CDD (BASE 65) ]
TOTAL THIS MO.     0
DPTR FM NORMAL     0    [PRESSURE DATA]
TOTAL FM JAN 1     0    HIGHEST SLP M ON M
DPTR FM NORMAL     0    LOWEST  SLP 29.40 ON 24

[REMARKS]
