000
CXUS52 KILM 251000
CF6ILM
PRELIMINARY LOCAL CLIMATOLOGICAL DATA (WS FORM: F-6)

                                          STATION:   WILMINGTON NORTH CAROLINA
                                          MONTH:     AUGUST
                                          YEAR:      2016
                                          LATITUDE:   34 16 N
                                          LONGITUDE:  77 55 W

  TEMPERATURE IN F:       :PCPN:    SNOW:  WIND      :SUNSHINE: SKY     :PK WND
================================================================================
1   2   3   4   5  6A  6B    7    8   9   10  11  12  13   14  15   16   17  18
                                     12Z  AVG MX 2MIN
DY MAX MIN AVG DEP HDD CDD  WTR  SNW DPTH SPD SPD DIR MIN PSBL S-S WX    SPD DR
================================================================================

 1  93  73  83   2   0  18 0.36  0.0    0  8.7 30 270   M    M   2 138    37 260
 2  92  73  83   2   0  18 2.42  0.0    0  9.0 25 340   M    M   1 13     33 340
 3  87  73  80  -1   0  15 0.37  0.0    0  6.2 13  40   M    M   5 13     17  40
 4  87  74  81   0   0  16 0.14  0.0    0  8.4 17 100   M    M   7 13     22  70
 5  87  73  80  -1   0  15 1.48  0.0    0  4.3 13 180   M    M   4 13     18 200
 6  92  76  84   4   0  19 0.01  0.0    0  9.1 20 190   M    M   2 3      24 200
 7  92  79  86   6   0  21 0.00  0.0    0  9.2 17 240   M    M   1        22 230
 8  91  75  83   3   0  18 0.13  0.0    0  6.5 17 310   M    M   1        23 300
 9  89  75  82   2   0  17 0.15  0.0    0  5.1 17 210   M    M   2        22 200
10  89  75  82   2   0  17 0.01  0.0    0  5.7 14 130   M    M   1        17 110
11  90  75  83   3   0  18 0.00  0.0    0  4.9 14 130   M    M   M        19 100
12  92  78  85   5   0  20 0.02  0.0    M  5.5 15 200   M    M   3        19 170
13  93  78  86   6   0  21 0.00  0.0    0  7.9 17 220   M    M   1        22 200
14  94  77  86   6   0  21 0.00  0.0    0  6.7 13 190   M    M   2        17 280
15  92  77  85   5   0  20 0.00  0.0    0  4.6 12 170   M    M   0        16 180
16  90  75  83   3   0  18 0.00  0.0    0  3.7 13 120   M    M   2        16 130
17  92  74  83   3   0  18 0.00  0.0    0  5.7 17 190   M    M   1        22 180
18  94  76  85   5   0  20    T  0.0    0  7.5 25 290   M    M   1 3      31 290
19  91  73  82   2   0  17 1.35  0.0    0  7.2 18  10   M    M   1 13     22 360
20  92  73  83   3   0  18 0.18  0.0    0  4.0 15 250   M    M   4 13     21 260
21  95  75  85   6   0  20 0.00  0.0    0  9.4 20 270   M    M   0 3      30 240
22  91  73  82   3   0  17 0.00  0.0    0  5.2 15  20   M    M   2        17 360
23  86  70  78  -1   0  13 0.00  0.0    0  6.1 14  80   M    M   1        18  90
24  86  65  76  -3   0  11 0.00  0.0    0  7.6 17  40   M    M   0        22  40
================================================================================
SM 2177 1785         0 426  6.62     0.0 158.2          M       44
================================================================================
AV 90.7 74.4                               6.6 FASTST   M    M   2    MAX(MPH)
                                 MISC ---->  # 30 270               # 37  260
================================================================================
NOTES:
# LAST OF SEVERAL OCCURRENCES

COLUMN 17 PEAK WIND IN M.P.H.

PRELIMINARY LOCAL CLIMATOLOGICAL DATA (WS FORM: F-6) , PAGE 2

                                          STATION:  WILMINGTON NORTH CAROLINA
                                          MONTH:    AUGUST
                                          YEAR:     2016
                                          LATITUDE:   34 16 N
                                          LONGITUDE:  77 55 W

[TEMPERATURE DATA]      [PRECIPITATION DATA]       SYMBOLS USED IN COLUMN 16

AVERAGE MONTHLY: 82.5   TOTAL FOR MONTH:   6.62    1 = FOG OR MIST
DPTR FM NORMAL:   2.5   DPTR FM NORMAL:    0.89    2 = FOG REDUCING VISIBILITY
HIGHEST:    95 ON 21    GRTST 24HR  2.42 ON  2- 2      TO 1/4 MILE OR LESS
LOWEST:     65 ON 24                               3 = THUNDER
                        SNOW, ICE PELLETS, HAIL    4 = ICE PELLETS
                        TOTAL MONTH:   0.0 INCH    5 = HAIL
                        GRTST 24HR     0.0         6 = FREEZING RAIN OR DRIZZLE
                        GRTST DEPTH:   0           7 = DUSTSTORM OR SANDSTORM:
                                                       VSBY 1/2 MILE OR LESS
                                                   8 = SMOKE OR HAZE
[NO. OF DAYS WITH]      [WEATHER - DAYS WITH]      9 = BLOWING SNOW
                                                   X = TORNADO
MAX 32 OR BELOW:   0    0.01 INCH OR MORE:  12
MAX 90 OR ABOVE:  17    0.10 INCH OR MORE:   9
MIN 32 OR BELOW:   0    0.50 INCH OR MORE:   3
MIN  0 OR BELOW:   0    1.00 INCH OR MORE:   3

[HDD (BASE 65) ]
TOTAL THIS MO.     0    CLEAR  (SCALE 0-3)  19
DPTR FM NORMAL     0    PTCLDY (SCALE 4-7)   4
TOTAL FM JUL 1     0    CLOUDY (SCALE 8-10)  0
DPTR FM NORMAL     0

[CDD (BASE 65) ]
TOTAL THIS MO.   426
DPTR FM NORMAL    65    [PRESSURE DATA]
TOTAL FM JAN 1  1766    HIGHEST SLP M ON M
DPTR FM NORMAL   238    LOWEST  SLP 29.82 ON 20

[REMARKS]
