000
CXUS53 KILX 210900
CF6ILX
PRELIMINARY LOCAL CLIMATOLOGICAL DATA (WS FORM: F-6)

                                          STATION:   LINCOLN IL
                                          MONTH:     OCTOBER
                                          YEAR:      2014
                                          LATITUDE:   40  9 N
                                          LONGITUDE:  89 20 W

  TEMPERATURE IN F:       :PCPN:    SNOW:  WIND      :SUNSHINE: SKY     :PK WND
================================================================================
1   2   3   4   5  6A  6B    7    8   9   10  11  12  13   14  15   16   17  18
                                     12Z  AVG MX 2MIN
DY MAX MIN AVG DEP HDD CDD  WTR  SNW DPTH SPD SPD DIR MIN PSBL S-S WX    SPD DR
================================================================================

 1  83  50  67   8   0   2 0.25  0.0    0   M   M   M   M    M   M 1       M  M
 2  72  62  67   8   0   2 2.08  0.0    0   M   M   M   M    M   M         M  M
 3  62  43  53  -5  12   0 0.52  0.0    0   M   M   M   M    M   M         M  M
 4  52  38  45 -13  20   0 0.00  0.0    0   M   M   M   M    M   M         M  M
 5  65  38  52  -6  13   0 0.00  0.0    0   M   M   M   M    M   M         M  M
 6  67  46  57   0   8   0 0.03  0.0    0   M   M   M   M    M   M         M  M
 7  74  45  60   3   5   0 0.05  0.0    0   M   M   M   M    M   M         M  M
 8  69  41  55  -1  10   0 0.00  0.0    0   M   M   M   M    M   M         M  M
 9  59  49  54  -2  11   0 0.04  0.0    0   M   M   M   M    M   M         M  M
10  59  45  52  -4  13   0    T  0.0    0   M   M   M   M    M   M         M  M
11  59  36  48  -7  17   0 0.00  0.0    0   M   M   M   M    M   M         M  M
12  58  35  47  -8  18   0 0.05  0.0    0   M   M   M   M    M   M 1       M  M
13  68  57  63   8   2   0 0.66  0.0    0   M   M   M   M    M   M 1       M  M
14  62  54  58   4   7   0 0.06  0.0    0   M   M   M   M    M   M 1       M  M
15  54  51  53  -1  12   0 0.08  0.0    0   M   M   M   M    M   M 1       M  M
16  68  52  60   6   5   0    T  0.0    0   M   M   M   M    M   M 1       M  M
17  64  51  58   5   7   0 0.00  0.0    0   M   M   M   M    M   M         M  M
18  54  44  49  -4  16   0 0.00  0.0    0   M   M   M   M    M   M         M  M
19  61  33  47  -6  18   0 0.00  0.0    0   M   M   M   M    M   M         M  M
20  68  44  56   4   9   0 0.00  0.0    0   M   M   M   M    M   M         M  M
================================================================================
SM 1278  914       203   4  3.82     0.0     M          M        M
================================================================================
AV 63.9 45.7                                 M FASTST   M    M   6    MAX(MPH)
                                 MISC ---->     M   M                  M    M
================================================================================
NOTES:
# LAST OF SEVERAL OCCURRENCES

COLUMN 17 PEAK WIND IN M.P.H.

PRELIMINARY LOCAL CLIMATOLOGICAL DATA (WS FORM: F-6) , PAGE 2

                                          STATION:  LINCOLN IL
                                          MONTH:    OCTOBER
                                          YEAR:     2014
                                          LATITUDE:   40  9 N
                                          LONGITUDE:  89 20 W

[TEMPERATURE DATA]      [PRECIPITATION DATA]       SYMBOLS USED IN COLUMN 16

AVERAGE MONTHLY: 54.8   TOTAL FOR MONTH:   3.82    1 = FOG OR MIST
DPTR FM NORMAL:  -0.8   DPTR FM NORMAL:    1.86    2 = FOG REDUCING VISIBILITY
HIGHEST:    83 ON  1    GRTST 24HR  2.08 ON  2- 2      TO 1/4 MILE OR LESS
LOWEST:     33 ON 19                               3 = THUNDER
                        SNOW, ICE PELLETS, HAIL    4 = ICE PELLETS
                        TOTAL MONTH:   0.0 INCH    5 = HAIL
                        GRTST 24HR     0.0         6 = FREEZING RAIN OR DRIZZLE
                        GRTST DEPTH:   0           7 = DUSTSTORM OR SANDSTORM:
                                                       VSBY 1/2 MILE OR LESS
                                                   8 = SMOKE OR HAZE
[NO. OF DAYS WITH]      [WEATHER - DAYS WITH]      9 = BLOWING SNOW
                                                   X = TORNADO
MAX 32 OR BELOW:   0    0.01 INCH OR MORE:  10
MAX 90 OR ABOVE:   0    0.10 INCH OR MORE:   4
MIN 32 OR BELOW:   0    0.50 INCH OR MORE:   3
MIN  0 OR BELOW:   0    1.00 INCH OR MORE:   1

[HDD (BASE 65) ]
TOTAL THIS MO.   203    CLEAR  (SCALE 0-3)   0
DPTR FM NORMAL     4    PTCLDY (SCALE 4-7)   0
TOTAL FM JUL 1   326    CLOUDY (SCALE 8-10)  0
DPTR FM NORMAL    32

[CDD (BASE 65) ]
TOTAL THIS MO.     4
DPTR FM NORMAL    -7    [PRESSURE DATA]
TOTAL FM JAN 1   837    HIGHEST SLP M ON M
DPTR FM NORMAL  -177    LOWEST  SLP M ON M

[REMARKS]
