000
CXUS55 KLBF 221200
CF6IML
PRELIMINARY LOCAL CLIMATOLOGICAL DATA (WS FORM: F-6)

                                          STATION:   IMPERIAL
                                          MONTH:     OCTOBER
                                          YEAR:      2017
                                          LATITUDE:   40 31 N
                                          LONGITUDE: 101 37 W

  TEMPERATURE IN F:       :PCPN:    SNOW:  WIND      :SUNSHINE: SKY     :PK WND
================================================================================
1   2   3   4   5  6A  6B    7    8   9   10  11  12  13   14  15   16   17  18
                                     12Z  AVG MX 2MIN
DY MAX MIN AVG DEP HDD CDD  WTR  SNW DPTH SPD SPD DIR MIN PSBL S-S WX    SPD DR
================================================================================

 1  81  48  65   7   0   0 0.01    M    M  8.2 35 340   M    M   2 3      48 280
 2  68  45  57   0   8   0 0.02    M    M 10.7 33 330   M    M   7 3      41 330
 3  67  43  55  -2  10   0 0.00    M    M  8.5 20 340   M    M   4        24 340
 4  61  49  55  -1  10   0    T    M    M 11.7 21 150   M    M  10 1      25 130
 5  67  55  61   5   4   0 0.03    M    M  7.5 14  90   M    M  10 12     17  90
 6  60  49  55   0  10   0 0.15    M    M  9.0 17 350   M    M   7 13     20 360
 7  78  43  61   6   4   0 0.00    M    M 10.4 17 320   M    M   1 1      22 280
 8  68  39  54   0  11   0 0.00    M    M 15.1 33  40   M    M   2        43  30
 9  48  36  42 -12  23   0 0.03    M    M 14.8 32  20   M    M  10        43  30
10  60  30  45  -8  20   0 0.00    M    M  6.6 13 310   M    M   1        16 300
11  73  32  53   0  12   0 0.00    M    M 10.0 22 160   M    M   0        27 160
12  77  34  56   4   9   0 0.00    M    M  8.2 24  40   M    M   0        32  30
13  68  42  55   3  10   0 0.00    M    M  7.8 20  20   M    M   3        25  20
14  62  33  48  -4  17   0 0.00    M    M 12.8 36 350   M    M   6 1      45 320
15  66  29  48  -3  17   0 0.00    M    M  6.2 17 310   M    M   0        23 310
16  83  28  56   5   9   0 0.00    M    M  7.2 20 230   M    M   0        25 200
17  81  34  58   8   7   0 0.00    M    M  6.4 15 210   M    M   0        19 210
18  79  42  61  11   4   0 0.00    M    M  8.6 23 360   M    M   0        27  20
19  85  35  60  11   5   0 0.00    M    M 10.0 23 170   M    M   0        31 180
20  79  52  66  17   0   1 0.00    M    M 12.7 22 180   M    M   0        28 160
21  62  39  51   2  14   0 0.03    M    M 15.1 32 330   M    M   2        40 320
================================================================================
SM 1473  837       204   1  0.27    M    207.5          M       65
================================================================================
AV 70.1 39.9                               9.9 FASTST   M    M   3    MAX(MPH)
                                 MISC ---->  # 36 350               # 48  280
================================================================================
NOTES:
# LAST OF SEVERAL OCCURRENCES

COLUMN 17 PEAK WIND IN M.P.H.

PRELIMINARY LOCAL CLIMATOLOGICAL DATA (WS FORM: F-6) , PAGE 2

                                          STATION:  IMPERIAL
                                          MONTH:    OCTOBER
                                          YEAR:     2017
                                          LATITUDE:   40 31 N
                                          LONGITUDE: 101 37 W

[TEMPERATURE DATA]      [PRECIPITATION DATA]       SYMBOLS USED IN COLUMN 16

AVERAGE MONTHLY: 55.0   TOTAL FOR MONTH:   0.27    1 = FOG OR MIST
DPTR FM NORMAL:   2.0   DPTR FM NORMAL:   -0.75    2 = FOG REDUCING VISIBILITY
HIGHEST:    85 ON 19    GRTST 24HR  0.15 ON  6- 6      TO 1/4 MILE OR LESS
LOWEST:     28 ON 16                               3 = THUNDER
                        SNOW, ICE PELLETS, HAIL    4 = ICE PELLETS
                        TOTAL MONTH:    M          5 = HAIL
                        GRTST 24HR    M  ON   M    6 = FREEZING RAIN OR DRIZZLE
                        GRTST DEPTH:  M  ON   M    7 = DUSTSTORM OR SANDSTORM:
                                                       VSBY 1/2 MILE OR LESS
                                                   8 = SMOKE OR HAZE
[NO. OF DAYS WITH]      [WEATHER - DAYS WITH]      9 = BLOWING SNOW
                                                   X = TORNADO
MAX 32 OR BELOW:   0    0.01 INCH OR MORE:   6
MAX 90 OR ABOVE:   0    0.10 INCH OR MORE:   1
MIN 32 OR BELOW:   4    0.50 INCH OR MORE:   0
MIN  0 OR BELOW:   0    1.00 INCH OR MORE:   0

[HDD (BASE 65) ]
TOTAL THIS MO.   204    CLEAR  (SCALE 0-3)  14
DPTR FM NORMAL   -55    PTCLDY (SCALE 4-7)   4
TOTAL FM JUL 1   301    CLOUDY (SCALE 8-10)  3
DPTR FM NORMAL   -74

[CDD (BASE 65) ]
TOTAL THIS MO.     1
DPTR FM NORMAL    -2    [PRESSURE DATA]
TOTAL FM JAN 1  1042    HIGHEST SLP M ON M
DPTR FM NORMAL    82    LOWEST  SLP 29.36 ON 21

[REMARKS]
