000
CXUS53 KIND 010730
CF6IND
PRELIMINARY LOCAL CLIMATOLOGICAL DATA (WS FORM: F-6)

                                          STATION:   INDIANAPOLIS IN
                                          MONTH:     JUNE
                                          YEAR:      2015
                                          LATITUDE:   39 43 N
                                          LONGITUDE:  86 17 W

  TEMPERATURE IN F:       :PCPN:    SNOW:  WIND      :SUNSHINE: SKY     :PK WND
================================================================================
1   2   3   4   5  6A  6B    7    8   9   10  11  12  13   14  15   16   17  18
                                     12Z  AVG MX 2MIN
DY MAX MIN AVG DEP HDD CDD  WTR  SNW DPTH SPD SPD DIR MIN PSBL S-S WX    SPD DR
================================================================================

 1  64  52  58 -10   7   0    T  0.0    0 10.6 16  30   M    M  10        19  30
 2  70  49  60  -8   5   0 0.00  0.0    0  8.1 16 110   M    M   3 1      22  70
 3  71  51  61  -7   4   0 0.00  0.0    0  3.8 13 110   M    M   5 1      16 170
 4  82  57  70   1   0   5 0.00  0.0    0  3.2 12 230   M    M   7 18     15 280
 5  87  63  75   6   0  10 0.00  0.0    0  7.8 18 350   M    M   6        22 350
 6  76  61  69   0   0   4 0.00  0.0    0  7.9 14  20   M    M   7        18  50
 7  88  62  75   5   0  10 0.00  0.0    0 11.5 24 200   M    M   6 138    30 220
 8  79  60  70   0   0   5 1.90  0.0    0 11.4 33 330   M    M   9 13     45 330
 9  82  58  70   0   0   5 0.00  0.0    0  7.1 16 270   M    M   4 18     19 270
10  90  65  78   7   0  13 0.00  0.0    0 11.9 21 220   M    M   3        25 240
11  90  69  80   9   0  15 0.00  0.0    0  9.1 17 220   M    M   8        22 230
12  89  72  81  10   0  16 0.21  0.0    0 12.2 30 230   M    M   6 3      39 250
13  88  71  80   8   0  15 0.00  0.0    0 11.5 21 220   M    M   6 1      26 220
14  86  70  78   6   0  13 0.13  0.0    0 12.2 32 240   M    M   7 13     39 230
15  88  70  79   7   0  14 0.54  0.0    0 13.8 30 230   M    M   8 13     40 230
16  84  71  78   6   0  13 0.50  0.0    0  7.4 20 290   M    M   8 13     25 280
17  79  72  76   3   0  11 0.75  0.0    0  8.3 20 230   M    M  10 1      24 250
18  86  68  77   4   0  12 0.67    T    0  9.8 32 210   M    M   9 135    50 210
19  78  68  73   0   0   8 0.67  0.0    0  7.5 20 120   M    M  10 13     24 100
20  79  70  75   2   0  10    T  0.0    0 10.1 18 250   M    M   9        22 250
21  84  65  75   1   0  10 0.27  0.0    0  8.9 35 300   M    M   8 13     43 350
22  86  69  78   4   0  13 0.00  0.0    0 12.6 25 200   M    M   7        30 190
23  83  68  76   2   0  11    T  0.0    0 11.3 23 230   M    M   6        29 230
24  80  62  71  -3   0   6    T  0.0    0  4.8 14 160   M    M   7        16 170
25  83  66  75   1   0  10 0.85  0.0    0  7.1 20 140   M    M   8 13     24 140
26  76  66  71  -4   0   6 1.57  0.0    0  7.0 22 210   M    M  10 13     27 200
27  72  60  66  -9   0   1    T  0.0    0 15.7 26 340   M    M   8 1      35 330
28  78  55  67  -8   0   2 0.09  0.0    0  8.2 17 210   M    M   4        20 210
29  77  63  70  -5   0   5 0.21  0.0    0  8.1 14 290   M    M   9 1      20 320
30  82  64  73  -2   0   8    T  0.0    0  9.1 18 280   M    M   6 13     23 310
================================================================================
SM 2437 1917        16 251  8.36    T    278.0          M      214
================================================================================
AV 81.2 63.9                               9.3 FASTST   M    M   7    MAX(MPH)
                                 MISC ---->  # 35 300               # 50  210
================================================================================
NOTES:
# LAST OF SEVERAL OCCURRENCES

COLUMN 17 PEAK WIND IN M.P.H.

PRELIMINARY LOCAL CLIMATOLOGICAL DATA (WS FORM: F-6) , PAGE 2

                                          STATION:  INDIANAPOLIS IN
                                          MONTH:    JUNE
                                          YEAR:     2015
                                          LATITUDE:   39 43 N
                                          LONGITUDE:  86 17 W

[TEMPERATURE DATA]      [PRECIPITATION DATA]       SYMBOLS USED IN COLUMN 16

AVERAGE MONTHLY: 72.6   TOTAL FOR MONTH:   8.36    1 = FOG OR MIST
DPTR FM NORMAL:   0.6   DPTR FM NORMAL:    4.11    2 = FOG REDUCING VISIBILITY
HIGHEST:    90 ON 11,10 GRTST 24HR  1.90 ON  8- 8      TO 1/4 MILE OR LESS
LOWEST:     49 ON  2                               3 = THUNDER
                        SNOW, ICE PELLETS, HAIL    4 = ICE PELLETS
                        TOTAL MONTH:    T          5 = HAIL
                        GRTST 24HR    T  ON 18-18  6 = FREEZING RAIN OR DRIZZLE
                        GRTST DEPTH:   0           7 = DUSTSTORM OR SANDSTORM:
                                                       VSBY 1/2 MILE OR LESS
                                                   8 = SMOKE OR HAZE
[NO. OF DAYS WITH]      [WEATHER - DAYS WITH]      9 = BLOWING SNOW
                                                   X = TORNADO
MAX 32 OR BELOW:   0    0.01 INCH OR MORE:  13
MAX 90 OR ABOVE:   2    0.10 INCH OR MORE:  12
MIN 32 OR BELOW:   0    0.50 INCH OR MORE:   8
MIN  0 OR BELOW:   0    1.00 INCH OR MORE:   2

[HDD (BASE 65) ]
TOTAL THIS MO.    16    CLEAR  (SCALE 0-3)   2
DPTR FM NORMAL     0    PTCLDY (SCALE 4-7)  18
TOTAL FM JUL 1  5924    CLOUDY (SCALE 8-10) 10
DPTR FM NORMAL   546

[CDD (BASE 65) ]
TOTAL THIS MO.   251
DPTR FM NORMAL    25    [PRESSURE DATA]
TOTAL FM JAN 1   399    HIGHEST SLP 30.18 ON 24
DPTR FM NORMAL    89    LOWEST  SLP 29.67 ON  8

[REMARKS]
#FINAL-06-15#
