000
CXUS54 KMAF 171100
CF6INK
PRELIMINARY LOCAL CLIMATOLOGICAL DATA (WS FORM: F-6)

                                          STATION:   Wink
                                          MONTH:     AUGUST
                                          YEAR:      2017
                                          LATITUDE:   31 46 N
                                          LONGITUDE: 103 12 W

  TEMPERATURE IN F:       :PCPN:    SNOW:  WIND      :SUNSHINE: SKY     :PK WND
================================================================================
1   2   3   4   5  6A  6B    7    8   9   10  11  12  13   14  15   16   17  18
                                     12Z  AVG MX 2MIN
DY MAX MIN AVG DEP HDD CDD  WTR  SNW DPTH SPD SPD DIR MIN PSBL S-S WX    SPD DR
================================================================================

 1  84  67  76  -8   0  11 2.49  0.0    0  5.6 21 330   M    M   7 13     25 340
 2  88  68  78  -6   0  13 0.00  0.0    0  8.0 14  70   M    M   3 1      19  30
 3  91  67  79  -5   0  14 0.00  0.0    0  5.3 15 130   M    M   0 1      19 130
 4  93  69  81  -3   0  16 0.00  0.0    0  5.8 15 140   M    M   1        19 140
 5  97  72  85   1   0  20 0.00  0.0    0  7.4 17 170   M    M   0        23 170
 6 102  71  87   4   0  22 0.32  0.0    0  5.2 56  20   M    M   1 138    73  30
 7  92  69  81  -2   0  16 0.16  0.0    0  8.8 24 350   M    M   3 13     30 350
 8  88  72  80  -3   0  15 0.02  0.0    0  9.3 16  80   M    M   5 3      21  50
 9  92  69  81  -2   0  16 0.00  0.0    0  8.5 16 150   M    M   1        20 150
10  95  73  84   1   0  19 0.00  0.0    0 11.2 20 140   M    M   0        25 130
11  96  73  85   2   0  20 0.00  0.0    0 11.4 21 140   M    M   0        28 140
12  95  70  83   0   0  18 0.03  0.0    0  8.3 23  20   M    M   2 13     30  20
13 101  72  87   4   0  22 0.02  0.0    0  7.6 26 180   M    M   1 3      36 180
14  94  71  83   0   0  18 0.00  0.0    0  6.3 20  50   M    M   1        27  50
15  95  73  84   1   0  19 0.00  0.0    0  7.5 22 120   M    M   1        27 130
16 101  67  84   1   0  19 0.00  0.0    0  7.6 20  20   M    M   0        23  30
================================================================================
SM 1504 1123         0 278  3.04     0.0 123.8          M       26
================================================================================
AV 94.0 70.2                               7.7 FASTST   M    M   2    MAX(MPH)
                                 MISC ---->  # 56  20               # 73   30
================================================================================
NOTES:
# LAST OF SEVERAL OCCURRENCES

COLUMN 17 PEAK WIND IN M.P.H.

PRELIMINARY LOCAL CLIMATOLOGICAL DATA (WS FORM: F-6) , PAGE 2

                                          STATION:  Wink
                                          MONTH:    AUGUST
                                          YEAR:     2017
                                          LATITUDE:   31 46 N
                                          LONGITUDE: 103 12 W

[TEMPERATURE DATA]      [PRECIPITATION DATA]       SYMBOLS USED IN COLUMN 16

AVERAGE MONTHLY: 82.1   TOTAL FOR MONTH:   3.04    1 = FOG OR MIST
DPTR FM NORMAL:  -1.2   DPTR FM NORMAL:    2.24    2 = FOG REDUCING VISIBILITY
HIGHEST:   102 ON  6    GRTST 24HR  2.49 ON  1- 1      TO 1/4 MILE OR LESS
LOWEST:     67 ON 16, 3                            3 = THUNDER
                        SNOW, ICE PELLETS, HAIL    4 = ICE PELLETS
                        TOTAL MONTH:   0.0 INCH    5 = HAIL
                        GRTST 24HR     0.0         6 = FREEZING RAIN OR DRIZZLE
                        GRTST DEPTH:   0           7 = DUSTSTORM OR SANDSTORM:
                                                       VSBY 1/2 MILE OR LESS
                                                   8 = SMOKE OR HAZE
[NO. OF DAYS WITH]      [WEATHER - DAYS WITH]      9 = BLOWING SNOW
                                                   X = TORNADO
MAX 32 OR BELOW:   0    0.01 INCH OR MORE:   6
MAX 90 OR ABOVE:  13    0.10 INCH OR MORE:   3
MIN 32 OR BELOW:   0    0.50 INCH OR MORE:   1
MIN  0 OR BELOW:   0    1.00 INCH OR MORE:   1

[HDD (BASE 65) ]
TOTAL THIS MO.     0    CLEAR  (SCALE 0-3)  13
DPTR FM NORMAL     0    PTCLDY (SCALE 4-7)   3
TOTAL FM JUL 1     0    CLOUDY (SCALE 8-10)  0
DPTR FM NORMAL     0

[CDD (BASE 65) ]
TOTAL THIS MO.   278
DPTR FM NORMAL   -10    [PRESSURE DATA]
TOTAL FM JAN 1  1662    HIGHEST SLP M ON M
DPTR FM NORMAL  -158    LOWEST  SLP 29.68 ON M

[REMARKS]
