000
CXUS56 KFGZ 280900
CF6INW
PRELIMINARY LOCAL CLIMATOLOGICAL DATA (WS FORM: F-6)

                                          STATION:   WINSLOW AZ AIRPORT
                                          MONTH:     MARCH
                                          YEAR:      2017
                                          LATITUDE:   35  1 N
                                          LONGITUDE: 110 44 W

  TEMPERATURE IN F:       :PCPN:    SNOW:  WIND      :SUNSHINE: SKY     :PK WND
================================================================================
1   2   3   4   5  6A  6B    7    8   9   10  11  12  13   14  15   16   17  18
                                     12Z  AVG MX 2MIN
DY MAX MIN AVG DEP HDD CDD  WTR  SNW DPTH SPD SPD DIR MIN PSBL S-S WX    SPD DR
================================================================================

 1  47  24  36  -8  29   0 0.00    M    M  4.0 13  40   M    M   0        17  30
 2  54  19  37  -7  28   0 0.00    M    M  2.5 12  20   M    M   0        14  30
 3  61  22  42  -2  23   0 0.00    M    M  2.4 12 200   M    M   0        13  80
 4  66  31  49   5  16   0 0.00    M    M  9.5 24 230   M    M   0        30 200
 5  64  42  53   8  12   0 0.00    M    M 22.6 53 210   M    M   1 8      64 210
 6  54  28  41  -4  24   0 0.00    M    M 14.8 46 220   M    M   0        58 220
 7  62  20  41  -4  24   0 0.00    M    M  3.8  8 190   M    M   0        11  60
 8  71  23  47   2  18   0 0.00    M    M  3.4  9 230   M    M   0        11  90
 9  75  27  51   5  14   0 0.00    M    M  4.0 10 220   M    M   0        13 320
10  82  31  57  11   8   0 0.00    M    M  8.2 23 250   M    M   0        28 250
11  76  39  58  12   7   0 0.00    M    M  4.5 13 320   M    M   0        18 310
12  78  34  56  10   9   0 0.00    M    M  5.4 17 310   M    M   0        21 300
13  75  32  54   8  11   0 0.00    M    M  4.0 10 230   M    M   0        14 350
14  80  34  57  10   8   0 0.00    M    M  3.8  9 210   M    M   0        13 330
15  81  36  59  12   6   0 0.00    M    M  9.0 24 250   M    M   0        30 250
16  80  37  59  12   6   0 0.00    M    M  7.4 17 270   M    M   0        28 270
17  81  39  60  13   5   0 0.00    M    M  4.5 16 210   M    M   0        19 210
18  83  37  60  13   5   0 0.00    M    M  9.6 21 220   M    M   0        29 210
19  84  39  62  14   3   0 0.00    M    M  7.6 20 240   M    M   0        28 240
20  84  41  63  15   2   0 0.00    M    M 10.1 26 220   M    M   0        31 220
21  81  44  63  15   2   0 0.00    M    M  9.1 24 230   M    M   0        31 230
22  76  40  58  10   7   0 0.00    M    M 10.9 28 180   M    M   0        35 180
23  56  41  49   1  16   0 0.04    M    M 14.2 40 220   M    M   6 1      47 240
24  67  32  50   1  15   0 0.00    M    M  8.6 17 330   M    M   0        21 310
25  70  35  53   4  12   0 0.00    M    M 12.2 39 290   M    M   1        49 290
26  67  28  48  -1  17   0 0.00    M    M  4.9 15 300   M    M   0        20 310
27  70  35  53   4  12   0 0.05    M    M 11.7 40 230   M    M   4 3      49 240
================================================================================
SM 1925  890       339   0  0.09    M    212.7          M       12
================================================================================
AV 71.3 33.0                               7.9 FASTST   M    M   0    MAX(MPH)
                                 MISC ---->  # 53 210               # 64  210
================================================================================
NOTES:
# LAST OF SEVERAL OCCURRENCES

COLUMN 17 PEAK WIND IN M.P.H.

PRELIMINARY LOCAL CLIMATOLOGICAL DATA (WS FORM: F-6) , PAGE 2

                                          STATION:  WINSLOW AZ AIRPORT
                                          MONTH:    MARCH
                                          YEAR:     2017
                                          LATITUDE:   35  1 N
                                          LONGITUDE: 110 44 W

[TEMPERATURE DATA]      [PRECIPITATION DATA]       SYMBOLS USED IN COLUMN 16

AVERAGE MONTHLY: 52.1   TOTAL FOR MONTH:   0.09    1 = FOG OR MIST
DPTR FM NORMAL:   5.6   DPTR FM NORMAL:   -0.38    2 = FOG REDUCING VISIBILITY
HIGHEST:    84 ON 20,19 GRTST 24HR  0.05 ON 27-27      TO 1/4 MILE OR LESS
LOWEST:     19 ON  2                               3 = THUNDER
                        SNOW, ICE PELLETS, HAIL    4 = ICE PELLETS
                        TOTAL MONTH:    M          5 = HAIL
                        GRTST 24HR    M  ON   M    6 = FREEZING RAIN OR DRIZZLE
                        GRTST DEPTH:  M  ON   M    7 = DUSTSTORM OR SANDSTORM:
                                                       VSBY 1/2 MILE OR LESS
                                                   8 = SMOKE OR HAZE
[NO. OF DAYS WITH]      [WEATHER - DAYS WITH]      9 = BLOWING SNOW
                                                   X = TORNADO
MAX 32 OR BELOW:   0    0.01 INCH OR MORE:   2
MAX 90 OR ABOVE:   0    0.10 INCH OR MORE:   0
MIN 32 OR BELOW:  12    0.50 INCH OR MORE:   0
MIN  0 OR BELOW:   0    1.00 INCH OR MORE:   0

[HDD (BASE 65) ]
TOTAL THIS MO.   339    CLEAR  (SCALE 0-3)  25
DPTR FM NORMAL  -159    PTCLDY (SCALE 4-7)   2
TOTAL FM JUL 1  3145    CLOUDY (SCALE 8-10)  0
DPTR FM NORMAL  -848

[CDD (BASE 65) ]
TOTAL THIS MO.     0
DPTR FM NORMAL     0    [PRESSURE DATA]
TOTAL FM JAN 1     0    HIGHEST SLP M ON M
DPTR FM NORMAL     0    LOWEST  SLP 29.69 ON 22

[REMARKS]
