000
CXUS55 KPSR 211005
CF6IPL
PRELIMINARY LOCAL CLIMATOLOGICAL DATA (WS FORM: F-6)

                                          STATION:   IMPERIAL CA
                                          MONTH:     JANUARY
                                          YEAR:      2017
                                          LATITUDE:   32 50 N
                                          LONGITUDE: 115 35 W

  TEMPERATURE IN F:       :PCPN:    SNOW:  WIND      :SUNSHINE: SKY     :PK WND
================================================================================
1   2   3   4   5  6A  6B    7    8   9   10  11  12  13   14  15   16   17  18
                                     12Z  AVG MX 2MIN
DY MAX MIN AVG DEP HDD CDD  WTR  SNW DPTH SPD SPD DIR MIN PSBL S-S WX    SPD DR
================================================================================

 1  67  46  57   3   8   0 0.06  0.0    0 10.6 22 250   M    M   0        31 250
 2  61  47  54   0  11   0 0.00  0.0    0  4.8 10 130   M    M   0        12 140
 3  60  44  52  -2  13   0 0.00  0.0    0  2.8  9 350   M    M   0 18     12 340
 4  67  41  54   0  11   0 0.00  0.0    0  2.1  7  70   M    M   1 128     8  40
 5  76  49  63   9   2   0 0.00  0.0    0  8.8 23 280   M    M   1 18     29 240
 6  65  46  56   1   9   0 0.00  0.0    0  5.4 15 280   M    M   0        18 290
 7  63  42  53  -2  12   0 0.00  0.0    0  3.2  8 350   M    M   0         M  M
 8  69  43  56   1   9   0 0.00  0.0    0  2.3  8 350   M    M   0        10 360
 9  75  47  61   6   4   0 0.00  0.0    0  6.2 17 270   M    M   0        22 250
10  73  47  60   5   5   0 0.00  0.0    0  8.7 23 270   M    M   0 8      31 270
11  72  58  65  10   0   0 0.00  0.0    0 16.0 25 260   M    M   0        32 260
12  65  52  59   4   6   0 0.00  0.0    0  7.3 20 280   M    M   4        28 290
13  58  49  54  -1  11   0 0.32  0.0    0  9.7 21 320   M    M   7 1      25 330
14  70  48  59   4   6   0    T  0.0    0  8.6 17 320   M    M   3        22 330
15  70  48  59   4   6   0 0.00  0.0    0  4.7 10 250   M    M   0        11 220
16  66  44  55   0  10   0 0.00  0.0    0  1.9  7  50   M    M   2 12      9 350
17  68  41  55   0  10   0 0.00  0.0    0  2.9  9 280   M    M   0        11 330
18  69  41  55   0  10   0 0.04  0.0    0  5.3 22 260   M    M   0        25 260
19  67  52  60   4   5   0 0.07  0.0    0  9.5 28 250   M    M   3        36 250
20  65  50  58   2   7   0 0.24  0.0    0 10.3 18 180   M    M   7        29 230
================================================================================
SM 1346  935       155   0  0.73     0.0 131.1          M       28
================================================================================
AV 67.3 46.8                               6.6 FASTST   M    M   1    MAX(MPH)
                                 MISC ---->  # 28 250               # 36  250
================================================================================
NOTES:
# LAST OF SEVERAL OCCURRENCES

COLUMN 17 PEAK WIND IN M.P.H.

PRELIMINARY LOCAL CLIMATOLOGICAL DATA (WS FORM: F-6) , PAGE 2

                                          STATION:  IMPERIAL CA
                                          MONTH:    JANUARY
                                          YEAR:     2017
                                          LATITUDE:   32 50 N
                                          LONGITUDE: 115 35 W

[TEMPERATURE DATA]      [PRECIPITATION DATA]       SYMBOLS USED IN COLUMN 16

AVERAGE MONTHLY: 57.0   TOTAL FOR MONTH:   0.73    1 = FOG OR MIST
DPTR FM NORMAL:   2.2   DPTR FM NORMAL:    0.42    2 = FOG REDUCING VISIBILITY
HIGHEST:    76 ON  5    GRTST 24HR  0.32 ON 13-13      TO 1/4 MILE OR LESS
LOWEST:     41 ON 18,17                            3 = THUNDER
                        SNOW, ICE PELLETS, HAIL    4 = ICE PELLETS
                        TOTAL MONTH:   0.0 INCH    5 = HAIL
                        GRTST 24HR     0.0         6 = FREEZING RAIN OR DRIZZLE
                        GRTST DEPTH:   0           7 = DUSTSTORM OR SANDSTORM:
                                                       VSBY 1/2 MILE OR LESS
                                                   8 = SMOKE OR HAZE
[NO. OF DAYS WITH]      [WEATHER - DAYS WITH]      9 = BLOWING SNOW
                                                   X = TORNADO
MAX 32 OR BELOW:   0    0.01 INCH OR MORE:   5
MAX 90 OR ABOVE:   0    0.10 INCH OR MORE:   2
MIN 32 OR BELOW:   0    0.50 INCH OR MORE:   0
MIN  0 OR BELOW:   0    1.00 INCH OR MORE:   0

[HDD (BASE 65) ]
TOTAL THIS MO.   155    CLEAR  (SCALE 0-3)  16
DPTR FM NORMAL   -48    PTCLDY (SCALE 4-7)   4
TOTAL FM JUL 1   500    CLOUDY (SCALE 8-10)  0
DPTR FM NORMAL  -156

[CDD (BASE 65) ]
TOTAL THIS MO.     0
DPTR FM NORMAL     0    [PRESSURE DATA]
TOTAL FM JAN 1     0    HIGHEST SLP M ON M
DPTR FM NORMAL     0    LOWEST  SLP 29.44 ON 20

[REMARKS]
