048
CXUS55 KCTP 261131
CF6IPT
PRELIMINARY LOCAL CLIMATOLOGICAL DATA (WS FORM: F-6)

                                          STATION:   WILLIAMSPORT PA
                                          MONTH:     JULY
                                          YEAR:      2016
                                          LATITUDE:   41 15 N
                                          LONGITUDE:  76 55 W

  TEMPERATURE IN F:       :PCPN:    SNOW:  WIND      :SUNSHINE: SKY     :PK WND
================================================================================
1   2   3   4   5  6A  6B    7    8   9   10  11  12  13   14  15   16   17  18
                                     12Z  AVG MX 2MIN
DY MAX MIN AVG DEP HDD CDD  WTR  SNW DPTH SPD SPD DIR MIN PSBL S-S WX    SPD DR
================================================================================

 1  85  58  72   0   0   7 0.04  0.0    0  6.2 20 280   M    M   4 3      25 280
 2  79  58  69  -3   0   4 0.00  0.0    0  9.7 16 250   M    M   1        23 340
 3  80  52  66  -6   0   1 0.00  0.0    0  4.1 13 190   M    M   2        16 190
 4  81  53  67  -5   0   2 0.20  0.0    0  4.7 16 150   M    M   5 18     23 190
 5  86  69  78   6   0  13 0.03  0.0    0  5.9 14 250   M    M   6 1      18 250
 6  93  65  79   7   0  14 0.00  0.0    0  3.8 13 280   M    M   3 1      16 240
 7  91  70  81   8   0  16    T  0.0    0  6.3 22 250   M    M   5        25 240
 8  86  70  78   5   0  13    T  0.0    0  6.4 16 270   M    M   3        20 260
 9  91  69  80   7   0  15 0.01  0.0    0  8.7 22 290   M    M   5 13     30 290
10  86  63  75   2   0  10 0.00  0.0    0  8.2 18 310   M    M   5        27 340
11  87  56  72  -1   0   7 0.00  0.0    0  4.1 12  60   M    M   2        16  50
12  90  61  76   3   0  11 0.00  0.0    0  6.3 17 160   M    M   1        23 140
13  87  73  80   7   0  15 0.14  0.0    0  6.5 18 180   M    M   6 13     26 170
14  93  74  84  11   0  19 0.01  0.0    0  9.1 22 270   M    M   5        30 260
15  92  70  81   8   0  16 0.00  0.0    0  7.9 20 240   M    M   3        24 240
16  88  63  76   3   0  11 0.42  0.0    0  4.2 17 360   M    M   3 13     24  20
17  89  66  78   5   0  13 0.01  0.0    0  4.5 16 220   M    M   3 13     19 230
18  90  64  77   4   0  12 0.33  0.0    0  3.5 16 330   M    M   2 13     27 310
19  87  62  75   2   0  10 0.00  0.0    0  5.8 16 320   M    M   3        23 330
20  86  56  71  -2   0   6 0.00  0.0    0  3.3 10 250   M    M   0        13 250
21  89  57  73   0   0   8 0.00  0.0    0  3.3 10 150   M    M   0        13 150
22  97  64  81   8   0  16 0.00  0.0    0  6.0 22 290   M    M   0        27 300
23  99  69  84  11   0  19 0.00  0.0    0  5.8 18 340   M    M   1        23 300
24  94  63  79   6   0  14 0.00  0.0    0  3.9 20 250   M    M   1        24 250
25  98  70  84  11   0  19 0.53  0.0    0  2.6 33 320   M    M   2 138    46 330
================================================================================
SM 2224 1595         0 291  1.72     0.0 140.8          M       71
================================================================================
AV 89.0 63.8                               5.6 FASTST   M    M   3    MAX(MPH)
                                 MISC ---->  # 33 320               # 46  330
================================================================================
NOTES:
# LAST OF SEVERAL OCCURRENCES

COLUMN 17 PEAK WIND IN M.P.H.

PRELIMINARY LOCAL CLIMATOLOGICAL DATA (WS FORM: F-6) , PAGE 2

                                          STATION:  WILLIAMSPORT PA
                                          MONTH:    JULY
                                          YEAR:     2016
                                          LATITUDE:   41 15 N
                                          LONGITUDE:  76 55 W

[TEMPERATURE DATA]      [PRECIPITATION DATA]       SYMBOLS USED IN COLUMN 16

AVERAGE MONTHLY: 76.4   TOTAL FOR MONTH:   1.72    1 = FOG OR MIST
DPTR FM NORMAL:   3.6   DPTR FM NORMAL:   -1.74    2 = FOG REDUCING VISIBILITY
HIGHEST:    99 ON 23    GRTST 24HR  0.53 ON 24-25      TO 1/4 MILE OR LESS
LOWEST:     52 ON  3                               3 = THUNDER
                        SNOW, ICE PELLETS, HAIL    4 = ICE PELLETS
                        TOTAL MONTH:   0.0 INCH    5 = HAIL
                        GRTST 24HR     0.0         6 = FREEZING RAIN OR DRIZZLE
                        GRTST DEPTH:   0           7 = DUSTSTORM OR SANDSTORM:
                                                       VSBY 1/2 MILE OR LESS
                                                   8 = SMOKE OR HAZE
[NO. OF DAYS WITH]      [WEATHER - DAYS WITH]      9 = BLOWING SNOW
                                                   X = TORNADO
MAX 32 OR BELOW:   0    0.01 INCH OR MORE:  10
MAX 90 OR ABOVE:  11    0.10 INCH OR MORE:   5
MIN 32 OR BELOW:   0    0.50 INCH OR MORE:   1
MIN  0 OR BELOW:   0    1.00 INCH OR MORE:   0

[HDD (BASE 65) ]
TOTAL THIS MO.     0    CLEAR  (SCALE 0-3)  14
DPTR FM NORMAL     0    PTCLDY (SCALE 4-7)  11
TOTAL FM JUL 1     0    CLOUDY (SCALE 8-10)  0
DPTR FM NORMAL     0

[CDD (BASE 65) ]
TOTAL THIS MO.   291
DPTR FM NORMAL    94    [PRESSURE DATA]
TOTAL FM JAN 1   536    HIGHEST SLP M ON M
DPTR FM NORMAL   150    LOWEST  SLP 29.71 ON  7

[REMARKS]
