000
CXUS53 KBIS 300728
CF6ISN
PRELIMINARY LOCAL CLIMATOLOGICAL DATA (WS FORM: F-6)

                                          STATION:   WILLISTON ND
                                          MONTH:     JULY
                                          YEAR:      2014
                                          LATITUDE:   48 10 N
                                          LONGITUDE: 103 38 W

  TEMPERATURE IN F:       :PCPN:    SNOW:  WIND      :SUNSHINE: SKY     :PK WND
================================================================================
1   2   3   4   5  6A  6B    7    8   9   10  11  12  13   14  15   16   17  18
                                     12Z  AVG MX 2MIN
DY MAX MIN AVG DEP HDD CDD  WTR  SNW DPTH SPD SPD DIR MIN PSBL S-S WX    SPD DR
================================================================================

 1  75  48  62  -5   3   0 0.05    M    M 15.7 32 350   M    M   4 1      43 350
 2  77  43  60  -8   5   0 0.00    M    M  4.2 14  10   M    M   1 1      18  10
 3  81  49  65  -3   0   0 0.00    M    M  9.0 17 130   M    M   0        25 160
 4  93  64  79  11   0  14    T    M    M  5.9 14 220   M    M   0 18     19 130
 5  99  56  78  10   0  13 0.00    M    M  7.7 21 300   M    M   0 18     27 290
 6  89  61  75   6   0  10 0.00    M    M 10.9 30  20   M    M   1 38     42 350
 7  79  57  68  -1   0   3 0.02    M    M 13.0 28 320   M    M   5 13     35 290
 8  81  56  69   0   0   4 0.00    M    M 10.3 17 320   M    M   2 18     25 350
 9  86  50  68  -1   0   3 0.00    M    M  6.0 13 150   M    M   3 18     17 150
10  95  66  81  12   0  16    T    M    M  9.8 26 350   M    M   1        33 340
11  82  57  70   0   0   5    T    M    M  9.1 18 340   M    M   2        22 360
12  86  50  68  -2   0   3 0.00    M    M 10.0 25 310   M    M   3        34 300
13  79  52  66  -4   0   1 0.00    M    M 12.0 26 340   M    M   0 8      35 310
14  73  47  60 -10   5   0 0.00    M    M  8.3 16  40   M    M   2        21  30
15  78  43  61  -9   4   0 0.00    M    M  5.6 17 120   M    M   1 18     22 120
16  83  46  65  -5   0   0 0.00    M    M  4.1 15 190   M    M   0 18     20 170
17  91  55  73   2   0   8 0.00    M    M  4.8 12 170   M    M   0        17 180
18  85  53  69  -2   0   4    T    M    M 12.7 28 310   M    M   0        37 290
19  92  48  70  -1   0   5 0.00    M    M  6.7 20 150   M    M   0 18     24 150
20  94  61  78   7   0  13 0.00    M    M  8.8 22 280   M    M   0 8      29 280
21  81  60  71   0   0   6    T    M    M 10.9 23 360   M    M   2        28 360
22  88  54  71   0   0   6 0.00    M    M  5.1 15  70   M    M   4 18     19 310
23  89  62  76   5   0  11 0.00    M    M 10.9 24 120   M    M   2        30 110
24  87  60  74   3   0   9 0.49    M    M 12.1 29 260   M    M   1 13     44 250
25  86  53  70  -1   0   5 0.00    M    M 10.4 25 330   M    M   0        31 310
26  78  55  67  -5   0   2    T    M    M 18.9 32 290   M    M   5        39 300
27  75  54  65  -7   0   0 0.00    M    M  6.9 15  20   M    M   4        21  20
28  83  50  67  -5   0   2 0.00    M    M  3.2 14  80   M    M   2 8      18  90
29  86  53  70  -2   0   5 0.00    M    M  5.4 16 360   M    M   0 18     20  20
================================================================================
SM 2451 1563        17 148  0.56    M    258.4          M       45
================================================================================
AV 84.5 53.9                               8.9 FASTST   M    M   2    MAX(MPH)
                                 MISC ---->  # 32 350               # 44  250
================================================================================
NOTES:
# LAST OF SEVERAL OCCURRENCES

COLUMN 17 PEAK WIND IN M.P.H.

PRELIMINARY LOCAL CLIMATOLOGICAL DATA (WS FORM: F-6) , PAGE 2

                                          STATION:  WILLISTON ND
                                          MONTH:    JULY
                                          YEAR:     2014
                                          LATITUDE:   48 10 N
                                          LONGITUDE: 103 38 W

[TEMPERATURE DATA]      [PRECIPITATION DATA]       SYMBOLS USED IN COLUMN 16

AVERAGE MONTHLY: 69.2   TOTAL FOR MONTH:   0.56    1 = FOG OR MIST
DPTR FM NORMAL:  -0.8   DPTR FM NORMAL:   -1.86    2 = FOG REDUCING VISIBILITY
HIGHEST:    99 ON  5    GRTST 24HR  0.49 ON 24-24      TO 1/4 MILE OR LESS
LOWEST:     43 ON 15, 2                            3 = THUNDER
                        SNOW, ICE PELLETS, HAIL    4 = ICE PELLETS
                        TOTAL MONTH:    M          5 = HAIL
                        GRTST 24HR    M  ON   M    6 = FREEZING RAIN OR DRIZZLE
                        GRTST DEPTH:  M  ON   M    7 = DUSTSTORM OR SANDSTORM:
                                                       VSBY 1/2 MILE OR LESS
                                                   8 = SMOKE OR HAZE
[NO. OF DAYS WITH]      [WEATHER - DAYS WITH]      9 = BLOWING SNOW
                                                   X = TORNADO
MAX 32 OR BELOW:   0    0.01 INCH OR MORE:   3
MAX 90 OR ABOVE:   6    0.10 INCH OR MORE:   1
MIN 32 OR BELOW:   0    0.50 INCH OR MORE:   0
MIN  0 OR BELOW:   0    1.00 INCH OR MORE:   0

[HDD (BASE 65) ]
TOTAL THIS MO.    17    CLEAR  (SCALE 0-3)  23
DPTR FM NORMAL    -4    PTCLDY (SCALE 4-7)   6
TOTAL FM JUL 1    17    CLOUDY (SCALE 8-10)  0
DPTR FM NORMAL    -4

[CDD (BASE 65) ]
TOTAL THIS MO.   148
DPTR FM NORMAL   -20    [PRESSURE DATA]
TOTAL FM JAN 1   197    HIGHEST SLP M ON M
DPTR FM NORMAL   -52    LOWEST  SLP 29.62 ON M

[REMARKS]
