000
CXUS52 TJSJ 270527
CF6IST
PRELIMINARY LOCAL CLIMATOLOGICAL DATA (WS FORM: F-6)

                                          STATION:   CYRIL E. KING AP/ST THOMAS
                                          MONTH:     MARCH
                                          YEAR:      2015
                                          LATITUDE:   18 19 N
                                          LONGITUDE:  64 58 W

  TEMPERATURE IN F:       :PCPN:    SNOW:  WIND      :SUNSHINE: SKY     :PK WND
================================================================================
1   2   3   4   5  6A  6B    7    8   9   10  11  12  13   14  15   16   17  18
                                     12Z  AVG MX 2MIN
DY MAX MIN AVG DEP HDD CDD  WTR  SNW DPTH SPD SPD DIR MIN PSBL S-S WX    SPD DR
================================================================================

 1  85  73  79   0   0  14 0.01  0.0    0 13.1 29 100   M    M   5        38 100
 2  85  71  78  -1   0  13 0.05  0.0    0 10.7 24  90   M    M   5        30  90
 3  84  71  78  -1   0  13 0.06  0.0    0 12.0 23  70   M    M   9        28  80
 4  85  71  78  -1   0  13 0.13  0.0    0 14.4 23  80   M    M   M        29  80
 5  85  74  80   1   0  15    T  0.0    0 14.1 32  90   M    M   M        38  38
 6  87  74  81   2   0  16 0.01  0.0    0 13.5 23 120   M    M   M        27  90
 7  85  74  80   1   0  15 0.02  0.0    0 10.4 20  90   M    M   M        26  70
 8  85  72  79   0   0  14 0.01  0.0    0 11.9 21  70   M    M   M        27  70
 9  85  71  78  -1   0  13 0.06  0.0    0 12.4 23  90   M    M   M        37 130
10  87  76  82   3   0  17 0.00  0.0    0 16.3 25  90   M    M   M        30  60
11  83  72  78  -1   0  13 0.20  0.0    0 13.2 26  70   M    M   M        32  70
12  86  73  80   1   0  15    T  0.0    0 11.6 20 120   M    M   M        24  80
13  84  72  78  -1   0  13 0.11  0.0    0  9.7 22  20   M    M   7 18     29  30
14  85  72  79   0   0  14    T  0.0    0 11.0 18  80   M    M   3        23  70
15  84  72  78  -1   0  13 0.01  0.0    0  8.6 17 130   M    M   1        25  80
16  82  70  76  -3   0  11 0.89  0.0    0  8.1 17  80   M    M   6 1      30  22
17  83  69  76  -3   0  11 0.00  0.0    0  7.6 14  30   M    M   3        18 140
18  83  71  77  -2   0  12    T  0.0    0  8.4 16 130   M    M   2        20 100
19  83  73  78  -1   0  13 0.03  0.0    0  7.8 16 130   M    M   5        20 130
20  83  71  77  -3   0  12 0.01  0.0    0  7.9 16 120   M    M   3        24  10
21  83  73  78  -2   0  13 0.03  0.0    0  4.9 14 120   M    M   2        16  80
22  83  71  77  -3   0  12 0.05  0.0    0  7.4 15 130   M    M   4        18 120
23  83  72  78  -2   0  13 0.00  0.0    0  8.1  8 130   M    M   1        20 120
24  84  73  79  -1   0  14 0.00  0.0    0  9.0 16 110   M    M   1        21 110
25  85  73  79  -1   0  14 0.00  0.0    0  9.0 16 140   M    M   3        20 100
26  86  74  80   0   0  15    T  0.0    M 11.3 18 130   M    M   1        24 120
================================================================================
SM 2193 1878         0 351  1.68     0.0 272.4          M       61
================================================================================
AV 84.3 72.2                              10.5 FASTST   M    M   4    MAX(MPH)
                                 MISC ---->  # 32  90               # 38  100
================================================================================
NOTES:
# LAST OF SEVERAL OCCURRENCES

COLUMN 17 PEAK WIND IN M.P.H.

PRELIMINARY LOCAL CLIMATOLOGICAL DATA (WS FORM: F-6) , PAGE 2

                                          STATION:  CYRIL E. KING AP/ST THOMAS
                                          MONTH:    MARCH
                                          YEAR:     2015
                                          LATITUDE:   18 19 N
                                          LONGITUDE:  64 58 W

[TEMPERATURE DATA]      [PRECIPITATION DATA]       SYMBOLS USED IN COLUMN 16

AVERAGE MONTHLY: 78.3   TOTAL FOR MONTH:   1.68    1 = FOG OR MIST
DPTR FM NORMAL:  -1.0   DPTR FM NORMAL:    0.52    2 = FOG REDUCING VISIBILITY
HIGHEST:    87 ON 10, 6 GRTST 24HR  0.89 ON 16-16      TO 1/4 MILE OR LESS
LOWEST:     69 ON 17                               3 = THUNDER
                        SNOW, ICE PELLETS, HAIL    4 = ICE PELLETS
                        TOTAL MONTH:   0.0 INCH    5 = HAIL
                        GRTST 24HR     0.0         6 = FREEZING RAIN OR DRIZZLE
                        GRTST DEPTH:   0           7 = DUSTSTORM OR SANDSTORM:
                                                       VSBY 1/2 MILE OR LESS
                                                   8 = SMOKE OR HAZE
[NO. OF DAYS WITH]      [WEATHER - DAYS WITH]      9 = BLOWING SNOW
                                                   X = TORNADO
MAX 32 OR BELOW:   0    0.01 INCH OR MORE:  16
MAX 90 OR ABOVE:   0    0.10 INCH OR MORE:   4
MIN 32 OR BELOW:   0    0.50 INCH OR MORE:   1
MIN  0 OR BELOW:   0    1.00 INCH OR MORE:   0

[HDD (BASE 65) ]
TOTAL THIS MO.     0    CLEAR  (SCALE 0-3)  10
DPTR FM NORMAL     0    PTCLDY (SCALE 4-7)   6
TOTAL FM JUL 1     0    CLOUDY (SCALE 8-10)  1
DPTR FM NORMAL     0

[CDD (BASE 65) ]
TOTAL THIS MO.   351
DPTR FM NORMAL   -19    [PRESSURE DATA]
TOTAL FM JAN 1  1155    HIGHEST SLP M ON M
DPTR FM NORMAL   -29    LOWEST  SLP 29.93 ON 18

[REMARKS]
