245
CXUS52 TJSJ 290427
CF6ISX
PRELIMINARY LOCAL CLIMATOLOGICAL DATA (WS FORM: F-6)

                                          STATION:   HENRY E. ROHLSEN AP/ST CROIX
                                          MONTH:     MAY
                                          YEAR:      2016
                                          LATITUDE:   17 42 N
                                          LONGITUDE:  64 48 W

  TEMPERATURE IN F:       :PCPN:    SNOW:  WIND      :SUNSHINE: SKY     :PK WND
================================================================================
1   2   3   4   5  6A  6B    7    8   9   10  11  12  13   14  15   16   17  18
                                     12Z  AVG MX 2MIN
DY MAX MIN AVG DEP HDD CDD  WTR  SNW DPTH SPD SPD DIR MIN PSBL S-S WX    SPD DR
================================================================================

 1  84  70  77  -4   0  12 1.13  0.0    0  7.6 20 130   M    M   6 1      26 130
 2  85  72  79  -2   0  14 0.67  0.0    0  9.0 18 140   M    M   7 1      28 130
 3  87  72  80  -1   0  15 0.05  0.0    0  9.9 21 110   M    M   4 1      26 110
 4  88  77  83   2   0  18 0.00  0.0    0  9.8 17 100   M    M   3 8      22  90
 5  88  76  82   1   0  17    T  0.0    0 11.8 17 110   M    M   4        22 110
 6  88  78  83   2   0  18 0.02  0.0    0 10.8 16 140   M    M   3 1      22 140
 7  88  81  85   4   0  20 0.00  0.0    0 11.7 18 130   M    M   4        25 130
 8  88  79  84   3   0  19    T  0.0    0  6.0 12 150   M    M   3        15 140
 9  88  77  83   2   0  18 0.01  0.0    0 11.8 21 100   M    M   3        26 100
10  87  78  83   2   0  18 0.09  0.0    0 13.1 23  70   M    M   4 8      29  80
11  87  77  82   1   0  17 0.00  0.0    0 11.6 20 110   M    M   4        26  80
12  83  75  79  -2   0  14 0.04  0.0    0 11.1 24 100   M    M   7 1      29 100
13  87  76  82   1   0  17    T  0.0    0 11.4 17  90   M    M   5        22  90
14  87  78  83   2   0  18    T  0.0    0 12.7 20  90   M    M   4        25  90
15  88  76  82   1   0  17 0.21  0.0    0 12.2 21 100   M    M   4 1      27 100
16  87  76  82   1   0  17    T  0.0    0 13.3 24  80   M    M   4        29 100
17  88  77  83   2   0  18 0.08  0.0    0 12.9 22 100   M    M   3 1      27 110
18  89  79  84   2   0  19 0.01  0.0    0 13.3 23  90   M    M   3        28  90
19  88  79  84   2   0  19 0.00  0.0    0 13.7 23 100   M    M   4        27  90
20  88  78  83   1   0  18    T  0.0    0 12.5 21 100   M    M   3        26 100
21  88  78  83   1   0  18 0.00  0.0    0 12.5 20 100   M    M   5        24 110
22  88  78  83   1   0  18 0.00  0.0    0 13.5 21 100   M    M   4        25 100
23  89  82  86   4   0  21 0.00  0.0    0 13.9 21 110   M    M   5        26 120
24  89  80  85   3   0  20    T  0.0    0 14.0 17 110   M    M   6        22 110
25  88  77  83   1   0  18    T  0.0    0 10.5 20 110   M    M   5        27  90
26  86  74  80  -2   0  15 0.01  0.0    0  7.4 17  90   M    M   3        22  90
27  88  78  83   1   0  18 0.04  0.0    0 10.8 16 110   M    M   4        28 100
28  84  77  81  -1   0  16 0.28  0.0    0  8.4 18 120   M    M   7 1      28 100
================================================================================
SM 2443 2155         0 487  2.64     0.0 317.2          M      121
================================================================================
AV 87.2 77.0                              11.3 FASTST   M    M   4    MAX(MPH)
                                 MISC ---->  # 24 100               # 29   80
================================================================================
NOTES:
# LAST OF SEVERAL OCCURRENCES

COLUMN 17 PEAK WIND IN M.P.H.

PRELIMINARY LOCAL CLIMATOLOGICAL DATA (WS FORM: F-6) , PAGE 2

                                          STATION:  HENRY E. ROHLSEN AP/ST CROIX
                                          MONTH:    MAY
                                          YEAR:     2016
                                          LATITUDE:   17 42 N
                                          LONGITUDE:  64 48 W

[TEMPERATURE DATA]      [PRECIPITATION DATA]       SYMBOLS USED IN COLUMN 16

AVERAGE MONTHLY: 82.1   TOTAL FOR MONTH:   2.64    1 = FOG OR MIST
DPTR FM NORMAL:   0.7   DPTR FM NORMAL:   -1.19    2 = FOG REDUCING VISIBILITY
HIGHEST:    89 ON 24,23 GRTST 24HR  2.40 ON 30- 1      TO 1/4 MILE OR LESS
LOWEST:     70 ON  1                               3 = THUNDER
                        SNOW, ICE PELLETS, HAIL    4 = ICE PELLETS
                        TOTAL MONTH:   0.0 INCH    5 = HAIL
                        GRTST 24HR     0.0         6 = FREEZING RAIN OR DRIZZLE
                        GRTST DEPTH:   0           7 = DUSTSTORM OR SANDSTORM:
                                                       VSBY 1/2 MILE OR LESS
                                                   8 = SMOKE OR HAZE
[NO. OF DAYS WITH]      [WEATHER - DAYS WITH]      9 = BLOWING SNOW
                                                   X = TORNADO
MAX 32 OR BELOW:   0    0.01 INCH OR MORE:  13
MAX 90 OR ABOVE:   0    0.10 INCH OR MORE:   4
MIN 32 OR BELOW:   0    0.50 INCH OR MORE:   2
MIN  0 OR BELOW:   0    1.00 INCH OR MORE:   1

[HDD (BASE 65) ]
TOTAL THIS MO.     0    CLEAR  (SCALE 0-3)   2
DPTR FM NORMAL     0    PTCLDY (SCALE 4-7)  26
TOTAL FM JUL 1     0    CLOUDY (SCALE 8-10)  0
DPTR FM NORMAL     0

[CDD (BASE 65) ]
TOTAL THIS MO.   487
DPTR FM NORMAL    29    [PRESSURE DATA]
TOTAL FM JAN 1  2284    HIGHEST SLP M ON M
DPTR FM NORMAL   181    LOWEST  SLP 29.87 ON  5

[REMARKS]
