000
CXUS55 KEAX 230736
CF6IXD
PRELIMINARY LOCAL CLIMATOLOGICAL DATA (WS FORM: F-6)

                                          STATION:   New Century Air Center KS
                                          MONTH:     JUNE
                                          YEAR:      2017
                                          LATITUDE:   38 49 N
                                          LONGITUDE:  94 54 W

  TEMPERATURE IN F:       :PCPN:    SNOW:  WIND      :SUNSHINE: SKY     :PK WND
================================================================================
1   2   3   4   5  6A  6B    7    8   9   10  11  12  13   14  15   16   17  18
                                     12Z  AVG MX 2MIN
DY MAX MIN AVG DEP HDD CDD  WTR  SNW DPTH SPD SPD DIR MIN PSBL S-S WX    SPD DR
================================================================================

 1  78  61  70   0   0   5 0.31    M    M  7.8 14 140   M    M   4 13     18 150
 2  84  64  74   4   0   9 0.00    M    M  6.7 14 160   M    M   1        19 160
 3  84  63  74   3   0   9 0.00    M    M  6.5 16 150   M    M   1        22 130
 4  82  68  75   4   0  10 0.03    M    M  2.5 17  30   M    M   4 13     22  30
 5  91  63  77   6   0  12 0.00    M    M  5.6 15 360   M    M   2 12     18  10
 6  83  63  73   1   0   8 0.00    M    M  7.3 13  20   M    M   0        18  60
 7  81  57  69  -3   0   4 0.00    M    M  5.4 12  30   M    M   0 8      16  40
 8  81  57  69  -3   0   4 0.00    M    M  6.0 13 190   M    M   0        17 220
 9  85  56  71  -1   0   6 0.00    M    M  8.9 18 190   M    M   0        22 150
10  88  65  77   4   0  12 0.00    M    M 15.5 26 180   M    M   1        35 160
11  91  71  81   8   0  16 0.00    M    M 15.9 29 160   M    M   0        38 160
12  91  69  80   7   0  15 0.00    M    M 12.4 23 160   M    M   0        30 160
13  90  74  82   9   0  17 0.00    M    M 15.5 26 160   M    M   3        34 170
14  88  67  78   4   0  13 0.43    M    M 12.1 33 250   M    M   5 13     45 260
15  91  65  78   4   0  13 0.24    M    M 11.5 29 230   M    M   2 13     38 230
16  90  66  78   4   0  13 0.08    M    M 10.8 38 330   M    M   2 13     50 350
17  91  66  79   5   0  14 0.98    M    M 10.6 45 310   M    M   2 13     63 320
18  81  61  71  -3   0   6 0.17    M    M  9.8 20 340   M    M   1 13     30 290
19  84  60  72  -2   0   7 0.24    M    M  8.5 22  20   M    M   3 1      28 240
20  90  64  77   2   0  12 0.00    M    M  9.2 16 220   M    M   2        21 240
21  91  71  81   6   0  16 0.00    M    M 12.5 24 210   M    M   0        33 190
22  86  67  77   2   0  12 0.00    M    M 10.3 20 160   M    M   2        25 170
================================================================================
SM 1901 1418         0 233  2.48    M    211.3          M       35
================================================================================
AV 86.4 64.5                               9.6 FASTST   M    M   2    MAX(MPH)
                                 MISC ---->  # 45 310               # 63  320
================================================================================
NOTES:
# LAST OF SEVERAL OCCURRENCES

COLUMN 17 PEAK WIND IN M.P.H.

PRELIMINARY LOCAL CLIMATOLOGICAL DATA (WS FORM: F-6) , PAGE 2

                                          STATION:  New Century Air Center KS
                                          MONTH:    JUNE
                                          YEAR:     2017
                                          LATITUDE:   38 49 N
                                          LONGITUDE:  94 54 W

[TEMPERATURE DATA]      [PRECIPITATION DATA]       SYMBOLS USED IN COLUMN 16

AVERAGE MONTHLY: 75.4   TOTAL FOR MONTH:   2.48    1 = FOG OR MIST
DPTR FM NORMAL:   2.6   DPTR FM NORMAL:   -2.36    2 = FOG REDUCING VISIBILITY
HIGHEST:    91 ON 21,17 GRTST 24HR  0.98 ON 17-17      TO 1/4 MILE OR LESS
LOWEST:     56 ON  9                               3 = THUNDER
                        SNOW, ICE PELLETS, HAIL    4 = ICE PELLETS
                        TOTAL MONTH:    M          5 = HAIL
                        GRTST 24HR    M  ON   M    6 = FREEZING RAIN OR DRIZZLE
                        GRTST DEPTH:  M  ON   M    7 = DUSTSTORM OR SANDSTORM:
                                                       VSBY 1/2 MILE OR LESS
                                                   8 = SMOKE OR HAZE
[NO. OF DAYS WITH]      [WEATHER - DAYS WITH]      9 = BLOWING SNOW
                                                   X = TORNADO
MAX 32 OR BELOW:   0    0.01 INCH OR MORE:   8
MAX 90 OR ABOVE:   9    0.10 INCH OR MORE:   6
MIN 32 OR BELOW:   0    0.50 INCH OR MORE:   1
MIN  0 OR BELOW:   0    1.00 INCH OR MORE:   0

[HDD (BASE 65) ]
TOTAL THIS MO.     0    CLEAR  (SCALE 0-3)  19
DPTR FM NORMAL    -4    PTCLDY (SCALE 4-7)   3
TOTAL FM JUL 1  4107    CLOUDY (SCALE 8-10)  0
DPTR FM NORMAL  -949

[CDD (BASE 65) ]
TOTAL THIS MO.   233
DPTR FM NORMAL    55    [PRESSURE DATA]
TOTAL FM JAN 1   347    HIGHEST SLP  0.00 ON M
DPTR FM NORMAL    57    LOWEST  SLP  0.00 ON M

[REMARKS]
