000
CXUS55 KEAX 220736
CF6IXD
PRELIMINARY LOCAL CLIMATOLOGICAL DATA (WS FORM: F-6)

                                          STATION:   New Century Air Center KS
                                          MONTH:     SEPTEMBER
                                          YEAR:      2014
                                          LATITUDE:   38 49 N
                                          LONGITUDE:  94 54 W

  TEMPERATURE IN F:       :PCPN:    SNOW:  WIND      :SUNSHINE: SKY     :PK WND
================================================================================
1   2   3   4   5  6A  6B    7    8   9   10  11  12  13   14  15   16   17  18
                                     12Z  AVG MX 2MIN
DY MAX MIN AVG DEP HDD CDD  WTR  SNW DPTH SPD SPD DIR MIN PSBL S-S WX    SPD DR
================================================================================

 1  81  65  73  -1   0   8 0.98    M    M  9.2 31 130   M    M   7 13     40 130
 2  82  67  75   2   0  10 0.00    M    M  4.4 14 200   M    M   6 12     17 200
 3  86  65  76   3   0  11 1.17    M    M 14.4 26 190   M    M   4 13     33 140
 4  92  74  83  10   0  18 0.00    M    M 15.6 29 210   M    M   0        35 220
 5  78  61  70  -2   0   5 0.18    M    M 11.1 23 360   M    M   4 1      30 340
 6  74  56  65  -7   0   0 0.00    M    M  8.0 14 360   M    M   2        22  30
 7  77  52  65  -7   0   0 0.00    M    M  5.6 12 130   M    M   0        15 130
 8  84  58  71   0   0   6 0.00    M    M  9.8 20 200   M    M   2        27 190
 9  91  70  81  10   0  16 0.00    M    M 15.4 28 190   M    M   0 1      40 200
10  82  59  71   1   0   6 0.12    M    M 12.2 31 190   M    M   9 13     43 200
11  60  53  57 -13   8   0    T    M    M 11.5 16  50   M    M  10 1      22  70
12  56  40  48 -21  17   0 0.01    M    M 11.1 20 360   M    M   9 1      25 360
13  63  37  50 -19  15   0 0.00    M    M  5.3 13 160   M    M   1 12     19 140
14  72  53  63  -6   2   0 0.00    M    M  7.1 16 140   M    M   7        20 140
15  72  50  61  -7   4   0    T    M    M 10.1 20  10   M    M   7 1      24  40
16  73  43  58 -10   7   0 0.00    M    M  4.8  9 150   M    M   1 1      13 150
17  76  63  70   3   0   5 1.34    M    M  4.9 13  70   M    M   9 123    15  70
18  71  61  66  -1   0   1 0.00    M    M  7.9 13  70   M    M   7 18     17 110
19  80  60  70   4   0   5 0.00    M    M  8.5 15 150   M    M   6 12     19 160
20  85  65  75   9   0  10 0.00    M    M  9.2 22 210   M    M   1 1      27 220
21  76  54  65  -1   0   0 0.00    M    M  9.7 22 360   M    M   0        28 360
================================================================================
SM 1611 1206        53 101  3.80    M    195.8          M       92
================================================================================
AV 76.7 57.4                               9.3 FASTST   M    M   4    MAX(MPH)
                                 MISC ---->  # 31 130               # 43  200
================================================================================
NOTES:
# LAST OF SEVERAL OCCURRENCES

COLUMN 17 PEAK WIND IN M.P.H.

PRELIMINARY LOCAL CLIMATOLOGICAL DATA (WS FORM: F-6) , PAGE 2

                                          STATION:  New Century Air Center KS
                                          MONTH:    SEPTEMBER
                                          YEAR:     2014
                                          LATITUDE:   38 49 N
                                          LONGITUDE:  94 54 W

[TEMPERATURE DATA]      [PRECIPITATION DATA]       SYMBOLS USED IN COLUMN 16

AVERAGE MONTHLY: 67.1   TOTAL FOR MONTH:   3.80    1 = FOG OR MIST
DPTR FM NORMAL:  -2.7   DPTR FM NORMAL:    0.33    2 = FOG REDUCING VISIBILITY
HIGHEST:    92 ON  4    GRTST 24HR  2.43 ON 31- 1      TO 1/4 MILE OR LESS
LOWEST:     37 ON 13                               3 = THUNDER
                        SNOW, ICE PELLETS, HAIL    4 = ICE PELLETS
                        TOTAL MONTH:    M          5 = HAIL
                        GRTST 24HR    M  ON   M    6 = FREEZING RAIN OR DRIZZLE
                        GRTST DEPTH:  M  ON   M    7 = DUSTSTORM OR SANDSTORM:
                                                       VSBY 1/2 MILE OR LESS
                                                   8 = SMOKE OR HAZE
[NO. OF DAYS WITH]      [WEATHER - DAYS WITH]      9 = BLOWING SNOW
                                                   X = TORNADO
MAX 32 OR BELOW:   0    0.01 INCH OR MORE:   6
MAX 90 OR ABOVE:   2    0.10 INCH OR MORE:   5
MIN 32 OR BELOW:   0    0.50 INCH OR MORE:   3
MIN  0 OR BELOW:   0    1.00 INCH OR MORE:   2

[HDD (BASE 65) ]
TOTAL THIS MO.    53    CLEAR  (SCALE 0-3)   9
DPTR FM NORMAL    32    PTCLDY (SCALE 4-7)   8
TOTAL FM JUL 1    55    CLOUDY (SCALE 8-10)  4
DPTR FM NORMAL    32

[CDD (BASE 65) ]
TOTAL THIS MO.   101
DPTR FM NORMAL   -22    [PRESSURE DATA]
TOTAL FM JAN 1  1262    HIGHEST SLP  0.00 ON M
DPTR FM NORMAL   -43    LOWEST  SLP  0.00 ON M

[REMARKS]
