000
CXUS54 KMEG 260633
CF6JBR
PRELIMINARY LOCAL CLIMATOLOGICAL DATA (WS FORM: F-6)

                                          STATION:   JONESBORO
                                          MONTH:     JULY
                                          YEAR:      2014
                                          LATITUDE:   35 49 N
                                          LONGITUDE:  90 39 W

  TEMPERATURE IN F:       :PCPN:    SNOW:  WIND      :SUNSHINE: SKY     :PK WND
================================================================================
1   2   3   4   5  6A  6B    7    8   9   10  11  12  13   14  15   16   17  18
                                     12Z  AVG MX 2MIN
DY MAX MIN AVG DEP HDD CDD  WTR  SNW DPTH SPD SPD DIR MIN PSBL S-S WX    SPD DR
================================================================================

 1  89  72  81   1   0  16 0.36  0.0    0 10.3 22 210   M    M   4 13     26 210
 2  86  68  77  -3   0  12 0.05  0.0    0  5.4 17 230   M    M   1        26 360
 3  78  63  71 -10   0   6 0.00  0.0    0  4.6 12  30   M    M   2        24 360
 4  81  60  71 -10   0   6 0.00  0.0    0  4.1 13  60   M    M   2 8      18  60
 5  83  64  74  -7   0   9 0.00  0.0    0  2.3  9 150   M    M   1        14 130
 6  84  62  73  -8   0   8 0.00  0.0    0  4.8 18 170   M    M   1 1      64 210
 7  86  75  81   0   0  16 0.01  0.0    0  9.6 21 210   M    M   3 3      26 170
 8  87  73  80  -1   0  15 0.01  0.0    0  8.5 22 330   M    M   4 3      33 320
 9  88  70  79  -2   0  14 0.05  0.0    0  2.9 14 240   M    M   3 13     17 240
10  87  67  77  -4   0  12 0.00  0.0    0  1.8  7 130   M    M   0        13  90
11  87  71  79  -2   0  14 0.00  0.0    0  3.3 10 200   M    M   3        30 200
12  92  73  83   2   0  18 0.00  0.0    0  4.7 10 190   M    M   3        15 180
13  93  77  85   4   0  20 0.00  0.0    0  9.4 17 220   M    M   1        21 210
14  89  73  81   0   0  16 0.28  0.0    0  7.1 28 240   M    M   4 13     37 240
15  78  64  71 -10   0   6 0.00  0.0    0  7.2 15 360   M    M   1        21  10
16  78  60  69 -12   0   4 0.00  0.0    0  3.1 12  30   M    M   2        16  60
17  76  57  67 -14   0   2    T  0.0    0  3.2  9 120   M    M   3        14 100
18  77  63  70 -11   0   5 0.04  0.0    0  7.7 16 110   M    M   8        21 110
19  82  63  73  -8   0   8 0.00  0.0    0  3.5 10  40   M    M   6        15  60
20  84  62  73  -8   0   8 0.00  0.0    0  1.9  9 120   M    M   3 1       M  M
21  86  62  74  -7   0   9 0.00  0.0    0  1.7  8 140   M    M   0 1      17  60
22  88  63  76  -5   0  11 0.00  0.0    0  1.5 10 200   M    M   0 18     16 210
23  89  68  79  -2   0  14 0.83  0.0    0  7.4 46  60   M    M   3 13     58  60
24  81  62  72  -9   0   7 0.00  0.0    0  6.7 15  40   M    M   2        21  30
25  84  60  72  -9   0   7 0.00  0.0    0  2.9  9 120   M    M   0        14 160
================================================================================
SM 2113 1652         0 263  1.63     0.0 125.6          M       60
================================================================================
AV 84.5 66.1                               5.0 FASTST   M    M   2    MAX(MPH)
                                 MISC ---->  # 46  60               # 64  210
================================================================================
NOTES:
# LAST OF SEVERAL OCCURRENCES

COLUMN 17 PEAK WIND IN M.P.H.

PRELIMINARY LOCAL CLIMATOLOGICAL DATA (WS FORM: F-6) , PAGE 2

                                          STATION:  JONESBORO
                                          MONTH:    JULY
                                          YEAR:     2014
                                          LATITUDE:   35 49 N
                                          LONGITUDE:  90 39 W

[TEMPERATURE DATA]      [PRECIPITATION DATA]       SYMBOLS USED IN COLUMN 16

AVERAGE MONTHLY: 75.3   TOTAL FOR MONTH:   1.63    1 = FOG OR MIST
DPTR FM NORMAL:  -5.6   DPTR FM NORMAL:   -1.43    2 = FOG REDUCING VISIBILITY
HIGHEST:    93 ON 13    GRTST 24HR  0.83 ON 23-23      TO 1/4 MILE OR LESS
LOWEST:     57 ON 17                               3 = THUNDER
                        SNOW, ICE PELLETS, HAIL    4 = ICE PELLETS
                        TOTAL MONTH:   0.0 INCH    5 = HAIL
                        GRTST 24HR     0.0         6 = FREEZING RAIN OR DRIZZLE
                        GRTST DEPTH:   0           7 = DUSTSTORM OR SANDSTORM:
                                                       VSBY 1/2 MILE OR LESS
                                                   8 = SMOKE OR HAZE
[NO. OF DAYS WITH]      [WEATHER - DAYS WITH]      9 = BLOWING SNOW
                                                   X = TORNADO
MAX 32 OR BELOW:   0    0.01 INCH OR MORE:   8
MAX 90 OR ABOVE:   2    0.10 INCH OR MORE:   3
MIN 32 OR BELOW:   0    0.50 INCH OR MORE:   1
MIN  0 OR BELOW:   0    1.00 INCH OR MORE:   0

[HDD (BASE 65) ]
TOTAL THIS MO.     0    CLEAR  (SCALE 0-3)  19
DPTR FM NORMAL     0    PTCLDY (SCALE 4-7)   5
TOTAL FM JUL 1     0    CLOUDY (SCALE 8-10)  1
DPTR FM NORMAL     0

[CDD (BASE 65) ]
TOTAL THIS MO.   263
DPTR FM NORMAL  -136    [PRESSURE DATA]
TOTAL FM JAN 1   903    HIGHEST SLP M ON M
DPTR FM NORMAL   -92    LOWEST  SLP 29.83 ON 14

[REMARKS]
