000
CXUS54 KSJT 260900
CF6JCT
PRELIMINARY LOCAL CLIMATOLOGICAL DATA (WS FORM: F-6)

                                          STATION:   JUNCTION
                                          MONTH:     MAY
                                          YEAR:      2015
                                          LATITUDE:   30 18 N
                                          LONGITUDE:  99 28 W

  TEMPERATURE IN F:       :PCPN:    SNOW:  WIND      :SUNSHINE: SKY     :PK WND
================================================================================
1   2   3   4   5  6A  6B    7    8   9   10  11  12  13   14  15   16   17  18
                                     12Z  AVG MX 2MIN
DY MAX MIN AVG DEP HDD CDD  WTR  SNW DPTH SPD SPD DIR MIN PSBL S-S WX    SPD DR
================================================================================

 1  85  43  64  -6   1   0 0.00  0.0    0  4.6 14 180   M    M   0 8      18 160
 2  83  51  67  -3   0   2 0.00  0.0    0  5.9 17 130   M    M   0        22 130
 3  83  61  72   2   0   7 0.00  0.0    0  9.6 17 150   M    M   4        28 210
 4  81  67  74   3   0   9 0.24  0.0    0 13.2 28 130   M    M   8 13     34 130
 5  74  66  70  -1   0   5    T  0.0    0 12.5 26 170   M    M  10        34 160
 6  84  70  77   6   0  12 0.01  0.0    0 11.1 23 140   M    M   8        30 170
 7  88  71  80   8   0  15    T  0.0    0 11.4 22 170   M    M   7 8      27 160
 8  82  71  77   5   0  12    T  0.0    0  9.8 18 160   M    M   8 18     25 160
 9  91  74  83  11   0  18    T  0.0    0 11.5 23 170   M    M   6 138    30 170
10  82  65  74   2   0   9 0.01  0.0    0  3.8 17  10   M    M   8 3      22 360
11  73  63  68  -5   0   3 0.15  0.0    0  9.1 18  60   M    M   9 138    24  50
12  67  60  64  -9   1   0 0.07  0.0    0  8.4 16  60   M    M  10 1      23  60
13  72  62  67  -6   0   2 1.33  0.0    0  8.4 20 160   M    M   9 13     26 160
14  83  69  76   2   0  11 0.00  0.0    0  7.9 16 160   M    M   7 1      22 200
15  85  64  75   1   0  10 0.12  0.0    0  7.9 18 340   M    M   3 13     24 340
16  85  68  77   3   0  12 0.00  0.0    0 11.9 21 160   M    M   7 8      27 170
17  89  63  76   2   0  11 1.00  0.0    0  4.3 32 310   M    M   4 13     46 290
18  92  67  80   5   0  15    T  0.0    0  7.4 18 140   M    M   5 18     23 150
19  87  72  80   5   0  15 0.00  0.0    0 12.7 24 160   M    M   6 18     30 150
20  86  63  75   0   0  10 0.55  0.0    0  8.7 25 280   M    M   8 138    34 260
21  67  58  63 -12   2   0 0.02  0.0    0 10.3 16  60   M    M   9 13     21  50
22  80  61  71  -5   0   6    T  0.0    0  7.8 18 160   M    M   8 1      23 140
23  83  63  73  -3   0   8 1.33  0.0    0 11.3 28 130   M    M   6 138    35 130
24  84  61  73  -3   0   8 0.10  0.0    0  5.5 35 130   M    M   4 13     44 130
25  86  66  76   0   0  11 0.01  0.0    0  8.2 29 150   M    M   4 138    38 170
================================================================================
SM 2052 1599         4 211  4.94     0.0 223.2          M      158
================================================================================
AV 82.1 64.0                               8.9 FASTST   M    M   6    MAX(MPH)
                                 MISC ---->  # 35 130               # 46  290
================================================================================
NOTES:
# LAST OF SEVERAL OCCURRENCES

COLUMN 17 PEAK WIND IN M.P.H.

PRELIMINARY LOCAL CLIMATOLOGICAL DATA (WS FORM: F-6) , PAGE 2

                                          STATION:  JUNCTION
                                          MONTH:    MAY
                                          YEAR:     2015
                                          LATITUDE:   30 18 N
                                          LONGITUDE:  99 28 W

[TEMPERATURE DATA]      [PRECIPITATION DATA]       SYMBOLS USED IN COLUMN 16

AVERAGE MONTHLY: 73.0   TOTAL FOR MONTH:   4.94    1 = FOG OR MIST
DPTR FM NORMAL:  -0.2   DPTR FM NORMAL:    2.37    2 = FOG REDUCING VISIBILITY
HIGHEST:    92 ON 18    GRTST 24HR  1.43 ON 23-24      TO 1/4 MILE OR LESS
LOWEST:     43 ON  1                               3 = THUNDER
                        SNOW, ICE PELLETS, HAIL    4 = ICE PELLETS
                        TOTAL MONTH:   0.0 INCH    5 = HAIL
                        GRTST 24HR     0.0         6 = FREEZING RAIN OR DRIZZLE
                        GRTST DEPTH:   0           7 = DUSTSTORM OR SANDSTORM:
                                                       VSBY 1/2 MILE OR LESS
                                                   8 = SMOKE OR HAZE
[NO. OF DAYS WITH]      [WEATHER - DAYS WITH]      9 = BLOWING SNOW
                                                   X = TORNADO
MAX 32 OR BELOW:   0    0.01 INCH OR MORE:  13
MAX 90 OR ABOVE:   2    0.10 INCH OR MORE:   8
MIN 32 OR BELOW:   0    0.50 INCH OR MORE:   4
MIN  0 OR BELOW:   0    1.00 INCH OR MORE:   3

[HDD (BASE 65) ]
TOTAL THIS MO.     4    CLEAR  (SCALE 0-3)   2
DPTR FM NORMAL    -3    PTCLDY (SCALE 4-7)  14
TOTAL FM JUL 1  2180    CLOUDY (SCALE 8-10)  9
DPTR FM NORMAL   -36

[CDD (BASE 65) ]
TOTAL THIS MO.   211
DPTR FM NORMAL     0    [PRESSURE DATA]
TOTAL FM JAN 1   394    HIGHEST SLP M ON M
DPTR FM NORMAL    34    LOWEST  SLP 29.58 ON 16

[REMARKS]
