000
CXUS55 KGGW 300800
CF6JDN
PRELIMINARY LOCAL CLIMATOLOGICAL DATA (WS FORM: F-6)

                                          STATION:   JORDAN  ASOS MT
                                          MONTH:     OCTOBER
                                          YEAR:      2014
                                          LATITUDE:   47 19 N
                                          LONGITUDE: 106 50 W

  TEMPERATURE IN F:       :PCPN:    SNOW:  WIND      :SUNSHINE: SKY     :PK WND
================================================================================
1   2   3   4   5  6A  6B    7    8   9   10  11  12  13   14  15   16   17  18
                                     12Z  AVG MX 2MIN
DY MAX MIN AVG DEP HDD CDD  WTR  SNW DPTH SPD SPD DIR MIN PSBL S-S WX    SPD DR
================================================================================

 1  61  37  49  -1  16   0 0.00  0.0    0 14.8 31 310   M    M   0        36 320
 2  45  24  35 -15  30   0 0.00  0.0    0 15.1 35 310   M    M   0        42 320
 3  53  22  38 -12  27   0 0.00  0.0    0  7.6 20 290   M    M   0        38 300
 4  71  30  51   2  14   0 0.00  0.0    0 10.9 29 340   M    M   0        35 330
 5  68  39  54   5  11   0 0.00  0.0    0 15.3 39 320   M    M   0        49 320
 6  75  37  56   8   9   0 0.00  0.0    0 12.6 31 310   M    M   0        39 320
 7  63  34  49   1  16   0 0.00  0.0    0  3.9 14 330   M    M   0        19 310
 8  66  33  50   2  15   0 0.00  0.0    0  7.5 18  70   M    M   0        23  70
 9  63  32  48   1  17   0 0.00  0.0    0  5.8 16  90   M    M   0        20 100
10  67  29  48   1  17   0 0.00  0.0    0  5.5 21 140   M    M   0        25 130
11  72  32  52   6  13   0 0.00  0.0    0  8.7 24 310   M    M   0        34 310
12  63  36  50   4  15   0 0.00  0.0    0 11.5 30 340   M    M   0        40 350
13  63  34  49   3  16   0 0.00  0.0    0  7.2 17 240   M    M   0        20 240
14  75  31  53   8  12   0 0.00  0.0    0  5.7 26 240   M    M   0        33 240
15  72  33  53   8  12   0 0.00  0.0    0  5.4 25 280   M    M   0        36 270
16  56  33  45   1  20   0 0.01    M    0 12.0 37 310   M    M   0        45 310
17  61  29  45   1  20   0 0.00  0.0    0  5.9 16 140   M    M   0        20 130
18  73  36  55  12  10   0 0.00  0.0    0  6.8 23 290   M    M   0        28 300
19  72  35  54  11  11   0 0.00  0.0    0  6.3 12 190   M    M   0        19 210
20  80  31  56  13   9   0 0.00  0.0    0  4.5 16 230   M    M   0        20 210
21   M   M   M   M   M   M    M    M    M   M   M   M   M    M   M         M  M
22  64  28  46   4  19   0 0.00  0.0    0 10.9 26 290   M    M   0        35 270
23  71  26  49   8  16   0 0.00  0.0    0  5.3 21 280   M    M   0        25 250
24  60  36  48   7  17   0 0.00  0.0    0  8.0 28 320   M    M   0        34 320
25  69  28  49   9  16   0 0.00  0.0    0  6.0 21 150   M    M   0        25 150
26  65  35  50  10  15   0 0.01    M    0 12.3 32 290   M    M   0        40 300
27  44  33  39  -1  26   0 0.07    M    0 19.5 31 310   M    M   0        37 280
28  51  22  37  -2  28   0 0.00  0.0    0  5.8 17 320   M    M   0        22 320
29  63  25  44   5  21   0 0.03    M    0  7.5 23 310   M    M   0        33 280
================================================================================
SM 1806  880       468   0  0.12     0.0 248.3          M        0
================================================================================
AV 64.5 31.4                               8.9 FASTST   M    M   0    MAX(MPH)
                                 MISC ---->  # 39 320               # 49  320
================================================================================
NOTES:
# LAST OF SEVERAL OCCURRENCES

COLUMN 17 PEAK WIND IN M.P.H.

PRELIMINARY LOCAL CLIMATOLOGICAL DATA (WS FORM: F-6) , PAGE 2

                                          STATION:  JORDAN  ASOS MT
                                          MONTH:    OCTOBER
                                          YEAR:     2014
                                          LATITUDE:   47 19 N
                                          LONGITUDE: 106 50 W

[TEMPERATURE DATA]      [PRECIPITATION DATA]       SYMBOLS USED IN COLUMN 16

AVERAGE MONTHLY: 48.0   TOTAL FOR MONTH:   0.12    1 = FOG OR MIST
DPTR FM NORMAL:   3.3   DPTR FM NORMAL:   -0.72    2 = FOG REDUCING VISIBILITY
HIGHEST:    80 ON 20    GRTST 24HR  0.07 ON 27-27      TO 1/4 MILE OR LESS
LOWEST:     22 ON 28, 3                            3 = THUNDER
                        SNOW, ICE PELLETS, HAIL    4 = ICE PELLETS
                        TOTAL MONTH:   0.0 INCH    5 = HAIL
                        GRTST 24HR     0.0         6 = FREEZING RAIN OR DRIZZLE
                        GRTST DEPTH:   0           7 = DUSTSTORM OR SANDSTORM:
                                                       VSBY 1/2 MILE OR LESS
                                                   8 = SMOKE OR HAZE
[NO. OF DAYS WITH]      [WEATHER - DAYS WITH]      9 = BLOWING SNOW
                                                   X = TORNADO
MAX 32 OR BELOW:   0    0.01 INCH OR MORE:   4
MAX 90 OR ABOVE:   0    0.10 INCH OR MORE:   0
MIN 32 OR BELOW:  14    0.50 INCH OR MORE:   0
MIN  0 OR BELOW:   0    1.00 INCH OR MORE:   0

[HDD (BASE 65) ]
TOTAL THIS MO.   468    CLEAR  (SCALE 0-3)  28
DPTR FM NORMAL  -125    PTCLDY (SCALE 4-7)   0
TOTAL FM JUL 1   759    CLOUDY (SCALE 8-10)  0
DPTR FM NORMAL  -160

[CDD (BASE 65) ]
TOTAL THIS MO.     0
DPTR FM NORMAL     0    [PRESSURE DATA]
TOTAL FM JAN 1   460    HIGHEST SLP M ON M
DPTR FM NORMAL    40    LOWEST  SLP 29.48 ON 15

[REMARKS]
