000
CXUS53 KLSX 271600
CF6JEF
PRELIMINARY LOCAL CLIMATOLOGICAL DATA (WS FORM: F-6)

                                          STATION:   JEFFERSON CITY
                                          MONTH:     MAY
                                          YEAR:      2017
                                          LATITUDE:   38 35 N
                                          LONGITUDE:  92 10 W

  TEMPERATURE IN F:       :PCPN:    SNOW:  WIND      :SUNSHINE: SKY     :PK WND
================================================================================
1   2   3   4   5  6A  6B    7    8   9   10  11  12  13   14  15   16   17  18
                                     12Z  AVG MX 2MIN
DY MAX MIN AVG DEP HDD CDD  WTR  SNW DPTH SPD SPD DIR MIN PSBL S-S WX    SPD DR
================================================================================

 1  56  48  52  -9  13   0    T  0.0    0 13.2 28 250   M    M   7        36 220
 2  70  45  58  -3   7   0    T  0.0    0  6.3 18 290   M    M   4        26 300
 3  61  47  54  -8  11   0 2.38  0.0    0  8.4 21  80   M    M  10 138    30  80
 4  66  48  57  -5   8   0 0.18  0.0    0 12.2 29 360   M    M   3        39 350
 5  73  45  59  -3   6   0 0.00  0.0    0  7.5 23 350   M    M   0        31 350
 6  76  50  63   1   2   0 0.00  0.0    0  6.8 18 360   M    M   0        27  10
 7  81  45  63   0   2   0 0.00  0.0    0  2.5  9 130   M    M   0 18     15 130
 8  87  55  71   8   0   6 0.00  0.0    0  4.4 18 190   M    M   0        24 220
 9  86  60  73  10   0   8 0.00  0.0    0  6.6 17 240   M    M   0        23 240
10  85  63  74  10   0   9 0.09  0.0    0  6.9 23 220   M    M   4 3      32 210
11  73  64  69   5   0   4 0.18  0.0    0  4.9 16  20   M    M   9 1      21  10
12  77  59  68   4   0   3 0.00  0.0    0  6.0 16  10   M    M   3        23  70
13  81  54  68   4   0   3 0.00  0.0    0  2.3 12 210   M    M   1 12     14 150
14  83  55  69   4   0   4 0.00  0.0    0  7.6 21 220   M    M   0 1      27 190
15  88  58  73   8   0   8 0.00  0.0    0  7.2 17 170   M    M   0        22 180
16  87  68  78  13   0  13 0.00  0.0    0 11.0 22 180   M    M   0        33 190
17  85  74  80  14   0  15 0.00  0.0    0 15.0 32 170   M    M   4        45 170
18  89  70  80  14   0  15 0.00  0.0    0  5.4 14 170   M    M   2        17 220
19  79  64  72   6   0   7 1.58  0.0    0  8.3 33 280   M    M   7 13     46 290
20  78  60  69   3   0   4 0.91  0.0    0  9.1 18 230   M    M   7 13     22 240
21  70  53  62  -5   3   0 0.00  0.0    0  9.3 23 270   M    M   0        28 300
22  76  49  63  -4   2   0 0.00  0.0    0  5.3 18 340   M    M   1 3      25 340
23  70  55  63  -4   2   0 0.11  0.0    0  6.3 17 290   M    M   7 1      24 290
24  69  53  61  -7   4   0    T  0.0    0  7.9 18 300   M    M   4        24 300
25  77  50  64  -4   1   0 0.00  0.0    0  5.8 12 160   M    M   1 12     15 150
26  83  63  73   5   0   8 0.00  0.0    0  4.6 16 140   M    M   4 3      19 130
================================================================================
SM 2006 1455        61 107  5.43     0.0 190.8          M       78
================================================================================
AV 77.2 56.0                               7.3 FASTST   M    M   3    MAX(MPH)
                                 MISC ---->  # 33 280               # 46  290
================================================================================
NOTES:
# LAST OF SEVERAL OCCURRENCES

COLUMN 17 PEAK WIND IN M.P.H.

PRELIMINARY LOCAL CLIMATOLOGICAL DATA (WS FORM: F-6) , PAGE 2

                                          STATION:  JEFFERSON CITY
                                          MONTH:    MAY
                                          YEAR:     2017
                                          LATITUDE:   38 35 N
                                          LONGITUDE:  92 10 W

[TEMPERATURE DATA]      [PRECIPITATION DATA]       SYMBOLS USED IN COLUMN 16

AVERAGE MONTHLY: 66.6   TOTAL FOR MONTH:   5.43    1 = FOG OR MIST
DPTR FM NORMAL:   2.0   DPTR FM NORMAL:    1.21    2 = FOG REDUCING VISIBILITY
HIGHEST:    89 ON 18    GRTST 24HR  2.38 ON  3- 3      TO 1/4 MILE OR LESS
LOWEST:     45 ON  7, 5                            3 = THUNDER
                        SNOW, ICE PELLETS, HAIL    4 = ICE PELLETS
                        TOTAL MONTH:   0.0 INCH    5 = HAIL
                        GRTST 24HR     0.0         6 = FREEZING RAIN OR DRIZZLE
                        GRTST DEPTH:   0           7 = DUSTSTORM OR SANDSTORM:
                                                       VSBY 1/2 MILE OR LESS
                                                   8 = SMOKE OR HAZE
[NO. OF DAYS WITH]      [WEATHER - DAYS WITH]      9 = BLOWING SNOW
                                                   X = TORNADO
MAX 32 OR BELOW:   0    0.01 INCH OR MORE:   7
MAX 90 OR ABOVE:   0    0.10 INCH OR MORE:   6
MIN 32 OR BELOW:   0    0.50 INCH OR MORE:   3
MIN  0 OR BELOW:   0    1.00 INCH OR MORE:   2

[HDD (BASE 65) ]
TOTAL THIS MO.    61    CLEAR  (SCALE 0-3)  14
DPTR FM NORMAL   -23    PTCLDY (SCALE 4-7)  10
TOTAL FM JUL 1  3674    CLOUDY (SCALE 8-10)  2
DPTR FM NORMAL  -961

[CDD (BASE 65) ]
TOTAL THIS MO.   107
DPTR FM NORMAL    34    [PRESSURE DATA]
TOTAL FM JAN 1   180    HIGHEST SLP M ON M
DPTR FM NORMAL    77    LOWEST  SLP 29.50 ON  1

[REMARKS]
