000
CXUS53 KLSX 011600
CF6JEF
PRELIMINARY LOCAL CLIMATOLOGICAL DATA (WS FORM: F-6)

                                          STATION:   JEFFERSON CITY
                                          MONTH:     JULY
                                          YEAR:      2015
                                          LATITUDE:   38 35 N
                                          LONGITUDE:  92 10 W

  TEMPERATURE IN F:       :PCPN:    SNOW:  WIND      :SUNSHINE: SKY     :PK WND
================================================================================
1   2   3   4   5  6A  6B    7    8   9   10  11  12  13   14  15   16   17  18
                                     12Z  AVG MX 2MIN
DY MAX MIN AVG DEP HDD CDD  WTR  SNW DPTH SPD SPD DIR MIN PSBL S-S WX    SPD DR
================================================================================

 1  82  69  76  -2   0  11 1.93  0.0    0  5.7 33  10   M    M   6 1      42  10
 2  76  69  73  -5   0   8    T  0.0    0  5.8 13  60   M    M  10 1      21  20
 3  82  65  74  -4   0   9 0.00  0.0    0  3.5 10  20   M    M   4        16 350
 4  83  60  72  -6   0   7 0.00  0.0    0  3.3  8 100   M    M   0 18     11 130
 5  86  66  76  -2   0  11 0.00  0.0    0  6.1 12 140   M    M   1 18     15 140
 6  87  73  80   2   0  15 0.01  0.0    0  7.6 18 250   M    M   2 1      22 250
 7  75  65  70  -8   0   5 0.53  0.0    M  5.6 13 360   M    M   8 1      19 350
 8  72  61  67 -11   0   2 2.08  0.0    0  7.9 17 280   M    M   9 1      23 270
 9  77  61  69  -9   0   4 0.10  0.0    0  4.7 13 290   M    M   6 1      16 290
10  80  67  74  -4   0   9 0.00  0.0    0  2.3  8 100   M    M   7 1      11 120
11  91  73  82   3   0  17 0.00  0.0    0  7.7 17 220   M    M   1        22 220
12  92  72  82   3   0  17 0.00  0.0    0  5.2 16  50   M    M   1        20  60
13  95  77  86   7   0  21 0.00  0.0    0  6.5 17 250   M    M   0        21 230
14  94  77  86   7   0  21 0.00  0.0    0  4.4 15 270   M    M   1        19 280
15  87  73  80   1   0  15 0.00  0.0    0  5.8 14 120   M    M   1        20  70
16  92  74  83   4   0  18 0.00  0.0    0  8.0 17 200   M    M   2        22 220
17  93  77  85   6   0  20 0.00  0.0    0  7.1 17 210   M    M   1        21 200
18  92  79  86   7   0  21    T  0.0    0  5.0 17 190   M    M   0        22 180
19  87  73  80   1   0  15 0.12  0.0    0  4.7 21 340   M    M   4 1      27 340
20  86  72  79   0   0  14 0.19  0.0    0  4.6 16 280   M    M   3 1      23 260
21  82  67  75  -4   0  10 0.00  0.0    0  3.5 10 320   M    M   2        13 320
22  81  66  74  -5   0   9 0.00  0.0    0  5.7 16 130   M    M   7        21 140
23  86  69  78  -1   0  13 0.00  0.0    0  4.8 12  70   M    M   2        15 110
24  92  71  82   3   0  17 0.00  0.0    0  5.0 14 160   M    M   2        17  50
25  93  72  83   4   0  18 0.07  0.0    0  4.1 14 130   M    M   1        19 280
26  92  72  82   3   0  17    M  0.0    0  5.4 18 330   M    M   2 1      28 360
27  93  75  84   5   0  19 0.00  0.0    0  4.9 18  50   M    M   1 1      24  60
28  94  74  84   5   0  19 0.00  0.0    0  4.8 15 190   M    M   1        19 210
29  87  68  78   0   0  13 0.00  0.0    0  5.9 20 340   M    M   0 1      26 350
30  91  64  78   0   0  13 0.00  0.0    0  1.8  7  80   M    M   2 12     10 140
31  91  63  77  -1   0  12 0.00  0.0    0  2.8 12 280   M    M   1 12     15 290
================================================================================
SM 2691 2164         0 420  5.03     0.0 160.2          M       88
================================================================================
AV 86.8 69.8                               5.2 FASTST   M    M   3    MAX(MPH)
                                 MISC ---->  # 33  10               # 42   10
================================================================================
NOTES:
# LAST OF SEVERAL OCCURRENCES

COLUMN 17 PEAK WIND IN M.P.H.

PRELIMINARY LOCAL CLIMATOLOGICAL DATA (WS FORM: F-6) , PAGE 2

                                          STATION:  JEFFERSON CITY
                                          MONTH:    JULY
                                          YEAR:     2015
                                          LATITUDE:   38 35 N
                                          LONGITUDE:  92 10 W

[TEMPERATURE DATA]      [PRECIPITATION DATA]       SYMBOLS USED IN COLUMN 16

AVERAGE MONTHLY: 78.3   TOTAL FOR MONTH:   5.03    1 = FOG OR MIST
DPTR FM NORMAL:  -0.2   DPTR FM NORMAL:    0.75    2 = FOG REDUCING VISIBILITY
HIGHEST:    95 ON 13    GRTST 24HR  2.23 ON  7- 8      TO 1/4 MILE OR LESS
LOWEST:     60 ON  4                               3 = THUNDER
                        SNOW, ICE PELLETS, HAIL    4 = ICE PELLETS
                        TOTAL MONTH:   0.0 INCH    5 = HAIL
                        GRTST 24HR     0.0         6 = FREEZING RAIN OR DRIZZLE
                        GRTST DEPTH:   0           7 = DUSTSTORM OR SANDSTORM:
                                                       VSBY 1/2 MILE OR LESS
                                                   8 = SMOKE OR HAZE
[NO. OF DAYS WITH]      [WEATHER - DAYS WITH]      9 = BLOWING SNOW
                                                   X = TORNADO
MAX 32 OR BELOW:   0    0.01 INCH OR MORE:   8
MAX 90 OR ABOVE:  14    0.10 INCH OR MORE:   6
MIN 32 OR BELOW:   0    0.50 INCH OR MORE:   3
MIN  0 OR BELOW:   0    1.00 INCH OR MORE:   2

[HDD (BASE 65) ]
TOTAL THIS MO.     0    CLEAR  (SCALE 0-3)  22
DPTR FM NORMAL     0    PTCLDY (SCALE 4-7)   6
TOTAL FM JUL 1     0    CLOUDY (SCALE 8-10)  3
DPTR FM NORMAL     0

[CDD (BASE 65) ]
TOTAL THIS MO.   420
DPTR FM NORMAL     1    [PRESSURE DATA]
TOTAL FM JAN 1   885    HIGHEST SLP 30.15 ON 30
DPTR FM NORMAL    58    LOWEST  SLP 29.64 ON 13

[REMARKS]
#FINAL-07-15#
