000
CXUS55 KBOI 231002
CF6JER
PRELIMINARY LOCAL CLIMATOLOGICAL DATA (WS FORM: F-6)

                                          STATION:   JEROME ID
                                          MONTH:     JULY
                                          YEAR:      2014
                                          LATITUDE:   42 43 N
                                          LONGITUDE: 114 27 W

  TEMPERATURE IN F:       :PCPN:    SNOW:  WIND      :SUNSHINE: SKY     :PK WND
================================================================================
1   2   3   4   5  6A  6B    7    8   9   10  11  12  13   14  15   16   17  18
                                     12Z  AVG MX 2MIN
DY MAX MIN AVG DEP HDD CDD  WTR  SNW DPTH SPD SPD DIR MIN PSBL S-S WX    SPD DR
================================================================================

 1  91  49  70   2   0   5 0.00    M    M 11.2 16  70   M    M   0        22  60
 2  98  63  81  13   0  16 0.00    M    M 13.3 24  60   M    M   0        31  50
 3  93  61  77   8   0  12 0.00    M    M  7.1 14 210   M    M   0        18 220
 4  97  62  80  11   0  15 0.00    M    M  6.0 16  40   M    M   0        20  50
 5  93  65  79  10   0  14 0.00    M    M  8.1 18 250   M    M   0        24 250
 6  97  59  78   8   0  13 0.00    M    M  5.8 13 280   M    M   0        17 280
 7  96  63  80  10   0  15 0.00    M    M  9.5 18 250   M    M   0        24 230
 8  95  65  80  10   0  15 0.00    M    M  8.4 16 240   M    M   0        23 240
 9  96  65  81  11   0  16 0.00    M    M  9.9 23 240   M    M   1        30 240
10  94  66  80  10   0  15 0.00    M    M  8.9 20 250   M    M   0        25 250
11  96  63  80   9   0  15 0.00    M    M  6.9 22 190   M    M   0        30 200
12  93  67  80   9   0  15 0.00    M    M  6.2 13 200   M    M   1         M  M
13  98  66  82  11   0  17 0.00    M    M  8.4 16  70   M    M   0        21  70
14 102  70  86  15   0  21 0.00    M    M 10.4 20  50   M    M   0        24  50
15  92  65  79   8   0  14 0.00    M    M 14.5 28 260   M    M   0        37 260
16  89  62  76   4   0  11 0.00    M    M  8.1 16 110   M    M   0        23  70
17  91  62  77   5   0  12 0.00    M    M  7.3 17 250   M    M   0        23 260
18  92  62  77   5   0  12 0.00    M    M  9.2 17 230   M    M   0 8      23 260
19  91  59  75   3   0  10 0.00    M    M 11.0 22 250   M    M   0        29 240
20  89  63  76   4   0  11    T    M    M  6.9 21 240   M    M   0        27 250
21  84  59  72   0   0   7    T    M    M  6.9 22 240   M    M   0        27 260
22  94  56  75   3   0  10 0.00    M    M  5.6 12 360   M    M   0        15 360
================================================================================
SM 2061 1372         0 291    T     M    189.6          M        2
================================================================================
AV 93.7 62.4                               8.6 FASTST   M    M   0    MAX(MPH)
                                 MISC ---->  # 28 260               # 37  260
================================================================================
NOTES:
# LAST OF SEVERAL OCCURRENCES

COLUMN 17 PEAK WIND IN M.P.H.

PRELIMINARY LOCAL CLIMATOLOGICAL DATA (WS FORM: F-6) , PAGE 2

                                          STATION:  JEROME ID
                                          MONTH:    JULY
                                          YEAR:     2014
                                          LATITUDE:   42 43 N
                                          LONGITUDE: 114 27 W

[TEMPERATURE DATA]      [PRECIPITATION DATA]       SYMBOLS USED IN COLUMN 16

AVERAGE MONTHLY: 78.0   TOTAL FOR MONTH:      T    1 = FOG OR MIST
DPTR FM NORMAL:   7.5   DPTR FM NORMAL:   -0.15    2 = FOG REDUCING VISIBILITY
HIGHEST:   102 ON 14    GRTST 24HR    T  ON 21-21      TO 1/4 MILE OR LESS
LOWEST:     49 ON  1                               3 = THUNDER
                        SNOW, ICE PELLETS, HAIL    4 = ICE PELLETS
                        TOTAL MONTH:    M          5 = HAIL
                        GRTST 24HR    M  ON   M    6 = FREEZING RAIN OR DRIZZLE
                        GRTST DEPTH:  M  ON   M    7 = DUSTSTORM OR SANDSTORM:
                                                       VSBY 1/2 MILE OR LESS
                                                   8 = SMOKE OR HAZE
[NO. OF DAYS WITH]      [WEATHER - DAYS WITH]      9 = BLOWING SNOW
                                                   X = TORNADO
MAX 32 OR BELOW:   0    0.01 INCH OR MORE:   0
MAX 90 OR ABOVE:  19    0.10 INCH OR MORE:   0
MIN 32 OR BELOW:   0    0.50 INCH OR MORE:   0
MIN  0 OR BELOW:   0    1.00 INCH OR MORE:   0

[HDD (BASE 65) ]
TOTAL THIS MO.     0    CLEAR  (SCALE 0-3)  22
DPTR FM NORMAL   -10    PTCLDY (SCALE 4-7)   0
TOTAL FM JUL 1     0    CLOUDY (SCALE 8-10)  0
DPTR FM NORMAL   -10

[CDD (BASE 65) ]
TOTAL THIS MO.   291
DPTR FM NORMAL   158    [PRESSURE DATA]
TOTAL FM JAN 1   346    HIGHEST SLP M ON M
DPTR FM NORMAL   132    LOWEST  SLP 29.62 ON 20

[REMARKS]
