000
CXUS55 KBOI 251002
CF6JER
PRELIMINARY LOCAL CLIMATOLOGICAL DATA (WS FORM: F-6)

                                          STATION:   JEROME ID
                                          MONTH:     SEPTEMBER
                                          YEAR:      2017
                                          LATITUDE:   42 43 N
                                          LONGITUDE: 114 27 W

  TEMPERATURE IN F:       :PCPN:    SNOW:  WIND      :SUNSHINE: SKY     :PK WND
================================================================================
1   2   3   4   5  6A  6B    7    8   9   10  11  12  13   14  15   16   17  18
                                     12Z  AVG MX 2MIN
DY MAX MIN AVG DEP HDD CDD  WTR  SNW DPTH SPD SPD DIR MIN PSBL S-S WX    SPD DR
================================================================================

 1  85  57  71   5   0   6 0.00    M    M  6.0 13 230   M    M   0 8      17 240
 2  95  58  77  11   0  12 0.00    M    M  5.8 10  70   M    M   0        12  70
 3  97  59  78  12   0  13 0.00    M    M  5.0 13  30   M    M   0        16  40
 4  95  58  77  12   0  12 0.00    M    M  5.3 12  70   M    M   0 8      16  70
 5  87  60  74   9   0   9 0.00    M    M 11.0 21  70   M    M   7 8      27  70
 6  93  55  74  10   0   9 0.00    M    M  8.8 15  70   M    M   8 8      19  70
 7  91  58  75  11   0  10    T    M    M  6.5 15 200   M    M   9 38     21 200
 8  90  62  76  12   0  11    T    M    M  7.4 15 120   M    M   1        19 150
 9  87  62  75  12   0  10 0.00    M    M  6.1 13 120   M    M   1        16 190
10  85  64  75  12   0  10 0.00    M    M  6.5 13 250   M    M   3        15 220
11  86  55  71   8   0   6 0.00    M    M  4.1  8  80   M    M   0         9 160
12  86  58  72  10   0   7    T    M    M  6.9 16 220   M    M   1        20 230
13  83  59  71   9   0   6 0.00    M    M  7.7 20 190   M    M   1        24 190
14  77  53  65   3   0   0 0.04    M    M  9.1 20 230   M    M   3        27 200
15  62  45  54  -7  11   0 0.01    M    M 15.4 31 250   M    M   6        39 240
16  60  38  49 -12  16   0 0.00    M    M  7.4 14  60   M    M   0        17  60
17  74  44  59  -1   6   0 0.00    M    M  9.2 17  50   M    M   0        22  50
18  69  44  57  -3   8   0 0.03    M    M  6.9 30 260   M    M   4 1      41 260
19  57  40  49 -11  16   0 0.19    M    M 10.2 24 270   M    M   4 13     30 270
20  66  40  53  -6  12   0 0.14    M    M  8.6 24 270   M    M   6 1      31 270
21  47  41  44 -15  21   0 0.21    M    M  5.8 14 230   M    M   9 1      15 230
22  51  36  44 -14  21   0 0.00    M    M  8.2 16 240   M    M   3        21 250
23  56  32  44 -14  21   0    T    M    M  5.2 12 230   M    M   3        14 240
24  59  35  47 -11  18   0 0.00    M    M  7.8 18 250   M    M   1        24 220
================================================================================
SM 1838 1213       150 121  0.62    M    180.9          M       70
================================================================================
AV 76.6 50.5                               7.5 FASTST   M    M   3    MAX(MPH)
                                 MISC ---->  # 31 250               # 41  260
================================================================================
NOTES:
# LAST OF SEVERAL OCCURRENCES

COLUMN 17 PEAK WIND IN M.P.H.

PRELIMINARY LOCAL CLIMATOLOGICAL DATA (WS FORM: F-6) , PAGE 2

                                          STATION:  JEROME ID
                                          MONTH:    SEPTEMBER
                                          YEAR:     2017
                                          LATITUDE:   42 43 N
                                          LONGITUDE: 114 27 W

[TEMPERATURE DATA]      [PRECIPITATION DATA]       SYMBOLS USED IN COLUMN 16

AVERAGE MONTHLY: 63.6   TOTAL FOR MONTH:   0.62    1 = FOG OR MIST
DPTR FM NORMAL:   1.5   DPTR FM NORMAL:    0.32    2 = FOG REDUCING VISIBILITY
HIGHEST:    97 ON  3    GRTST 24HR  0.21 ON 21-21      TO 1/4 MILE OR LESS
LOWEST:     32 ON 23                               3 = THUNDER
                        SNOW, ICE PELLETS, HAIL    4 = ICE PELLETS
                        TOTAL MONTH:    M          5 = HAIL
                        GRTST 24HR    M  ON   M    6 = FREEZING RAIN OR DRIZZLE
                        GRTST DEPTH:  M  ON   M    7 = DUSTSTORM OR SANDSTORM:
                                                       VSBY 1/2 MILE OR LESS
                                                   8 = SMOKE OR HAZE
[NO. OF DAYS WITH]      [WEATHER - DAYS WITH]      9 = BLOWING SNOW
                                                   X = TORNADO
MAX 32 OR BELOW:   0    0.01 INCH OR MORE:   6
MAX 90 OR ABOVE:   6    0.10 INCH OR MORE:   3
MIN 32 OR BELOW:   1    0.50 INCH OR MORE:   0
MIN  0 OR BELOW:   0    1.00 INCH OR MORE:   0

[HDD (BASE 65) ]
TOTAL THIS MO.   150    CLEAR  (SCALE 0-3)  16
DPTR FM NORMAL    35    PTCLDY (SCALE 4-7)   5
TOTAL FM JUL 1   151    CLOUDY (SCALE 8-10)  3
DPTR FM NORMAL     3

[CDD (BASE 65) ]
TOTAL THIS MO.   121
DPTR FM NORMAL    77    [PRESSURE DATA]
TOTAL FM JAN 1   929    HIGHEST SLP M ON M
DPTR FM NORMAL   420    LOWEST  SLP 29.61 ON M

[REMARKS]
