000
CXUS53 KSGF 230800
CF6JLN
PRELIMINARY LOCAL CLIMATOLOGICAL DATA (WS FORM: F-6)

                                          STATION:   JOPLIN MO
                                          MONTH:     SEPTEMBER
                                          YEAR:      2017
                                          LATITUDE:   37 10 N
                                          LONGITUDE:  94 30 W

  TEMPERATURE IN F:       :PCPN:    SNOW:  WIND      :SUNSHINE: SKY     :PK WND
================================================================================
1   2   3   4   5  6A  6B    7    8   9   10  11  12  13   14  15   16   17  18
                                     12Z  AVG MX 2MIN
DY MAX MIN AVG DEP HDD CDD  WTR  SNW DPTH SPD SPD DIR MIN PSBL S-S WX    SPD DR
================================================================================

 1  82  60  71  -6   0   6 0.00    M    M  4.5 13 340   M    M   0 1      16 340
 2  86  63  75  -1   0  10 0.00    M    M  2.9  9 200   M    M   0        25 270
 3  90  66  78   2   0  13 0.00    M    M  6.2 12 260   M    M   2        15 230
 4  92  73  83   7   0  18 0.00    M    M 10.3 20 330   M    M   1        26 320
 5  79  55  67  -8   0   2 0.00    M    M  8.5 20 340   M    M   3        26 330
 6  75  48  62 -13   3   0 0.00    M    M  4.9 18 340   M    M   1        26  10
 7  82  50  66  -8   0   1 0.00    M    M  3.8 15 250   M    M   0        20 250
 8  86  59  73  -1   0   8 0.00    M    M  4.9 12 220   M    M   0 8      15 210
 9   M  57   M   M   M   M 0.00    M    M  3.1  7 120   M    M   0         M  M
10   M   M   M   M   M   M 0.00    M    M  5.2 12 100   M    M   0         M  M
11  80   M   M   M   M   M 0.00    M    M  4.7 15  30   M    M   0        20  20
12  76  52  64  -8   1   0 0.00    M    M  4.8 17 360   M    M   0        22 350
13  84  50  67  -5   0   2 0.00    M    M  3.2 12 290   M    M   0 1      16 300
14  87  57  72   0   0   7 0.00    M    M  6.7 14 210   M    M   0        21 180
15  90  66  78   7   0  13 0.00    M    M 10.7 18 200   M    M   0        26 160
16  91  67  79   8   0  14 0.05    M    M 10.2 32 290   M    M   2 3      41 290
17  74  64  69  -1   0   4 1.03    M    M  8.4 18  30   M    M   3 13     27 210
18  82  63  73   3   0   8    T    M    0  5.8 17 210   M    M   3 1      22 210
19  89  65  77   8   0  12 0.00    M    0 10.1 20 170   M    M   1 1      30 180
20  92  74  83  14   0  18 0.00    M    0 14.4 22 180   M    M   0        29 190
21  90  74  82  14   0  17 0.00  0.0    0 10.8 20 190   M    M   1        25 160
22  89  71  80  12   0  15 0.00    M    0  8.9 20 190   M    M   1        25 200
================================================================================
SM 1696 1234         4 168  1.08     0.0 153.0          M       18
================================================================================
AV 84.8 61.7                               7.0 FASTST   M    M   1    MAX(MPH)
                                 MISC ---->  # 32 290               # 41  290
================================================================================
NOTES:
# LAST OF SEVERAL OCCURRENCES

COLUMN 17 PEAK WIND IN M.P.H.

PRELIMINARY LOCAL CLIMATOLOGICAL DATA (WS FORM: F-6) , PAGE 2

                                          STATION:  JOPLIN MO
                                          MONTH:    SEPTEMBER
                                          YEAR:     2017
                                          LATITUDE:   37 10 N
                                          LONGITUDE:  94 30 W

[TEMPERATURE DATA]      [PRECIPITATION DATA]       SYMBOLS USED IN COLUMN 16

AVERAGE MONTHLY: 73.3   TOTAL FOR MONTH:   1.08    1 = FOG OR MIST
DPTR FM NORMAL:   0.8   DPTR FM NORMAL:   -2.59    2 = FOG REDUCING VISIBILITY
HIGHEST:    92 ON 20, 4 GRTST 24HR  1.03 ON 17-17      TO 1/4 MILE OR LESS
LOWEST:     48 ON  6                               3 = THUNDER
                        SNOW, ICE PELLETS, HAIL    4 = ICE PELLETS
                        TOTAL MONTH:   0.0 INCH    5 = HAIL
                        GRTST 24HR     0.0         6 = FREEZING RAIN OR DRIZZLE
                        GRTST DEPTH:   0           7 = DUSTSTORM OR SANDSTORM:
                                                       VSBY 1/2 MILE OR LESS
                                                   8 = SMOKE OR HAZE
[NO. OF DAYS WITH]      [WEATHER - DAYS WITH]      9 = BLOWING SNOW
                                                   X = TORNADO
MAX 32 OR BELOW:   0    0.01 INCH OR MORE:   2
MAX 90 OR ABOVE:   6    0.10 INCH OR MORE:   1
MIN 32 OR BELOW:   0    0.50 INCH OR MORE:   1
MIN  0 OR BELOW:   0    1.00 INCH OR MORE:   1

[HDD (BASE 65) ]
TOTAL THIS MO.     4    CLEAR  (SCALE 0-3)  22
DPTR FM NORMAL   -11    PTCLDY (SCALE 4-7)   0
TOTAL FM JUL 1     4    CLOUDY (SCALE 8-10)  0
DPTR FM NORMAL   -12

[CDD (BASE 65) ]
TOTAL THIS MO.   168
DPTR FM NORMAL   -13    [PRESSURE DATA]
TOTAL FM JAN 1  1600    HIGHEST SLP M ON M
DPTR FM NORMAL    -8    LOWEST  SLP 29.75 ON 13

[REMARKS]
