000
CXUS53 KBIS 220728
CF6JMS
PRELIMINARY LOCAL CLIMATOLOGICAL DATA (WS FORM: F-6)

                                          STATION:   JAMESTOWN ND
                                          MONTH:     MAY
                                          YEAR:      2017
                                          LATITUDE:   46 55 N
                                          LONGITUDE:  98 40 W

  TEMPERATURE IN F:       :PCPN:    SNOW:  WIND      :SUNSHINE: SKY     :PK WND
================================================================================
1   2   3   4   5  6A  6B    7    8   9   10  11  12  13   14  15   16   17  18
                                     12Z  AVG MX 2MIN
DY MAX MIN AVG DEP HDD CDD  WTR  SNW DPTH SPD SPD DIR MIN PSBL S-S WX    SPD DR
================================================================================

 1  62  32  47  -3  18   0 0.00    M    M  8.0 18 360   M    M   0        22 360
 2  66  35  51   1  14   0    T    M    M  6.9 26 250   M    M   4        32 240
 3  64  39  52   1  13   0 0.02    M    M 11.1 29 340   M    M   2 3      33 330
 4  72  39  56   5   9   0 0.00    M    M  8.0 21 300   M    M   0        26 300
 5  79  47  63  12   2   0 0.00    M    M 10.9 21 350   M    M   1        29  50
 6  76  41  59   7   6   0 0.00    M    M  9.2 17 100   M    M   0        22 100
 7  79  46  63  11   2   0 0.00    M    M 19.1 29 130   M    M   0        39 120
 8  65  45  55   3  10   0 0.24    M    M 11.8 25 130   M    M   1 138    35 130
 9  68  41  55   2  10   0    T    M    M 10.6 20 270   M    M   2        25 270
10  63  41  52  -1  13   0 0.00    M    M 10.5 23 340   M    M   1        29 330
11  73  34  54   0  11   0 0.00    M    M  4.5 17 240   M    M   2 18     20 250
12  72  45  59   5   6   0 0.00    M    M  7.9 20  60   M    M   1        24  60
13  84  44  64  10   1   0 0.00    M    M 11.9 23 170   M    M   0        30 170
14  77  50  64   9   1   0 0.10    M    M  9.7 21 290   M    M   2 3      27 290
15  77  50  64   9   1   0 0.00    M    M  9.1 16 130   M    M   3        26 110
16  63  48  56   1   9   0 0.03    M    M  9.0 22 320   M    M   7 13     27 320
17  54  44  49  -7  16   0 0.00    M    M 21.7 33  20   M    M   5        40  20
18  60  38  49  -7  16   0 0.00    M    M 17.2 26  10   M    M   0        36 360
19  61  36  49  -7  16   0 0.00    M    M  9.2 17  70   M    M   0 8      24  80
20  54  39  47 -10  18   0 0.12    M    M 11.3 24  80   M    M   9        33  90
21  58  39  49  -8  16   0 0.15    M    M 12.4 26 340   M    M   6        32 330
================================================================================
SM 1427  873       208   0  0.66    M    230.0          M       46
================================================================================
AV 68.0 41.6                              11.0 FASTST   M    M   2    MAX(MPH)
                                 MISC ---->  # 33  20               # 40   20
================================================================================
NOTES:
# LAST OF SEVERAL OCCURRENCES

COLUMN 17 PEAK WIND IN M.P.H.

PRELIMINARY LOCAL CLIMATOLOGICAL DATA (WS FORM: F-6) , PAGE 2

                                          STATION:  JAMESTOWN ND
                                          MONTH:    MAY
                                          YEAR:     2017
                                          LATITUDE:   46 55 N
                                          LONGITUDE:  98 40 W

[TEMPERATURE DATA]      [PRECIPITATION DATA]       SYMBOLS USED IN COLUMN 16

AVERAGE MONTHLY: 54.8   TOTAL FOR MONTH:   0.66    1 = FOG OR MIST
DPTR FM NORMAL:   1.2   DPTR FM NORMAL:   -1.08    2 = FOG REDUCING VISIBILITY
HIGHEST:    84 ON 13    GRTST 24HR  0.24 ON  8- 8      TO 1/4 MILE OR LESS
LOWEST:     32 ON  1                               3 = THUNDER
                        SNOW, ICE PELLETS, HAIL    4 = ICE PELLETS
                        TOTAL MONTH:    M          5 = HAIL
                        GRTST 24HR    M  ON   M    6 = FREEZING RAIN OR DRIZZLE
                        GRTST DEPTH:  M  ON   M    7 = DUSTSTORM OR SANDSTORM:
                                                       VSBY 1/2 MILE OR LESS
                                                   8 = SMOKE OR HAZE
[NO. OF DAYS WITH]      [WEATHER - DAYS WITH]      9 = BLOWING SNOW
                                                   X = TORNADO
MAX 32 OR BELOW:   0    0.01 INCH OR MORE:   6
MAX 90 OR ABOVE:   0    0.10 INCH OR MORE:   4
MIN 32 OR BELOW:   1    0.50 INCH OR MORE:   0
MIN  0 OR BELOW:   0    1.00 INCH OR MORE:   0

[HDD (BASE 65) ]
TOTAL THIS MO.   208    CLEAR  (SCALE 0-3)  16
DPTR FM NORMAL   -44    PTCLDY (SCALE 4-7)   4
TOTAL FM JUL 1  8022    CLOUDY (SCALE 8-10)  1
DPTR FM NORMAL  -824

[CDD (BASE 65) ]
TOTAL THIS MO.     0
DPTR FM NORMAL   -10    [PRESSURE DATA]
TOTAL FM JAN 1     0    HIGHEST SLP M ON M
DPTR FM NORMAL   -12    LOWEST  SLP 29.50 ON 13

[REMARKS]
