062
CXUS52 TJSJ 290440
CF6JSJ
PRELIMINARY LOCAL CLIMATOLOGICAL DATA (WS FORM: F-6)

                                          STATION:   SAN JUAN AREA/PR
                                          MONTH:     APRIL
                                          YEAR:      2016
                                          LATITUDE:   18 25 N
                                          LONGITUDE:  66  0 W

  TEMPERATURE IN F:       :PCPN:    SNOW:  WIND      :SUNSHINE: SKY     :PK WND
================================================================================
1   2   3   4   5  6A  6B    7    8   9   10  11  12  13   14  15   16   17  18
                                     12Z  AVG MX 2MIN
DY MAX MIN AVG DEP HDD CDD  WTR  SNW DPTH SPD SPD DIR MIN PSBL S-S WX    SPD DR
================================================================================

 1  84  72  78  -2   0  13 0.10  0.0    0  7.7 18  80   M    M   6 1      23 130
 2  87  74  81   1   0  16 0.00  0.0    0  9.9 23  70   M    M   4        31  40
 3  87  75  81   1   0  16 0.00  0.0    0  8.8 21  70   M    M   3        24  70
 4  87  75  81   1   0  16    T  0.0    0  7.5 21  90   M    M   4        25  90
 5  88  74  81   1   0  16    T  0.0    0  4.8 15  60   M    M   5        18  80
 6  86  74  80   0   0  15 0.19  0.0    0  6.3 17  80   M    M   3 18     23  40
 7  88  74  81   1   0  16 0.49  0.0    0  5.6 20  70   M    M   4 1      23  80
 8  88  74  81   1   0  16    T  0.0    0  7.8 21  90   M    M   3        24  70
 9  87  74  81   1   0  16 0.00  0.0    0 10.3 23  70   M    M   3        28  60
10  86  75  81   1   0  16 0.09  0.0    0 10.0 23  70   M    M   3 1      28  70
11  85  75  80   0   0  15 0.14  0.0    0  6.5 18  70   M    M   4 1      24  80
12  85  75  80   0   0  15 0.31  0.0    0  3.0 15  30   M    M   6 18     18 260
13  84  73  79  -1   0  14    T  0.0    0  5.4 13 340   M    M   5        20 350
14  84  76  80   0   0  15 0.00  0.0    0  5.6 14 330   M    M   4        23 360
15  85  76  81   1   0  16 0.00  0.0    0  5.3 14  30   M    M   3        20  20
16  85  75  80   0   0  15 0.00  0.0    0  5.9 16  60   M    M   5        22  30
17  87  76  82   2   0  17 0.00  0.0    0  6.0 15  50   M    M   4        20  70
18  85  74  80   0   0  15 0.59  0.0    0  3.6 13 350   M    M   6 18     16  20
19  82  74  78  -2   0  13 0.08  0.0    0  5.7 16  40   M    M   8 8      22  30
20  82  75  79  -1   0  14 0.00  0.0    0  8.8 15  60   M    M   6        22  60
21  85  75  80  -1   0  15 0.00  0.0    0 12.5 18  80   M    M   6        23  50
22  82  76  79  -2   0  14 1.12  0.0    0 10.5 17  80   M    M   8 1      24  80
23  84  75  80  -1   0  15 5.82  0.0    0  7.6 22  90   M    M   8 13     25  90
24  92  76  84   3   0  19    T  0.0    0  4.2 15 170   M    M   4        22 350
25  85  75  80  -1   0  15 0.49  0.0    0  4.3 14 200   M    M   6 1      21  30
26  83  75  79  -2   0  14 0.37  0.0    0  3.1 15 120   M    M   8 1      20 120
27  88  75  82   1   0  17 0.12  0.0    0  6.2 20  90   M    M   7 13     25  90
28  91  77  84   3   0  19 0.00  0.0    0  5.0 16  90   M    M   6        22 150
================================================================================
SM 2402 2094         0 433  9.91     0.0 187.9          M      142
================================================================================
AV 85.8 74.8                               6.7 FASTST   M    M   5    MAX(MPH)
                                 MISC ---->  # 23  70               # 31   40
================================================================================
NOTES:
# LAST OF SEVERAL OCCURRENCES

COLUMN 17 PEAK WIND IN M.P.H.

PRELIMINARY LOCAL CLIMATOLOGICAL DATA (WS FORM: F-6) , PAGE 2

                                          STATION:  SAN JUAN AREA/PR
                                          MONTH:    APRIL
                                          YEAR:     2016
                                          LATITUDE:   18 25 N
                                          LONGITUDE:  66  0 W

[TEMPERATURE DATA]      [PRECIPITATION DATA]       SYMBOLS USED IN COLUMN 16

AVERAGE MONTHLY: 80.3   TOTAL FOR MONTH:   9.91    1 = FOG OR MIST
DPTR FM NORMAL:   0.0   DPTR FM NORMAL:    5.64    2 = FOG REDUCING VISIBILITY
HIGHEST:    92 ON 24    GRTST 24HR  6.94 ON 22-23      TO 1/4 MILE OR LESS
LOWEST:     72 ON  1                               3 = THUNDER
                        SNOW, ICE PELLETS, HAIL    4 = ICE PELLETS
                        TOTAL MONTH:   0.0 INCH    5 = HAIL
                        GRTST 24HR     0.0         6 = FREEZING RAIN OR DRIZZLE
                        GRTST DEPTH:   0           7 = DUSTSTORM OR SANDSTORM:
                                                       VSBY 1/2 MILE OR LESS
                                                   8 = SMOKE OR HAZE
[NO. OF DAYS WITH]      [WEATHER - DAYS WITH]      9 = BLOWING SNOW
                                                   X = TORNADO
MAX 32 OR BELOW:   0    0.01 INCH OR MORE:  13
MAX 90 OR ABOVE:   2    0.10 INCH OR MORE:  11
MIN 32 OR BELOW:   0    0.50 INCH OR MORE:   3
MIN  0 OR BELOW:   0    1.00 INCH OR MORE:   2

[HDD (BASE 65) ]
TOTAL THIS MO.     0    CLEAR  (SCALE 0-3)   3
DPTR FM NORMAL     0    PTCLDY (SCALE 4-7)  24
TOTAL FM JUL 1     0    CLOUDY (SCALE 8-10)  1
DPTR FM NORMAL     0

[CDD (BASE 65) ]
TOTAL THIS MO.   433
DPTR FM NORMAL     4    [PRESSURE DATA]
TOTAL FM JAN 1  1717    HIGHEST SLP M ON M
DPTR FM NORMAL   106    LOWEST  SLP 29.81 ON 26

[REMARKS]
